{"id":13653,"date":"2015-02-24T20:18:09","date_gmt":"2015-02-24T20:18:09","guid":{"rendered":"http:\/\/congresocoahuila.gob.mx\/portal\/?page_id=13653"},"modified":"2022-08-16T09:49:15","modified_gmt":"2022-08-16T14:49:15","slug":"articulo-26-v-lista-asistencia","status":"publish","type":"page","link":"https:\/\/www.congresocoahuila.gob.mx\/portal\/articulo-26-v-lista-asistencia\/","title":{"rendered":"ART\u00cdCULO 26.V."},"content":{"rendered":"<p><strong>Fecha de actualizaci\u00f3n:<\/strong> 01 de Julio de 2022<br \/><strong>Responsable de la Informaci\u00f3n:<\/strong> Lic. Gerardo Blanco Guerra,<br \/>Oficial Mayor del H. Congreso del Estado de Coahuila.<\/p>\r\n<p><strong><span style=\"color: #000000;\">LISTA DE ASISTENCIA<\/span> <\/strong><\/p>\r\n<p><strong>SEXAG\u00c9SIMA LEGISLATURA 2015-2017<\/strong><strong><br \/>PRIMER\u00a0A\u00d1O DE EJERCICIO CONSTITUCIONAL 2015<\/strong><br \/><a title=\"Periodo de Instalaci\u00f3n de la LX Legislatura 2015\" href=\"http:\/\/congresocoahuila.gob.mx\/portal\/?page_id=14534\">Per\u00edodo de Instalaci\u00f3n de la LX Legislatura 2015<\/a><br \/><a title=\"Primer Periodo de la Diputaci\u00f3n Permanente de la LX Legislatura 2015\" href=\"http:\/\/congresocoahuila.gob.mx\/portal\/?page_id=14531\">Primer Per\u00edodo de la Diputaci\u00f3n Permanente de la LX Legislatura 2015<\/a><br \/><a title=\"Primer Periodo Extraordinario de la LX Legislatura 2015\" href=\"http:\/\/congresocoahuila.gob.mx\/portal\/?page_id=14554\">Primer Per\u00edodo Extraordinario de la LX Legislatura 2015<\/a><br \/><a title=\"Primer Periodo Ordinario de la LX Legislatura 2015\" href=\"http:\/\/congresocoahuila.gob.mx\/portal\/?page_id=14506\">Primer Per\u00edodo Ordinario de la LX Legislatura 2015<\/a><br \/><a title=\"ART\u00cdCULO 26.V. SEGUNDO PERIODO DE LA DIPUTACI\u00d3N PERMANENTE DE LA LX LEGISLATURA 2015\" href=\"http:\/\/congresocoahuila.gob.mx\/portal\/?page_id=15634\">Segundo Per\u00edodo de la Diputaci\u00f3n Permanente de la LX Legislatura 2015<\/a><br \/><a title=\"Segundo Periodo Extraordinario de la LX Legislatura 2015\" href=\"http:\/\/congresocoahuila.gob.mx\/portal\/?page_id=16296\">Segundo Per\u00edodo Extraordinario de la LX Legislatura 2015<\/a><br \/><a href=\"http:\/\/congresocoahuila.gob.mx\/portal\/?page_id=16841\">Segundo Per\u00edodo Ordinario de la LX Legislatura 2015<\/a><\/p>\r\n<p><strong>SEXAG\u00c9SIMA LEGISLATURA 2015-2017<\/strong><br \/><strong>SEGUNDO A\u00d1O DE EJERCICIO CONSTITUCIONAL 2016<\/strong><br \/><a href=\"http:\/\/congresocoahuila.gob.mx\/portal\/?page_id=18887\">Primer Per\u00edodo de la Diputaci\u00f3n Permanente de la LX Legislatura 2016<\/a><br \/><a href=\"http:\/\/congresocoahuila.gob.mx\/portal\/?page_id=18897\">Primer Per\u00edodo Extraordinario de la LX Legislatura 2016<\/a><br \/><a href=\"http:\/\/congresocoahuila.gob.mx\/portal\/?page_id=20397\">Primer Per\u00edodo Ordinario de la LX Legislatura 2016<\/a><br \/><a href=\"http:\/\/congresocoahuila.gob.mx\/portal\/?page_id=21359\">Segundo Per\u00edodo de la Diputaci\u00f3n Permanente de la LX Legislatura 2016<\/a><br \/><a href=\"http:\/\/congresocoahuila.gob.mx\/portal\/?page_id=21517\">Segundo\u00a0Per\u00edodo Extraordinario de la LX Legislatura 2016<\/a><br \/><a href=\"http:\/\/congresocoahuila.gob.mx\/portal\/?page_id=22263\">Segundo\u00a0Per\u00edodo Ordinario de la LX Legislatura 2016<\/a><\/p>\r\n<p><strong>SEXAG\u00c9SIMA LEGISLATURA 2015-2017<\/strong><strong><br \/>TERCER A\u00d1O DE EJERCICIO CONSTITUCIONAL 2017<\/strong><a><br \/><\/a><a href=\"http:\/\/congresocoahuila.gob.mx\/portal\/?page_id=24793\">Primer Per\u00edodo de la Diputaci\u00f3n Permanente de la LX Legislatura 2017<\/a><br \/><a href=\"http:\/\/congresocoahuila.gob.mx\/portal\/?page_id=24803\">Primer Per\u00edodo Extraordinario de la LX Legislatura 2017<\/a><br \/><a href=\"http:\/\/congresocoahuila.gob.mx\/portal\/?page_id=25212\">Primer Per\u00edodo Ordinario de la LX Legislatura 2017<\/a><br \/><a href=\"http:\/\/congresocoahuila.gob.mx\/portal\/?page_id=26498\">Segundo Per\u00edodo de la Diputaci\u00f3n Permanente de la LX Legislatura 2017<\/a><br \/><a href=\"http:\/\/congresocoahuila.gob.mx\/portal\/?page_id=26710\">Segundo Per\u00edodo Extraordinario de la LX Legislatura 2017<\/a><br \/><a href=\"http:\/\/congresocoahuila.gob.mx\/portal\/?page_id=27480\">Segundo Per\u00edodo Ordinario de la LX Legislatura 2017<\/a><\/p>\r\n<p><strong>SEXAG\u00c9SIMA PRIMERA LEGISLATURA 2018-2020<\/strong><strong><br \/>PRIMER A\u00d1O DE EJERCICIO CONSTITUCIONAL 2018<\/strong><br \/><a href=\"http:\/\/congresocoahuila.gob.mx\/portal\/periodo-de-instalacion-de-la-lxi-legislatura-2018\">Per\u00edodo de Instalaci\u00f3n de la LXI Legislatura 2018<\/a><br \/><a href=\"http:\/\/congresocoahuila.gob.mx\/portal\/primer-periodo-de-la-diputacion-permanente-de-la-lxi-legislatura-2018\">Primer Per\u00edodo de la Diputaci\u00f3n Permanente de la LXI Legislatura 2018<\/a><br \/><a href=\"http:\/\/congresocoahuila.gob.mx\/portal\/primer-periodo-extraordinario-de-la-lxi-legislatura-2018\">Primer Per\u00edodo Extraordinario de la LXI Legislatura 2018<\/a><br \/><a href=\"http:\/\/congresocoahuila.gob.mx\/portal\/primer-periodo-ordinario-de-la-lxi-legislatura-2018\">Primer Per\u00edodo Ordinario\u00a0de la LXI Legislatura 2018<\/a><br \/><a href=\"http:\/\/congresocoahuila.gob.mx\/portal\/26-v-segundo-periodo-de-la-diputacion-permanente-de-la-lxi-legislatura-2018\">Segundo\u00a0Per\u00edodo de la Diputaci\u00f3n Permanente de la LXI Legislatura 2018<\/a><br \/><a href=\"http:\/\/congresocoahuila.gob.mx\/portal\/21-5-segundo-periodo-extraordinario-de-la-lxi-legislatura-2018\">Segundo\u00a0Per\u00edodo Extraordinario de la LXI Legislatura 2018<\/a><br \/><a href=\"http:\/\/congresocoahuila.gob.mx\/portal\/segundo-periodo-ordinario-2018-2\">Segundo Per\u00edodo Ordinario de la LXI Legislatura 2018<\/a><\/p>\r\n<p><strong>SEXAG\u00c9SIMA PRIMERA LEGISLATURA 2018-2020<\/strong><strong><br \/>SEGUNDO A\u00d1O DE EJERCICIO CONSTITUCIONAL 2019<\/strong><br \/><a href=\"http:\/\/congresocoahuila.gob.mx\/portal\/primer-periodo-de-la-diputacion-permanente-de-la-lxi-legislatura-2019\">Primer Per\u00edodo de la Diputaci\u00f3n Permanente de la LXI Legislatura 2019<\/a><br \/><a href=\"http:\/\/congresocoahuila.gob.mx\/portal\/primer-periodo-extraordinario-de-la-lxi-legislatura-2019\">Primer Per\u00edodo Extraordinario de la LXI Legislatura 2019<\/a><br \/><a href=\"http:\/\/congresocoahuila.gob.mx\/portal\/primer-periodo-ordinario-de-la-lxi-legislatura-2019\">Primer Per\u00edodo Ordinario\u00a0de la LXI Legislatura 2019<\/a><br \/><a href=\"http:\/\/congresocoahuila.gob.mx\/portal\/segundo-periodo-de-la-diputacion-permanente-de-la-lxi-legislatura-2019\">Segundo Per\u00edodo de la Diputaci\u00f3n Permanente de la LXI Legislatura 2019<\/a><br \/><a href=\"http:\/\/congresocoahuila.gob.mx\/portal\/segundo-periodo-extraordinario-de-la-lxi-legislatura-2019\">Segundo Per\u00edodo Extraordinario de la LXI Legislatura 2019<\/a><br \/><a href=\"http:\/\/congresocoahuila.gob.mx\/portal\/segundo-periodo-ordinario-de-la-lxi-legislatura-2019\">Segundo Per\u00edodo Ordinario de la LXI Legislatura 2019<\/a><\/p>\r\n<p><strong>SEXAG\u00c9SIMA PRIMERA LEGISLATURA 2018-2020<\/strong><strong><br \/>TERCER A\u00d1O DE EJERCICIO CONSTITUCIONAL 2020<\/strong><br \/><a href=\"http:\/\/congresocoahuila.gob.mx\/portal\/primer-periodo-de-la-diputacion-permanente-de-la-lxi-legislatura-2020\">Primer Per\u00edodo de la Diputaci\u00f3n Permanente de la LXI Legislatura 2020<\/a><br \/><a href=\"http:\/\/congresocoahuila.gob.mx\/portal\/primer-periodo-extraordinario-de-la-lxi-legislatura-2020\">Primer Per\u00edodo Extraordinario de la LXI Legislatura 2020<\/a><br \/><a href=\"http:\/\/congresocoahuila.gob.mx\/portal\/primer-periodo-ordinario-de-la-lxi-legislatura-2020\">Primer Per\u00edodo Ordinario de la LXI Legislatura 2020<\/a><br \/><a href=\"http:\/\/congresocoahuila.gob.mx\/portal\/segundo-periodo-de-la-diputacion-permanente-de-la-lxi-legislatura-2020\">Segundo Per\u00edodo de la Diputaci\u00f3n Permanente de la LXI Legislatura 2020<\/a><br \/><a href=\"http:\/\/congresocoahuila.gob.mx\/portal\/segundo-periodo-extraordinario-de-la-lxi-legislatura-2020\">Segundo Per\u00edodo Extraordinario de la LXI Legislatura 2020<\/a><br \/><a href=\"http:\/\/congresocoahuila.gob.mx\/portal\/tercer-periodo-extraordinario-de-la-lxi-legislatura-2020\">Tercer Per\u00edodo Extraordinario de la LXI Legislatura 2020<\/a><br \/><a href=\"http:\/\/congresocoahuila.gob.mx\/portal\/segundo-periodo-ordinario-de-la-lxi-legislatura-2020\">Segundo Per\u00edodo Ordinario de la LXI Legislatura 2020<\/a><\/p>\r\n<p><strong>SEXAG\u00c9SIMA SEGUNDA LEGISLATURA 2021-2023<\/strong><strong><br \/>PRIMER A\u00d1O DE EJERCICIO CONSTITUCIONAL 2021<\/strong><br \/><a href=\"http:\/\/congresocoahuila.gob.mx\/portal\/periodo-de-instalacion-de-la-lxii-legislatura-2021\">Per\u00edodo de Instalaci\u00f3n de la LXII Legislatura 2021<\/a><br \/><a href=\"http:\/\/congresocoahuila.gob.mx\/portal\/primer-periodo-de-la-diputacion-permanente-de-la-lxii-legislatura-2021\">Primer Per\u00edodo de la Diputaci\u00f3n Permanente de la LXII Legislatura 2021<\/a><br \/><a href=\"http:\/\/congresocoahuila.gob.mx\/portal\/primer-periodo-ordinario-de-la-lxii-legislatura-2021\">Primer Per\u00edodo Ordinario de la LXII Legislatura 2021<\/a><br \/><a href=\"https:\/\/www.congresocoahuila.gob.mx\/portal\/segundo-periodo-de-la-diputacion-permanente-de-la-lxii-legislatura-2021\/\">Segundo Per\u00edodo de la Diputaci\u00f3n Permanente de la LXII Legislatura 2021<\/a><br \/><a href=\"https:\/\/www.congresocoahuila.gob.mx\/portal\/segundo-periodo-ordinario-de-la-lxii-legislatura-2021\/\">Segundo Per\u00edodo Ordinario de la LXII Legislatura 2021<\/a><\/p>\r\n<p><strong>SEGUNDO A\u00d1O DE EJERCICIO CONSTITUCIONAL 2022<\/strong><br \/><a href=\"https:\/\/www.congresocoahuila.gob.mx\/portal\/primer-periodo-de-la-diputacion-permanente-de-la-lxii-legislatura-2022\/\">Primer Per\u00edodo de la Diputaci\u00f3n Permanente de la LXII Legislatura 2022<\/a><br \/><a href=\"https:\/\/www.congresocoahuila.gob.mx\/portal\/primer-periodo-extraordinario-de-la-lxii-legislatura-2022\/\">Primer Per\u00edodo Extraordinario de la LXII Legislatura 2022<\/a><br \/><a href=\"https:\/\/www.congresocoahuila.gob.mx\/portal\/primer-periodo-ordinario-de-la-lxii-legislatura-2022\/\">Primer Per\u00edodo Ordinario de la LXII Legislatura 2022<\/a><br \/><a href=\"https:\/\/www.congresocoahuila.gob.mx\/portal\/segundo-periodo-de-la-diputacion-permanente-de-la-lxii-legislatura-2022\/\">Segundo Per\u00edodo de la Diputaci\u00f3n Permanente de la LXII Legislatura 2022<\/a><br \/><a href=\"https:\/\/www.congresocoahuila.gob.mx\/portal\/segundo-periodo-extraordinario-de-la-lxii-legislatura-2022\/\">Segundo Per\u00edodo Extraordinario de la LXII Legislatura 2022<\/a><\/p>\r\n<p><a href=\"http:\/\/congresocoahuila.gob.mx\/portal\/votaciones-lxii\"><strong>VOTACI\u00d3N DE DICT\u00c1MENES<\/strong><\/a><\/p>\r\n\r\n<p>&nbsp;<\/p>\r\n","protected":false},"excerpt":{"rendered":"<p>Fecha de actualizaci\u00f3n: 01 de Julio de 2022Responsable de la Informaci\u00f3n: Lic. Gerardo Blanco Guerra,Oficial Mayor del H. Congreso del Estado de Coahuila. LISTA DE ASISTENCIA SEXAG\u00c9SIMA LEGISLATURA 2015-2017PRIMER\u00a0A\u00d1O DE EJERCICIO CONSTITUCIONAL 2015Per\u00edodo de Instalaci\u00f3n de la LX Legislatura 2015Primer Per\u00edodo de la Diputaci\u00f3n Permanente de la LX Legislatura 2015Primer Per\u00edodo Extraordinario de la LX [&hellip;]<\/p>\n","protected":false},"author":2,"featured_media":0,"parent":0,"menu_order":0,"comment_status":"closed","ping_status":"closed","template":"","meta":{"footnotes":""},"categories":[],"tags":[],"class_list":["post-13653","page","type-page","status-publish","hentry"],"_links":{"self":[{"href":"https:\/\/www.congresocoahuila.gob.mx\/portal\/wp-json\/wp\/v2\/pages\/13653","targetHints":{"allow":["GET"]}}],"collection":[{"href":"https:\/\/www.congresocoahuila.gob.mx\/portal\/wp-json\/wp\/v2\/pages"}],"about":[{"href":"https:\/\/www.congresocoahuila.gob.mx\/portal\/wp-json\/wp\/v2\/types\/page"}],"author":[{"embeddable":true,"href":"https:\/\/www.congresocoahuila.gob.mx\/portal\/wp-json\/wp\/v2\/users\/2"}],"replies":[{"embeddable":true,"href":"https:\/\/www.congresocoahuila.gob.mx\/portal\/wp-json\/wp\/v2\/comments?post=13653"}],"version-history":[{"count":148,"href":"https:\/\/www.congresocoahuila.gob.mx\/portal\/wp-json\/wp\/v2\/pages\/13653\/revisions"}],"predecessor-version":[{"id":43930,"href":"https:\/\/www.congresocoahuila.gob.mx\/portal\/wp-json\/wp\/v2\/pages\/13653\/revisions\/43930"}],"wp:attachment":[{"href":"https:\/\/www.congresocoahuila.gob.mx\/portal\/wp-json\/wp\/v2\/media?parent=13653"}],"wp:term":[{"taxonomy":"category","embeddable":true,"href":"https:\/\/www.congresocoahuila.gob.mx\/portal\/wp-json\/wp\/v2\/categories?post=13653"},{"taxonomy":"post_tag","embeddable":true,"href":"https:\/\/www.congresocoahuila.gob.mx\/portal\/wp-json\/wp\/v2\/tags?post=13653"}],"curies":[{"name":"wp","href":"https:\/\/api.w.org\/{rel}","templated":true}]}}