{"id":1443,"date":"2014-11-21T16:34:06","date_gmt":"2014-11-21T22:34:06","guid":{"rendered":"http:\/\/www.congresocoahuila.gob.mx\/portal\/?page_id=1443"},"modified":"2022-07-04T22:15:50","modified_gmt":"2022-07-05T03:15:50","slug":"articulo-21-x-2","status":"publish","type":"page","link":"https:\/\/www.congresocoahuila.gob.mx\/portal\/articulo-21-x-2\/","title":{"rendered":"ART\u00cdCULO 21-X"},"content":{"rendered":"<p><strong>NOTA:\u00a0<\/strong>El personal sindicalizado que labora en este Congreso del Estado, Conforme al Estatuto Jur\u00eddico para los Trabajadores al Servicio del Estado de Coahuila, se encuentran agremiados en el Sindicato de Trabajadores al servicio del Gobierno del Estado de Coahuila, por lo que la informaci\u00f3n relativa a recursos econ\u00f3micos o en especie y cuotas sindicales, es informaci\u00f3n que conserva el Ejecutivo del Estado, en t\u00e9rminos de dicho Estatuto.<\/p>\n<p>Por lo que respecta a los instrumentos legales que regulan las relaciones laborales, <a title=\"ART\u00cdCULO 21-X\" href=\"http:\/\/www.congresocoahuila.gob.mx\/portal?page_id=1441\">se pueden consultar aqu\u00ed.<\/a><\/p>\n<div>\n<p><strong>Fecha de Actualizaci\u00f3n:<\/strong> 1 de julio de 2022<\/p>\n<div><strong>Responsable de la Informaci\u00f3n:<\/strong> C.P. Rogelio Torres Mendoza;<\/div>\n<p>Director de Administraci\u00f3n y Recursos Humanos del H. Congreso del Estado de Coahuila<\/p>\n<\/div>\n","protected":false},"excerpt":{"rendered":"<p>NOTA:\u00a0El personal sindicalizado que labora en este Congreso del Estado, Conforme al Estatuto Jur\u00eddico para los Trabajadores al Servicio del Estado de Coahuila, se encuentran agremiados en el Sindicato de Trabajadores al servicio del Gobierno del Estado de Coahuila, por lo que la informaci\u00f3n relativa a recursos econ\u00f3micos o en especie y cuotas sindicales, es [&hellip;]<\/p>\n","protected":false},"author":3,"featured_media":0,"parent":0,"menu_order":0,"comment_status":"closed","ping_status":"closed","template":"","meta":{"footnotes":""},"categories":[],"tags":[],"class_list":["post-1443","page","type-page","status-publish","hentry"],"_links":{"self":[{"href":"https:\/\/www.congresocoahuila.gob.mx\/portal\/wp-json\/wp\/v2\/pages\/1443","targetHints":{"allow":["GET"]}}],"collection":[{"href":"https:\/\/www.congresocoahuila.gob.mx\/portal\/wp-json\/wp\/v2\/pages"}],"about":[{"href":"https:\/\/www.congresocoahuila.gob.mx\/portal\/wp-json\/wp\/v2\/types\/page"}],"author":[{"embeddable":true,"href":"https:\/\/www.congresocoahuila.gob.mx\/portal\/wp-json\/wp\/v2\/users\/3"}],"replies":[{"embeddable":true,"href":"https:\/\/www.congresocoahuila.gob.mx\/portal\/wp-json\/wp\/v2\/comments?post=1443"}],"version-history":[{"count":56,"href":"https:\/\/www.congresocoahuila.gob.mx\/portal\/wp-json\/wp\/v2\/pages\/1443\/revisions"}],"predecessor-version":[{"id":43798,"href":"https:\/\/www.congresocoahuila.gob.mx\/portal\/wp-json\/wp\/v2\/pages\/1443\/revisions\/43798"}],"wp:attachment":[{"href":"https:\/\/www.congresocoahuila.gob.mx\/portal\/wp-json\/wp\/v2\/media?parent=1443"}],"wp:term":[{"taxonomy":"category","embeddable":true,"href":"https:\/\/www.congresocoahuila.gob.mx\/portal\/wp-json\/wp\/v2\/categories?post=1443"},{"taxonomy":"post_tag","embeddable":true,"href":"https:\/\/www.congresocoahuila.gob.mx\/portal\/wp-json\/wp\/v2\/tags?post=1443"}],"curies":[{"name":"wp","href":"https:\/\/api.w.org\/{rel}","templated":true}]}}