{"id":18730,"date":"2016-01-20T09:17:23","date_gmt":"2016-01-20T15:17:23","guid":{"rendered":"http:\/\/congresocoahuila.gob.mx\/portal\/?page_id=18730"},"modified":"2016-01-20T09:19:20","modified_gmt":"2016-01-20T15:19:20","slug":"segundo-ano-de-ejercicio-constitucional-de-la-lx-legislatura-2016","status":"publish","type":"page","link":"https:\/\/www.congresocoahuila.gob.mx\/portal\/segundo-ano-de-ejercicio-constitucional-de-la-lx-legislatura-2016\/","title":{"rendered":"Segundo a\u00f1o de Ejercicio Constitucional de la LX Legislatura 2016"},"content":{"rendered":"<p><strong>Mesa Directiva.<\/strong><\/p>\n<p><strong>Presidente:<\/strong> Dip. Javier de Jes\u00fas Rodr\u00edguez Mendoza<\/p>\n<p><strong>Vicepresidenta:<\/strong> Dip. Lilia Isabel Guti\u00e9rrez Burciaga<\/p>\n<p><strong>Vicepresidente:<\/strong> Dip. Antonio Nerio Maltos<\/p>\n<p><strong>Secretaria:<\/strong> Dip. Sonia Villarreal P\u00e9rez<\/p>\n<p><strong>Secretaria:<\/strong> Dip. Georgina Cano Torralva<\/p>\n<p><strong>Secretaria:<\/strong> Dip. Martha Carolina Morales Iribarren<\/p>\n<p><strong>Secretaria:<\/strong> Dip. Luisa Ivone Gallegos Mart\u00ednez<\/p>\n","protected":false},"excerpt":{"rendered":"<p>Mesa Directiva. Presidente: Dip. Javier de Jes\u00fas Rodr\u00edguez Mendoza Vicepresidenta: Dip. Lilia Isabel Guti\u00e9rrez Burciaga Vicepresidente: Dip. Antonio Nerio Maltos Secretaria: Dip. Sonia Villarreal P\u00e9rez Secretaria: Dip. Georgina Cano Torralva Secretaria: Dip. Martha Carolina Morales Iribarren Secretaria: Dip. Luisa Ivone Gallegos Mart\u00ednez<\/p>\n","protected":false},"author":2,"featured_media":0,"parent":0,"menu_order":0,"comment_status":"closed","ping_status":"closed","template":"","meta":{"footnotes":""},"categories":[],"tags":[],"class_list":["post-18730","page","type-page","status-publish","hentry"],"_links":{"self":[{"href":"https:\/\/www.congresocoahuila.gob.mx\/portal\/wp-json\/wp\/v2\/pages\/18730","targetHints":{"allow":["GET"]}}],"collection":[{"href":"https:\/\/www.congresocoahuila.gob.mx\/portal\/wp-json\/wp\/v2\/pages"}],"about":[{"href":"https:\/\/www.congresocoahuila.gob.mx\/portal\/wp-json\/wp\/v2\/types\/page"}],"author":[{"embeddable":true,"href":"https:\/\/www.congresocoahuila.gob.mx\/portal\/wp-json\/wp\/v2\/users\/2"}],"replies":[{"embeddable":true,"href":"https:\/\/www.congresocoahuila.gob.mx\/portal\/wp-json\/wp\/v2\/comments?post=18730"}],"version-history":[{"count":4,"href":"https:\/\/www.congresocoahuila.gob.mx\/portal\/wp-json\/wp\/v2\/pages\/18730\/revisions"}],"predecessor-version":[{"id":18735,"href":"https:\/\/www.congresocoahuila.gob.mx\/portal\/wp-json\/wp\/v2\/pages\/18730\/revisions\/18735"}],"wp:attachment":[{"href":"https:\/\/www.congresocoahuila.gob.mx\/portal\/wp-json\/wp\/v2\/media?parent=18730"}],"wp:term":[{"taxonomy":"category","embeddable":true,"href":"https:\/\/www.congresocoahuila.gob.mx\/portal\/wp-json\/wp\/v2\/categories?post=18730"},{"taxonomy":"post_tag","embeddable":true,"href":"https:\/\/www.congresocoahuila.gob.mx\/portal\/wp-json\/wp\/v2\/tags?post=18730"}],"curies":[{"name":"wp","href":"https:\/\/api.w.org\/{rel}","templated":true}]}}