{"id":189,"date":"2014-11-13T14:02:58","date_gmt":"2014-11-13T20:02:58","guid":{"rendered":"http:\/\/www.congresocoahuila.gob.mx\/portal\/?page_id=189"},"modified":"2022-01-03T19:57:11","modified_gmt":"2022-01-04T01:57:11","slug":"leyes-estatales","status":"publish","type":"page","link":"https:\/\/www.congresocoahuila.gob.mx\/portal\/leyes-estatales\/","title":{"rendered":"LEYES ESTATALES"},"content":{"rendered":"<p><strong>LEGISLACI\u00d3N ESTATAL <\/strong><\/p>\n<p>Se presenta la Legislaci\u00f3n vigente en el Estado de Coahuila de Zaragoza, aclarando que el contenido que se ofrece en esta p\u00e1gina es s\u00f3lo de car\u00e1cter informativo; lo anterior toda vez que el \u00fanico medio oficial para dar validez a una norma es el Peri\u00f3dico Oficial del Gobierno del Estado, de acuerdo a los Art\u00edculos 3 y 4 del C\u00f3digo Civil del Estado de Coahuila de Zaragoza.<\/p>\n<p><a title=\"LEYES ESTATALES VIGENTES\" href=\"http:\/\/www.congresocoahuila.gob.mx\/portal?page_id=538\">Leyes Estatales Vigentes<\/a><\/p>\n<p>Nota: Derivado de las reformas aprobadas mediante Decreto 229, el <a href=\"https:\/\/www.congresocoahuila.gob.mx\/portal\/wp-content\/uploads\/2014\/11\/COA02_Anterior.doc\">C\u00f3digo Civil para el Estado de Coahuila<\/a> y el <a href=\"https:\/\/congresocoahuila.gob.mx\/transparencia\/03\/Leyes_Coahuila\/coa03.docx\">C\u00f3digo Procesal Civil para el Estado de Coahuila<\/a>, continuar\u00e1n vigentes hasta en tanto el Consejo de la Judicatura del Poder Judicial del Estado, determine conforme al acuerdo que emita para tales efectos, el Distrito Judicial en el que gradualmente entrar\u00e1n en vigor las reformas a estos ordenamientos, as\u00ed como, los Decretos relacionados con la Ley para la Familia de Coahuila y el C\u00f3digo de Procedimientos Familiares para el Estado de Coahuila de Zaragoza<\/p>\n<p><a href=\"https:\/\/congresocoahuila.gob.mx\/transparencia\/03\/Leyes_Coahuila\/codncalprocpenales.pdf\">C\u00f3digo Nacional de Procedimientos Penales<\/a><\/p>\n<p><a href=\"https:\/\/www.congresocoahuila.gob.mx\/portal\/wp-content\/uploads\/2014\/11\/codprocpenales1.pdf\">C\u00f3digo de Procedimientos Penales del Estado de Coahuila (Publicado en el Peri\u00f3dico Oficial, el viernes 17 de febrero de 2012)<\/a><\/p>\n<p><a href=\"https:\/\/www.congresocoahuila.gob.mx\/portal\/wp-content\/uploads\/2014\/11\/codprocpenales.pdf\">C\u00f3digo de Procedimientos Penales del Estado de Coahuila (Anterior) (Publicado en el Peri\u00f3dico Oficial, el martes 25 de mayo de 1999)<\/a><\/p>\n<p><a href=\"https:\/\/www.congresocoahuila.gob.mx\/portal\/leyes-de-ingresos-municipales-ejercicio-fiscal-2022\">Leyes de Ingresos Municipales, para el Ejercicio Fiscal 2022<\/a><br \/>\n<a href=\"https:\/\/www.congresocoahuila.gob.mx\/portal\/tablas-de-valores-ejercicio-fiscal-2022\">Tablas de Valores de Suelo y Construcci\u00f3n, para el Ejercicio Fiscal 2022<\/a><\/p>\n<p><a href=\"https:\/\/www.congresocoahuila.gob.mx\/portal\/leyes-de-ingresos-municipales-ejercicio-fiscal-2021\">Leyes de Ingresos Municipales, para el Ejercicio Fiscal 2021<\/a><br \/>\n<a href=\"https:\/\/www.congresocoahuila.gob.mx\/portal\/tablas-de-valores-ejercicio-fiscal-2021\">Tablas de Valores de Suelo y Construcci\u00f3n, para el Ejercicio Fiscal 2021<\/a><\/p>\n<p><a href=\"https:\/\/www.congresocoahuila.gob.mx\/portal\/leyes-de-ingresos-municipales-ejercicio-fiscal-2020\">Leyes de Ingresos Municipales, para el Ejercicio Fiscal 2020<\/a><br \/>\n<a href=\"https:\/\/www.congresocoahuila.gob.mx\/portal\/tablas-de-valores-ejercicio-fiscal-2020\">Tablas de Valores de Suelo y Construcci\u00f3n, para el Ejercicio Fiscal 2020<\/a><\/p>\n<p><a href=\"https:\/\/www.congresocoahuila.gob.mx\/portal\/leyes-de-ingresos-municipales-ejercicio-fiscal-2019\">Leyes de Ingresos Municipales, para el Ejercicio Fiscal 2019<\/a><br \/>\n<a href=\"https:\/\/www.congresocoahuila.gob.mx\/portal\/tablas-de-valores-ejercicio-fiscal-2019\">Tablas de Valores de Suelo y Construcci\u00f3n, para el Ejercicio Fiscal 2019<\/a><\/p>\n<p><a href=\"https:\/\/www.congresocoahuila.gob.mx\/portal\/leyes-de-ingresos-municipales-ejercicio-fiscal-2018\">Leyes de Ingresos Municipales, para el Ejercicio Fiscal 2018<\/a><br \/>\n<a href=\"https:\/\/www.congresocoahuila.gob.mx\/portal\/tablas-de-valores-ejercicio-fiscal-2018\">Tablas de Valores de Suelo y Construcci\u00f3n, para el Ejercicio Fiscal 2018<\/a><\/p>\n<p><a href=\"https:\/\/www.congresocoahuila.gob.mx\/portal\/?page_id=23905\">Leyes de Ingresos Municipales, para el Ejercicio Fiscal 2017<\/a><br \/>\n<a href=\"https:\/\/www.congresocoahuila.gob.mx\/portal\/?page_id=23910\">Tablas de Valores de Suelo y Construcci\u00f3n, para el Ejercicio Fiscal 2017<\/a><\/p>\n<p><a href=\"https:\/\/www.congresocoahuila.gob.mx\/portal\/?page_id=18479\">Leyes de Ingresos Municipales, para el Ejercicio Fiscal 2016<\/a><br \/>\n<a href=\"https:\/\/www.congresocoahuila.gob.mx\/portal\/?page_id=18628\">Tablas de Valores de Suelo y Construcci\u00f3n, para el Ejercicio Fiscal 2016<\/a><br \/>\n<!--\n<a title=\"EJERCICIO FISCAL 2015\" href=\"http:\/\/congresocoahuila.gob.mx\/portal\/?page_id=12269\">Leyes de Ingresos Municipales, para el Ejercicio Fiscal 2015<\/a>\n<span data-mce-type=\"bookmark\" style=\"display: inline-block; width: 0px; overflow: hidden; line-height: 0;\" class=\"mce_SELRES_start\"><\/span>\n<a title=\"EJERCICIO FISCAL 2014\" href=\"http:\/\/www.congresocoahuila.gob.mx\/portal?page_id=573\">Leyes de Ingresos Municipales, para el Ejercicio Fiscal 2014<\/a>\n\n<a title=\"EJERCICIO FISCAL 2013\" href=\"http:\/\/www.congresocoahuila.gob.mx\/portal?page_id=576\">Leyes de Ingresos Municipales, para el Ejercicio Fiscal 2013<\/a>\n\n<a title=\"EJERCICIO FISCAL 2012\" href=\"http:\/\/www.congresocoahuila.gob.mx\/portal?page_id=877\">Leyes de Ingresos Municipales, para el Ejercicio Fiscal 2012<\/a>\n\n<a title=\"EJERCICIO FISCAL 2011\" href=\"http:\/\/www.congresocoahuila.gob.mx\/portal?page_id=929\">Leyes de Ingresos Municipales, para el Ejercicio Fiscal 2011<\/a>\n\n<a title=\"EJERCICIO FISCAL 2010\" href=\"http:\/\/www.congresocoahuila.gob.mx\/portal?page_id=952\">Leyes de Ingresos Municipales, para el Ejercicio Fiscal 2010<\/a>\n\n<a title=\"EJERCICIO FISCAL 2009\" href=\"http:\/\/www.congresocoahuila.gob.mx\/portal?page_id=960\">Leyes de Ingresos Municipales, para el Ejercicio Fiscal 2009<\/a>\n\n<a title=\"EJERCICIO FISCAL 2008\" href=\"http:\/\/www.congresocoahuila.gob.mx\/portal?page_id=963\">Leyes de Ingresos Municipales, para el Ejercicio Fiscal 2008 <\/a>\n\n--><\/p>\n","protected":false},"excerpt":{"rendered":"<p>LEGISLACI\u00d3N ESTATAL Se presenta la Legislaci\u00f3n vigente en el Estado de Coahuila de Zaragoza, aclarando que el contenido que se ofrece en esta p\u00e1gina es s\u00f3lo de car\u00e1cter informativo; lo anterior toda vez que el \u00fanico medio oficial para dar validez a una norma es el Peri\u00f3dico Oficial del Gobierno del Estado, de acuerdo a [&hellip;]<\/p>\n","protected":false},"author":3,"featured_media":0,"parent":0,"menu_order":0,"comment_status":"closed","ping_status":"closed","template":"","meta":{"footnotes":""},"categories":[],"tags":[],"class_list":["post-189","page","type-page","status-publish","hentry"],"_links":{"self":[{"href":"https:\/\/www.congresocoahuila.gob.mx\/portal\/wp-json\/wp\/v2\/pages\/189","targetHints":{"allow":["GET"]}}],"collection":[{"href":"https:\/\/www.congresocoahuila.gob.mx\/portal\/wp-json\/wp\/v2\/pages"}],"about":[{"href":"https:\/\/www.congresocoahuila.gob.mx\/portal\/wp-json\/wp\/v2\/types\/page"}],"author":[{"embeddable":true,"href":"https:\/\/www.congresocoahuila.gob.mx\/portal\/wp-json\/wp\/v2\/users\/3"}],"replies":[{"embeddable":true,"href":"https:\/\/www.congresocoahuila.gob.mx\/portal\/wp-json\/wp\/v2\/comments?post=189"}],"version-history":[{"count":25,"href":"https:\/\/www.congresocoahuila.gob.mx\/portal\/wp-json\/wp\/v2\/pages\/189\/revisions"}],"predecessor-version":[{"id":42848,"href":"https:\/\/www.congresocoahuila.gob.mx\/portal\/wp-json\/wp\/v2\/pages\/189\/revisions\/42848"}],"wp:attachment":[{"href":"https:\/\/www.congresocoahuila.gob.mx\/portal\/wp-json\/wp\/v2\/media?parent=189"}],"wp:term":[{"taxonomy":"category","embeddable":true,"href":"https:\/\/www.congresocoahuila.gob.mx\/portal\/wp-json\/wp\/v2\/categories?post=189"},{"taxonomy":"post_tag","embeddable":true,"href":"https:\/\/www.congresocoahuila.gob.mx\/portal\/wp-json\/wp\/v2\/tags?post=189"}],"curies":[{"name":"wp","href":"https:\/\/api.w.org\/{rel}","templated":true}]}}