{"id":23922,"date":"2017-01-11T13:06:44","date_gmt":"2017-01-11T19:06:44","guid":{"rendered":"http:\/\/congresocoahuila.gob.mx\/portal\/?page_id=23922"},"modified":"2017-08-12T11:19:22","modified_gmt":"2017-08-12T16:19:22","slug":"tercer-ano-de-ejercicio-constitucional-de-la-lx-legislatura-2016","status":"publish","type":"page","link":"https:\/\/www.congresocoahuila.gob.mx\/portal\/tercer-ano-de-ejercicio-constitucional-de-la-lx-legislatura-2016\/","title":{"rendered":"Tercer a\u00f1o de Ejercicio Constitucional de la LX Legislatura 2017"},"content":{"rendered":"<p><strong>PRESIDENTE:<\/strong> Dip. Sergio Garza Castillo<\/p>\n<p><strong>VICEPRESIDENTA:<\/strong> Dip. Irma Leticia Casta\u00f1o Orozco<\/p>\n<p><strong>VICEPRESIDENTE:<\/strong> Dip. Luis Gurza Jaidar<\/p>\n<p><strong>SECRETARIA:<\/strong> Dip. Martha Hortencia Garay Cadena<\/p>\n<p><strong>SECRETARIA:<\/strong> Dip. Claudia Elisa Morales Salazar<\/p>\n<p><strong>SECRETARIA:\u00a0<\/strong>Dip. Lilia Isabel Guti\u00e9rrez Burciaga*<\/p>\n<p><strong>SECRETARIO:<\/strong>\u00a0Dip. Javier D\u00edaz Gonz\u00e1lez<strong>*<\/strong><\/p>\n<p>&nbsp;<\/p>\n<pre style=\"text-align: justify;\"><strong>Nota:<\/strong>\r\n<i>*<\/i>\u00a0Dip.Javier D\u00edaz Gonz\u00e1lez, se reincorpora como diputado local a sus funciones legislativas a partir del d\u00eda 21 de junio de 2017.\r\n* Dip.Lilia Isabel Guti\u00e9rrez Burciaga, se reincorpora como diputada local a sus funciones legislativas a partir del d\u00eda 05 de julio de 2017.<\/pre>\n<p>&nbsp;<\/p>\n","protected":false},"excerpt":{"rendered":"<p>PRESIDENTE: Dip. Sergio Garza Castillo VICEPRESIDENTA: Dip. Irma Leticia Casta\u00f1o Orozco VICEPRESIDENTE: Dip. Luis Gurza Jaidar SECRETARIA: Dip. Martha Hortencia Garay Cadena SECRETARIA: Dip. Claudia Elisa Morales Salazar SECRETARIA:\u00a0Dip. Lilia Isabel Guti\u00e9rrez Burciaga* SECRETARIO:\u00a0Dip. Javier D\u00edaz Gonz\u00e1lez* &nbsp; Nota: *\u00a0Dip.Javier D\u00edaz Gonz\u00e1lez, se reincorpora como diputado local a sus funciones legislativas a partir del d\u00eda [&hellip;]<\/p>\n","protected":false},"author":6,"featured_media":0,"parent":0,"menu_order":0,"comment_status":"closed","ping_status":"closed","template":"","meta":{"footnotes":""},"categories":[],"tags":[],"class_list":["post-23922","page","type-page","status-publish","hentry"],"_links":{"self":[{"href":"https:\/\/www.congresocoahuila.gob.mx\/portal\/wp-json\/wp\/v2\/pages\/23922","targetHints":{"allow":["GET"]}}],"collection":[{"href":"https:\/\/www.congresocoahuila.gob.mx\/portal\/wp-json\/wp\/v2\/pages"}],"about":[{"href":"https:\/\/www.congresocoahuila.gob.mx\/portal\/wp-json\/wp\/v2\/types\/page"}],"author":[{"embeddable":true,"href":"https:\/\/www.congresocoahuila.gob.mx\/portal\/wp-json\/wp\/v2\/users\/6"}],"replies":[{"embeddable":true,"href":"https:\/\/www.congresocoahuila.gob.mx\/portal\/wp-json\/wp\/v2\/comments?post=23922"}],"version-history":[{"count":13,"href":"https:\/\/www.congresocoahuila.gob.mx\/portal\/wp-json\/wp\/v2\/pages\/23922\/revisions"}],"predecessor-version":[{"id":26870,"href":"https:\/\/www.congresocoahuila.gob.mx\/portal\/wp-json\/wp\/v2\/pages\/23922\/revisions\/26870"}],"wp:attachment":[{"href":"https:\/\/www.congresocoahuila.gob.mx\/portal\/wp-json\/wp\/v2\/media?parent=23922"}],"wp:term":[{"taxonomy":"category","embeddable":true,"href":"https:\/\/www.congresocoahuila.gob.mx\/portal\/wp-json\/wp\/v2\/categories?post=23922"},{"taxonomy":"post_tag","embeddable":true,"href":"https:\/\/www.congresocoahuila.gob.mx\/portal\/wp-json\/wp\/v2\/tags?post=23922"}],"curies":[{"name":"wp","href":"https:\/\/api.w.org\/{rel}","templated":true}]}}