{"id":24793,"date":"2017-03-06T13:20:31","date_gmt":"2017-03-06T19:20:31","guid":{"rendered":"http:\/\/congresocoahuila.gob.mx\/portal\/?page_id=24793"},"modified":"2017-03-06T14:02:39","modified_gmt":"2017-03-06T20:02:39","slug":"primer-periodo-de-la-diputacion-permanente","status":"publish","type":"page","link":"https:\/\/www.congresocoahuila.gob.mx\/portal\/primer-periodo-de-la-diputacion-permanente\/","title":{"rendered":"PRIMER PER\u00cdODO DE LA DIPUTACI\u00d3N PERMANENTE"},"content":{"rendered":"<div id=\"m_-7157215194105630921main-core\"><a href=\"https:\/\/congresocoahuila.gob.mx\/transparencia\/ART\/26\/05\/3ER_A_EJERCICIO_CONSTI_2017\/1_SESION_4_ENERO_2017.doc\">Primera Sesi\u00f3n del d\u00eda 04 de Enero de 2017<\/a><br \/>\n<a href=\"https:\/\/congresocoahuila.gob.mx\/transparencia\/ART\/26\/05\/3ER_A_EJERCICIO_CONSTI_2017\/2_SESION_11_ENERO_2017.doc\">Segunda Sesi\u00f3n del d\u00eda 11 de Enero de 2017<\/a><br \/>\n<a href=\"https:\/\/congresocoahuila.gob.mx\/transparencia\/ART\/26\/05\/3ER_A_EJERCICIO_CONSTI_2017\/3_SESION_17_ENERO_2017.doc\">Tercera Sesi\u00f3n del d\u00eda 17 de Enero de 2017<\/a><br \/>\n<a href=\"https:\/\/congresocoahuila.gob.mx\/transparencia\/ART\/26\/05\/3ER_A_EJERCICIO_CONSTI_2017\/4_SESION_24_ENERO_2017.doc\">Cuarta Sesi\u00f3n del d\u00eda 24 de Enero de 2017<\/a><br \/>\n<a href=\"https:\/\/congresocoahuila.gob.mx\/transparencia\/ART\/26\/05\/3ER_A_EJERCICIO_CONSTI_2017\/5_SESION_1_FEBRERO_2017.doc\">Quinta Sesi\u00f3n del d\u00eda 01 de Febrero de 2017<\/a><br \/>\n<a href=\"https:\/\/congresocoahuila.gob.mx\/transparencia\/ART\/26\/05\/3ER_A_EJERCICIO_CONSTI_2017\/6_SESION_5_FEBRERO_2017.doc\">Sexta Sesi\u00f3n del d\u00eda 05 de Febrero de 2017<\/a><br \/>\n<a href=\"https:\/\/congresocoahuila.gob.mx\/transparencia\/ART\/26\/05\/3ER_A_EJERCICIO_CONSTI_2017\/7_SESION_15_FEBRERO_2017.doc\">S\u00e9ptima Sesi\u00f3n del d\u00eda 15 de Febrero de 2017<\/a><br \/>\nOctava Sesi\u00f3n del d\u00eda 23 de Febrero de 2017<\/div>\n","protected":false},"excerpt":{"rendered":"<p>Primera Sesi\u00f3n del d\u00eda 04 de Enero de 2017 Segunda Sesi\u00f3n del d\u00eda 11 de Enero de 2017 Tercera Sesi\u00f3n del d\u00eda 17 de Enero de 2017 Cuarta Sesi\u00f3n del d\u00eda 24 de Enero de 2017 Quinta Sesi\u00f3n del d\u00eda 01 de Febrero de 2017 Sexta Sesi\u00f3n del d\u00eda 05 de Febrero de 2017 S\u00e9ptima [&hellip;]<\/p>\n","protected":false},"author":6,"featured_media":0,"parent":0,"menu_order":0,"comment_status":"closed","ping_status":"closed","template":"","meta":{"footnotes":""},"categories":[],"tags":[],"class_list":["post-24793","page","type-page","status-publish","hentry"],"_links":{"self":[{"href":"https:\/\/www.congresocoahuila.gob.mx\/portal\/wp-json\/wp\/v2\/pages\/24793","targetHints":{"allow":["GET"]}}],"collection":[{"href":"https:\/\/www.congresocoahuila.gob.mx\/portal\/wp-json\/wp\/v2\/pages"}],"about":[{"href":"https:\/\/www.congresocoahuila.gob.mx\/portal\/wp-json\/wp\/v2\/types\/page"}],"author":[{"embeddable":true,"href":"https:\/\/www.congresocoahuila.gob.mx\/portal\/wp-json\/wp\/v2\/users\/6"}],"replies":[{"embeddable":true,"href":"https:\/\/www.congresocoahuila.gob.mx\/portal\/wp-json\/wp\/v2\/comments?post=24793"}],"version-history":[{"count":4,"href":"https:\/\/www.congresocoahuila.gob.mx\/portal\/wp-json\/wp\/v2\/pages\/24793\/revisions"}],"predecessor-version":[{"id":24800,"href":"https:\/\/www.congresocoahuila.gob.mx\/portal\/wp-json\/wp\/v2\/pages\/24793\/revisions\/24800"}],"wp:attachment":[{"href":"https:\/\/www.congresocoahuila.gob.mx\/portal\/wp-json\/wp\/v2\/media?parent=24793"}],"wp:term":[{"taxonomy":"category","embeddable":true,"href":"https:\/\/www.congresocoahuila.gob.mx\/portal\/wp-json\/wp\/v2\/categories?post=24793"},{"taxonomy":"post_tag","embeddable":true,"href":"https:\/\/www.congresocoahuila.gob.mx\/portal\/wp-json\/wp\/v2\/tags?post=24793"}],"curies":[{"name":"wp","href":"https:\/\/api.w.org\/{rel}","templated":true}]}}