{"id":24803,"date":"2017-03-06T14:04:57","date_gmt":"2017-03-06T20:04:57","guid":{"rendered":"http:\/\/congresocoahuila.gob.mx\/portal\/?page_id=24803"},"modified":"2017-03-06T14:34:40","modified_gmt":"2017-03-06T20:34:40","slug":"primer-periodo-extraordinario-2017-2","status":"publish","type":"page","link":"https:\/\/www.congresocoahuila.gob.mx\/portal\/primer-periodo-extraordinario-2017-2\/","title":{"rendered":"PRIMER PER\u00cdODO EXTRAORDINARIO 2017"},"content":{"rendered":"<p><a href=\"https:\/\/congresocoahuila.gob.mx\/transparencia\/ART\/26\/05\/1ER_PERIODO_EXTRA_2017\/1_19_ENERO_2017.doc\">Primera Sesi\u00f3n del d\u00eda 19 de Enero de 2017<\/a><br \/>\n<a href=\"https:\/\/congresocoahuila.gob.mx\/transparencia\/ART\/26\/05\/1ER_PERIODO_EXTRA_2017\/2_1_FEBRERO_2017.doc\">Segunda Sesi\u00f3n del d\u00eda 01 de Febrero de 2017<\/a><br \/>\nTercera Sesi\u00f3n del d\u00eda 05 de Febrero de 2017<br \/>\nCuarta Sesi\u00f3n del d\u00eda\u00a019 de Febrero de 2017<br \/>\nQuinta Sesi\u00f3n del d\u00eda 19 de Febrero de 2017<\/p>\n","protected":false},"excerpt":{"rendered":"<p>Primera Sesi\u00f3n del d\u00eda 19 de Enero de 2017 Segunda Sesi\u00f3n del d\u00eda 01 de Febrero de 2017 Tercera Sesi\u00f3n del d\u00eda 05 de Febrero de 2017 Cuarta Sesi\u00f3n del d\u00eda\u00a019 de Febrero de 2017 Quinta Sesi\u00f3n del d\u00eda 19 de Febrero de 2017<\/p>\n","protected":false},"author":6,"featured_media":0,"parent":0,"menu_order":0,"comment_status":"closed","ping_status":"closed","template":"","meta":{"footnotes":""},"categories":[],"tags":[],"class_list":["post-24803","page","type-page","status-publish","hentry"],"_links":{"self":[{"href":"https:\/\/www.congresocoahuila.gob.mx\/portal\/wp-json\/wp\/v2\/pages\/24803","targetHints":{"allow":["GET"]}}],"collection":[{"href":"https:\/\/www.congresocoahuila.gob.mx\/portal\/wp-json\/wp\/v2\/pages"}],"about":[{"href":"https:\/\/www.congresocoahuila.gob.mx\/portal\/wp-json\/wp\/v2\/types\/page"}],"author":[{"embeddable":true,"href":"https:\/\/www.congresocoahuila.gob.mx\/portal\/wp-json\/wp\/v2\/users\/6"}],"replies":[{"embeddable":true,"href":"https:\/\/www.congresocoahuila.gob.mx\/portal\/wp-json\/wp\/v2\/comments?post=24803"}],"version-history":[{"count":4,"href":"https:\/\/www.congresocoahuila.gob.mx\/portal\/wp-json\/wp\/v2\/pages\/24803\/revisions"}],"predecessor-version":[{"id":24810,"href":"https:\/\/www.congresocoahuila.gob.mx\/portal\/wp-json\/wp\/v2\/pages\/24803\/revisions\/24810"}],"wp:attachment":[{"href":"https:\/\/www.congresocoahuila.gob.mx\/portal\/wp-json\/wp\/v2\/media?parent=24803"}],"wp:term":[{"taxonomy":"category","embeddable":true,"href":"https:\/\/www.congresocoahuila.gob.mx\/portal\/wp-json\/wp\/v2\/categories?post=24803"},{"taxonomy":"post_tag","embeddable":true,"href":"https:\/\/www.congresocoahuila.gob.mx\/portal\/wp-json\/wp\/v2\/tags?post=24803"}],"curies":[{"name":"wp","href":"https:\/\/api.w.org\/{rel}","templated":true}]}}