{"id":2537,"date":"2014-11-24T10:23:46","date_gmt":"2014-11-24T16:23:46","guid":{"rendered":"http:\/\/www.congresocoahuila.gob.mx\/portal\/?page_id=2537"},"modified":"2022-04-01T10:55:19","modified_gmt":"2022-04-01T16:55:19","slug":"articulo-21-xxvii","status":"publish","type":"page","link":"https:\/\/www.congresocoahuila.gob.mx\/portal\/articulo-21-xxvii\/","title":{"rendered":"ART\u00cdCULO 21-XXVII"},"content":{"rendered":"<p><strong>LOS RESULTADOS DE TODO TIPO DE AUDITOR\u00cdAS PRACTICADAS Y CONCLUIDAS AL EJERCICIO PRESUPUESTAL DE CADA UNA DE LAS ENTIDADES P\u00daBLICAS, CON EXCEPCI\u00d3N DE LOS QUE DEBE PUBLICAR LA AUDITOR\u00cdA SUPERIOR DEL ESTADO, DE ACUERDO A LO PREVISTO EN LA FRACCI\u00d3N IX DEL ART\u00cdCULO 21 DE ESTE ORDENAMIENTO;<\/strong><\/p>\n<p><a href=\"http:\/\/congresocoahuila.gob.mx\/portal\/articulo-21-xxvii-2021-2023\">LXII Legislatura del Congreso del Estado 2021-2023<\/a><br \/>\n<a href=\"http:\/\/congresocoahuila.gob.mx\/portal\/articulo-21-xxvii-2018-2020\">LXI Legislatura del Congreso del Estado 2018-2020<\/a><br \/>\n<a href=\"https:\/\/congresocoahuila.gob.mx\/transparencia\/ART\/21\/27\/21_27.doc\">LX Legislatura del Congreso del Estado 2015 &#8211; 2017<\/a><br \/>\n<a href=\"http:\/\/congresocoahuila.gob.mx\/portal\/?page_id=9291\">LIX Legislatura del Congreso del Estado 2012 &#8211; 2014<\/a><br \/>\n<a title=\"ART\u00cdCULO 21-XXVII 2009 \u2013 2011\" href=\"http:\/\/www.congresocoahuila.gob.mx\/portal?page_id=2471\">LVIII Legislatura del Congreso del Estado 2009 &#8211; 2011<\/a><br \/>\n<a title=\"ART\u00cdCULO 21-XXVII 2006 \u2013 2008\" href=\"http:\/\/www.congresocoahuila.gob.mx\/portal?page_id=2751\">LVII Legislatura del Congreso del Estado 2006 &#8211; 2008<\/a><\/p>\n<p><strong>Fecha de Actualizaci\u00f3n:<\/strong>\u00a001 de abril de 2022<br \/>\n<strong>Responsable de la Informaci\u00f3n:<\/strong>\u00a0C.P. Cesar Alejandro Fern\u00e1ndez Padilla;<br \/>\nDirector de Contabilidad del H. Congreso del Estado de Coahuila.<\/p>\n","protected":false},"excerpt":{"rendered":"<p>LOS RESULTADOS DE TODO TIPO DE AUDITOR\u00cdAS PRACTICADAS Y CONCLUIDAS AL EJERCICIO PRESUPUESTAL DE CADA UNA DE LAS ENTIDADES P\u00daBLICAS, CON EXCEPCI\u00d3N DE LOS QUE DEBE PUBLICAR LA AUDITOR\u00cdA SUPERIOR DEL ESTADO, DE ACUERDO A LO PREVISTO EN LA FRACCI\u00d3N IX DEL ART\u00cdCULO 21 DE ESTE ORDENAMIENTO; LXII Legislatura del Congreso del Estado 2021-2023 LXI [&hellip;]<\/p>\n","protected":false},"author":3,"featured_media":0,"parent":0,"menu_order":0,"comment_status":"closed","ping_status":"closed","template":"","meta":{"footnotes":""},"categories":[],"tags":[],"class_list":["post-2537","page","type-page","status-publish","hentry"],"_links":{"self":[{"href":"https:\/\/www.congresocoahuila.gob.mx\/portal\/wp-json\/wp\/v2\/pages\/2537","targetHints":{"allow":["GET"]}}],"collection":[{"href":"https:\/\/www.congresocoahuila.gob.mx\/portal\/wp-json\/wp\/v2\/pages"}],"about":[{"href":"https:\/\/www.congresocoahuila.gob.mx\/portal\/wp-json\/wp\/v2\/types\/page"}],"author":[{"embeddable":true,"href":"https:\/\/www.congresocoahuila.gob.mx\/portal\/wp-json\/wp\/v2\/users\/3"}],"replies":[{"embeddable":true,"href":"https:\/\/www.congresocoahuila.gob.mx\/portal\/wp-json\/wp\/v2\/comments?post=2537"}],"version-history":[{"count":66,"href":"https:\/\/www.congresocoahuila.gob.mx\/portal\/wp-json\/wp\/v2\/pages\/2537\/revisions"}],"predecessor-version":[{"id":43347,"href":"https:\/\/www.congresocoahuila.gob.mx\/portal\/wp-json\/wp\/v2\/pages\/2537\/revisions\/43347"}],"wp:attachment":[{"href":"https:\/\/www.congresocoahuila.gob.mx\/portal\/wp-json\/wp\/v2\/media?parent=2537"}],"wp:term":[{"taxonomy":"category","embeddable":true,"href":"https:\/\/www.congresocoahuila.gob.mx\/portal\/wp-json\/wp\/v2\/categories?post=2537"},{"taxonomy":"post_tag","embeddable":true,"href":"https:\/\/www.congresocoahuila.gob.mx\/portal\/wp-json\/wp\/v2\/tags?post=2537"}],"curies":[{"name":"wp","href":"https:\/\/api.w.org\/{rel}","templated":true}]}}