{"id":26519,"date":"2017-07-07T20:22:02","date_gmt":"2017-07-08T01:22:02","guid":{"rendered":"http:\/\/congresocoahuila.gob.mx\/portal\/?page_id=26519"},"modified":"2018-07-16T15:03:33","modified_gmt":"2018-07-16T20:03:33","slug":"segundo-periodo-de-la-diputacion-permanente-del-tercer-ano-de-ejercicio-constitucional-de-la-lx-legislatura-2017","status":"publish","type":"page","link":"https:\/\/www.congresocoahuila.gob.mx\/portal\/segundo-periodo-de-la-diputacion-permanente-del-tercer-ano-de-ejercicio-constitucional-de-la-lx-legislatura-2017\/","title":{"rendered":"Segundo Per\u00edodo de la Diputaci\u00f3n Permanente del Tercer A\u00f1o de Ejercicio Constitucional de la LX Legislatura 2017"},"content":{"rendered":"<p><strong>DIPUTACI\u00d3N PERMANENTE<\/strong><\/p>\n<p>JULIO &#8211; AGOSTO 2017<\/p>\n<table class=\" aligncenter\" border=\"0\" width=\"766\" cellspacing=\"0\" cellpadding=\"0\">\n<tbody>\n<tr>\n<td style=\"text-align: left;\" width=\"326\">Presidente:\u00a0Dip. Luis Gurza Jaidar.<\/td>\n<td style=\"text-align: left;\" width=\"424\">Suplente:\u00a0<span class=\"m_-6630431755285973057TextRun m_-6630431755285973057SCX239721047\" lang=\"ES-MX\"><span class=\"m_-6630431755285973057SpellingError m_-6630431755285973057SCX239721047\">Dip<\/span><\/span><span class=\"m_-6630431755285973057TextRun m_-6630431755285973057SCX239721047\" lang=\"ES-MX\"><span class=\"m_-6630431755285973057NormalTextRun m_-6630431755285973057SCX239721047\">. Melchor S\u00e1nchez de la Fuente.<\/span><\/span><b><u><\/u>\u00a0<u><\/u><\/b><\/td>\n<\/tr>\n<tr>\n<td style=\"text-align: left;\"><span class=\"m_-6630431755285973057TextRun m_-6630431755285973057SCX80393322\" lang=\"ES-MX\"><span class=\"m_-6630431755285973057NormalTextRun m_-6630431755285973057SCX80393322\">Vicepresidenta:\u00a0<\/span><\/span><span class=\"m_-6630431755285973057TextRun m_-6630431755285973057SCX80393322\" lang=\"ES-MX\"><span class=\"m_-6630431755285973057SpellingError m_-6630431755285973057SCX80393322\">Dip<\/span><\/span><span class=\"m_-6630431755285973057TextRun m_-6630431755285973057SCX80393322\" lang=\"ES-MX\"><span class=\"m_-6630431755285973057NormalTextRun m_-6630431755285973057SCX80393322\">. Martha Hortensia Garay Cadena.<\/span><\/span><\/td>\n<td style=\"text-align: left;\">Suplente:\u00a0<span class=\"m_-6630431755285973057TextRun m_-6630431755285973057SCX144022553\" lang=\"ES-MX\"><span class=\"m_-6630431755285973057SpellingError m_-6630431755285973057SCX144022553\">Dip<\/span><\/span><span class=\"m_-6630431755285973057TextRun m_-6630431755285973057SCX144022553\" lang=\"ES-MX\"><span class=\"m_-6630431755285973057NormalTextRun m_-6630431755285973057SCX144022553\">. <\/span><\/span>Olga Leticia Lara Rodr\u00edguez.*<\/td>\n<\/tr>\n<tr>\n<td style=\"text-align: left;\"><span class=\"m_-6630431755285973057TextRun m_-6630431755285973057SCX84237264\" lang=\"ES-MX\"><span class=\"m_-6630431755285973057NormalTextRun m_-6630431755285973057SCX84237264\">Secretaria:\u00a0<\/span><\/span><span class=\"m_-6630431755285973057TextRun m_-6630431755285973057SCX84237264\" lang=\"ES-MX\"><span class=\"m_-6630431755285973057SpellingError m_-6630431755285973057SCX84237264\">Dip<\/span><\/span><span class=\"m_-6630431755285973057TextRun m_-6630431755285973057SCX84237264\" lang=\"ES-MX\"><span class=\"m_-6630431755285973057NormalTextRun m_-6630431755285973057SCX84237264\">.\u202fIrma Leticia Casta\u00f1o Orozco.<\/span><\/span><\/td>\n<td style=\"text-align: left;\">Suplente:\u00a0<span class=\"m_-6630431755285973057TextRun m_-6630431755285973057SCX207750689\" lang=\"ES-MX\"><span class=\"m_-6630431755285973057SpellingError m_-6630431755285973057SCX207750689\">Dip<\/span><\/span><span class=\"m_-6630431755285973057TextRun m_-6630431755285973057SCX207750689\" lang=\"ES-MX\"><span class=\"m_-6630431755285973057NormalTextRun m_-6630431755285973057SCX207750689\">.\u00a0<\/span><\/span>Mar\u00eda Del Socorro Lozano D\u00e1vila.*<\/td>\n<\/tr>\n<tr>\n<td style=\"text-align: left;\"><span class=\"m_-6630431755285973057TextRun m_-6630431755285973057SCX217308260\" lang=\"ES-MX\"><span class=\"m_-6630431755285973057NormalTextRun m_-6630431755285973057SCX217308260\">Secretario:\u00a0<\/span><\/span><span class=\"m_-6630431755285973057TextRun m_-6630431755285973057SCX217308260\" lang=\"ES-MX\"><span class=\"m_-6630431755285973057SpellingError m_-6630431755285973057SCX217308260\">Dip<\/span><\/span><span class=\"m_-6630431755285973057TextRun m_-6630431755285973057SCX217308260\" lang=\"ES-MX\"><span class=\"m_-6630431755285973057NormalTextRun m_-6630431755285973057SCX217308260\">.\u00a0<\/span><\/span>Juli\u00e1n Eduardo Medrano Aguirre.*<\/td>\n<td style=\"text-align: left;\">Suplente:\u00a0<span class=\"m_-6630431755285973057TextRun m_-6630431755285973057SCX62595545\" lang=\"ES-MX\"><span class=\"m_-6630431755285973057SpellingError m_-6630431755285973057SCX62595545\">Dip<\/span><\/span><span class=\"m_-6630431755285973057TextRun m_-6630431755285973057SCX62595545\" lang=\"ES-MX\"><span class=\"m_-6630431755285973057NormalTextRun m_-6630431755285973057SCX62595545\">.\u202f\u00a0<\/span><\/span>Antonio Nerio Maltos.<\/td>\n<\/tr>\n<tr>\n<td style=\"text-align: left;\"><span class=\"m_-6630431755285973057TextRun m_-6630431755285973057SCX115439998\" lang=\"ES-MX\"><span class=\"m_-6630431755285973057NormalTextRun m_-6630431755285973057SCX115439998\">Vocal:\u00a0<\/span><\/span><span class=\"m_-6630431755285973057TextRun m_-6630431755285973057SCX115439998\" lang=\"ES-MX\"><span class=\"m_-6630431755285973057SpellingError m_-6630431755285973057SCX115439998\">Dip<\/span><\/span><span class=\"m_-6630431755285973057TextRun m_-6630431755285973057SCX115439998\" lang=\"ES-MX\"><span class=\"m_-6630431755285973057NormalTextRun m_-6630431755285973057SCX115439998\">.\u00a0<\/span><\/span>Lariza Montiel Luis*<\/td>\n<td style=\"text-align: left;\">Suplente:\u00a0<span class=\"m_-6630431755285973057TextRun m_-6630431755285973057SCX170820591\" lang=\"ES-MX\"><span class=\"m_-6630431755285973057SpellingError m_-6630431755285973057SCX170820591\">Dip<\/span><\/span><span class=\"m_-6630431755285973057TextRun m_-6630431755285973057SCX170820591\" lang=\"ES-MX\"><span class=\"m_-6630431755285973057NormalTextRun m_-6630431755285973057SCX170820591\">.<\/span><\/span><span class=\"m_-6630431755285973057TextRun m_-6630431755285973057SCX170820591\" lang=\"ES-MX\"><span class=\"m_-6630431755285973057NormalTextRun m_-6630431755285973057SCX170820591\">\u00a0<\/span><\/span>Jes\u00fas De Le\u00f3n Tello.*<\/td>\n<\/tr>\n<tr>\n<td style=\"text-align: left;\"><span class=\"m_-6630431755285973057TextRun m_-6630431755285973057SCX220861057\" lang=\"ES-MX\"><span class=\"m_-6630431755285973057NormalTextRun m_-6630431755285973057SCX220861057\">Vocal:\u00a0<\/span><\/span><span class=\"m_-6630431755285973057TextRun m_-6630431755285973057SCX220861057\" lang=\"ES-MX\"><span class=\"m_-6630431755285973057SpellingError m_-6630431755285973057SCX220861057\">Dip<\/span><\/span><span class=\"m_-6630431755285973057TextRun m_-6630431755285973057SCX220861057\" lang=\"ES-MX\"><span class=\"m_-6630431755285973057NormalTextRun m_-6630431755285973057SCX220861057\">.\u00a0<\/span><\/span>Javier D\u00edaz Gonz\u00e1lez.*<\/td>\n<td style=\"text-align: left;\">Suplente:\u00a0Dip. Graciela Trueba Carrillo.*<\/td>\n<\/tr>\n<tr>\n<td style=\"text-align: left;\"><span class=\"m_-6630431755285973057TextRun m_-6630431755285973057SCX201408150\" lang=\"ES-MX\"><span class=\"m_-6630431755285973057NormalTextRun m_-6630431755285973057SCX201408150\">Vocal:\u00a0<\/span><\/span><span class=\"m_-6630431755285973057TextRun m_-6630431755285973057SCX201408150\" lang=\"ES-MX\"><span class=\"m_-6630431755285973057SpellingError m_-6630431755285973057SCX201408150\">Dip<\/span><\/span><span class=\"m_-6630431755285973057TextRun m_-6630431755285973057SCX201408150\" lang=\"ES-MX\"><span class=\"m_-6630431755285973057NormalTextRun m_-6630431755285973057SCX201408150\">.\u202f\u202f<\/span><\/span><span class=\"m_-6630431755285973057TextRun m_-6630431755285973057SCX201408150\" lang=\"ES-MX\"><span class=\"m_-6630431755285973057NormalTextRun m_-6630431755285973057SCX201408150\">Luisa Ivone Gallegos Mart\u00ednez.<\/span><\/span><\/td>\n<td style=\"text-align: left;\">Suplente:\u00a0<span class=\"m_-6630431755285973057TextRun m_-6630431755285973057SCX25486372\" lang=\"ES-MX\"><span class=\"m_-6630431755285973057SpellingError m_-6630431755285973057SCX25486372\">Dip<\/span><\/span><span class=\"m_-6630431755285973057TextRun m_-6630431755285973057SCX25486372\" lang=\"ES-MX\"><span class=\"m_-6630431755285973057NormalTextRun m_-6630431755285973057SCX25486372\">.\u202f<\/span><\/span>Shamir Fern\u00e1ndez Hern\u00e1ndez.<\/td>\n<\/tr>\n<tr>\n<td style=\"text-align: left;\"><span class=\"m_-6630431755285973057TextRun m_-6630431755285973057SCX7050672\" lang=\"ES-MX\"><span class=\"m_-6630431755285973057NormalTextRun m_-6630431755285973057SCX7050672\">Vocal:\u00a0<\/span><\/span><span class=\"m_-6630431755285973057TextRun m_-6630431755285973057SCX7050672\" lang=\"ES-MX\"><span class=\"m_-6630431755285973057SpellingError m_-6630431755285973057SCX7050672\">Dip<\/span><\/span><span class=\"m_-6630431755285973057TextRun m_-6630431755285973057SCX7050672\" lang=\"ES-MX\"><span class=\"m_-6630431755285973057NormalTextRun m_-6630431755285973057SCX7050672\">.\u00a0Georgina Cano Torralva.*<\/span><\/span><\/td>\n<td style=\"text-align: left;\">Suplente:\u00a0<span class=\"m_-6630431755285973057TextRun m_-6630431755285973057SCX82549911\" lang=\"ES-MX\"><span class=\"m_-6630431755285973057SpellingError m_-6630431755285973057SCX82549911\">Dip<\/span><\/span><span class=\"m_-6630431755285973057TextRun m_-6630431755285973057SCX82549911\" lang=\"ES-MX\"><span class=\"m_-6630431755285973057NormalTextRun m_-6630431755285973057SCX82549911\">.\u202f<\/span><\/span><span class=\"m_-6630431755285973057TextRun m_-6630431755285973057SCX82549911\" lang=\"ES-MX\"><span class=\"m_-6630431755285973057NormalTextRun m_-6630431755285973057SCX82549911\">Ver\u00f3nica Mart\u00ednez Garc\u00eda.<\/span><\/span><\/td>\n<\/tr>\n<tr>\n<td style=\"text-align: left;\">Vocal: Dip.\u00a0Sergio Garza Castillo.<\/td>\n<td style=\"text-align: left;\">Suplente:\u00a0<span class=\"m_-6630431755285973057TextRun m_-6630431755285973057SCX54040983\" lang=\"ES-MX\"><span class=\"m_-6630431755285973057SpellingError m_-6630431755285973057SCX54040983\">Dip<\/span><\/span><span class=\"m_-6630431755285973057TextRun m_-6630431755285973057SCX54040983\" lang=\"ES-MX\"><span class=\"m_-6630431755285973057NormalTextRun m_-6630431755285973057SCX54040983\">.\u202f<\/span><\/span><span class=\"m_-6630431755285973057TextRun m_-6630431755285973057SCX54040983\" lang=\"ES-MX\"><span class=\"m_-6630431755285973057NormalTextRun m_-6630431755285973057SCX54040983\">Claudia Elisa Morales Salazar<\/span><\/span><\/td>\n<\/tr>\n<tr>\n<td style=\"text-align: left;\">Vocal: Dip.\u00a0Leonel Contreras P\u00e1manes.*<\/td>\n<td style=\"text-align: left;\">Suplente:\u00a0<span class=\"m_-6630431755285973057TextRun m_-6630431755285973057SCX232565208\" lang=\"ES-MX\"><span class=\"m_-6630431755285973057SpellingError m_-6630431755285973057SCX232565208\">Dip<\/span><\/span><span class=\"m_-6630431755285973057TextRun m_-6630431755285973057SCX232565208\" lang=\"ES-MX\"><span class=\"m_-6630431755285973057NormalTextRun m_-6630431755285973057SCX232565208\">.\u00a0Yolanda Olga Acu\u00f1a Contreras.*<\/span><\/span><\/td>\n<\/tr>\n<tr>\n<td style=\"text-align: left;\">Vocal: Dip. Javier de Jes\u00fas Rodr\u00edguez Mendoza<\/td>\n<td style=\"text-align: left;\">Suplente: Dip.\u00a0Ricardo Sald\u00edvar Vaquera.<\/td>\n<\/tr>\n<\/tbody>\n<\/table>\n<p><strong>NOTA:\u00a0<\/strong><\/p>\n<pre>* Dip. Javier D\u00edaz Gonz\u00e1lez, se reincorpora como diputado local a sus funciones legislativas el d\u00eda 21 de junio de 2017.\r\n\r\n* Dip. Juli\u00e1n Eduardo Medrano Aguirre, es Diputado Suplente en Funciones a partir del d\u00eda 11 de enero de 2017, por Licencia otorgada al Dip. Francisco Tob\u00edas Hern\u00e1ndez el d\u00eda 11 de enero de 2017.\r\n\r\n* Dip. Olga Leticia Lara Rodr\u00edguez, es Diputada Suplente en Funciones a partir del d\u00eda 11 de enero de 2017, por Licencia otorgada a la Dip. Lilia Isabel Guti\u00e9rrez Burciaga el d\u00eda 4 de enero de 2017.\r\n\r\n* Dip. Graciela Trueba Carrillo, es Diputada Suplente en Funciones a partir del d\u00eda 11 de enero de 2017, por Licencia otorgada a la Dip. Ana Isabel Dur\u00e1n Pi\u00f1a el d\u00eda 4 de enero de 2017.\r\n\r\n* Dip. Georgina Cano Torralva, se reincorpora como diputada local a sus funciones legislativas el d\u00eda 12 de junio de 2017.\r\n\r\n* Dip. Mar\u00eda del Socorro Lozano D\u00e1vila, es Diputada Suplente en Funciones a partir del d\u00eda 11 de enero de 2017, por Licencia otorgada a la Dip. Sonia Villarreal P\u00e9rez el d\u00eda 4 de enero de 2017.\r\n\r\n* Dip. Leonel Contreras P\u00e1manes, se reincorpora como diputado local a sus funciones legislativas el d\u00eda 12 de junio de 2017.\r\n\r\n* Dip. Lariza Montiel Luis, se reincorpora como diputada local a sus funciones legislativas el d\u00eda 16 de junio de 2017.\r\n\r\n* Dip. Yolanda Olga Acu\u00f1a Contreras, se reincorpora como diputada local a sus funciones legislativas a partir del d\u00eda 15 de febrero de 2017.\u00a0\r\n<\/pre>\n","protected":false},"excerpt":{"rendered":"<p>DIPUTACI\u00d3N PERMANENTE JULIO &#8211; AGOSTO 2017 Presidente:\u00a0Dip. Luis Gurza Jaidar. Suplente:\u00a0Dip. Melchor S\u00e1nchez de la Fuente.\u00a0 Vicepresidenta:\u00a0Dip. Martha Hortensia Garay Cadena. Suplente:\u00a0Dip. Olga Leticia Lara Rodr\u00edguez.* Secretaria:\u00a0Dip.\u202fIrma Leticia Casta\u00f1o Orozco. Suplente:\u00a0Dip.\u00a0Mar\u00eda Del Socorro Lozano D\u00e1vila.* Secretario:\u00a0Dip.\u00a0Juli\u00e1n Eduardo Medrano Aguirre.* Suplente:\u00a0Dip.\u202f\u00a0Antonio Nerio Maltos. Vocal:\u00a0Dip.\u00a0Lariza Montiel Luis* Suplente:\u00a0Dip.\u00a0Jes\u00fas De Le\u00f3n Tello.* Vocal:\u00a0Dip.\u00a0Javier D\u00edaz Gonz\u00e1lez.* Suplente:\u00a0Dip. Graciela Trueba [&hellip;]<\/p>\n","protected":false},"author":6,"featured_media":0,"parent":0,"menu_order":0,"comment_status":"closed","ping_status":"closed","template":"","meta":{"footnotes":""},"categories":[],"tags":[],"class_list":["post-26519","page","type-page","status-publish","hentry"],"_links":{"self":[{"href":"https:\/\/www.congresocoahuila.gob.mx\/portal\/wp-json\/wp\/v2\/pages\/26519","targetHints":{"allow":["GET"]}}],"collection":[{"href":"https:\/\/www.congresocoahuila.gob.mx\/portal\/wp-json\/wp\/v2\/pages"}],"about":[{"href":"https:\/\/www.congresocoahuila.gob.mx\/portal\/wp-json\/wp\/v2\/types\/page"}],"author":[{"embeddable":true,"href":"https:\/\/www.congresocoahuila.gob.mx\/portal\/wp-json\/wp\/v2\/users\/6"}],"replies":[{"embeddable":true,"href":"https:\/\/www.congresocoahuila.gob.mx\/portal\/wp-json\/wp\/v2\/comments?post=26519"}],"version-history":[{"count":15,"href":"https:\/\/www.congresocoahuila.gob.mx\/portal\/wp-json\/wp\/v2\/pages\/26519\/revisions"}],"predecessor-version":[{"id":31342,"href":"https:\/\/www.congresocoahuila.gob.mx\/portal\/wp-json\/wp\/v2\/pages\/26519\/revisions\/31342"}],"wp:attachment":[{"href":"https:\/\/www.congresocoahuila.gob.mx\/portal\/wp-json\/wp\/v2\/media?parent=26519"}],"wp:term":[{"taxonomy":"category","embeddable":true,"href":"https:\/\/www.congresocoahuila.gob.mx\/portal\/wp-json\/wp\/v2\/categories?post=26519"},{"taxonomy":"post_tag","embeddable":true,"href":"https:\/\/www.congresocoahuila.gob.mx\/portal\/wp-json\/wp\/v2\/tags?post=26519"}],"curies":[{"name":"wp","href":"https:\/\/api.w.org\/{rel}","templated":true}]}}