{"id":26710,"date":"2017-07-21T22:31:20","date_gmt":"2017-07-22T03:31:20","guid":{"rendered":"http:\/\/congresocoahuila.gob.mx\/portal\/?page_id=26710"},"modified":"2017-09-27T12:36:25","modified_gmt":"2017-09-27T17:36:25","slug":"segundo-periodo-extraordinario-de-la-lx-legislatura-2017","status":"publish","type":"page","link":"https:\/\/www.congresocoahuila.gob.mx\/portal\/segundo-periodo-extraordinario-de-la-lx-legislatura-2017\/","title":{"rendered":"Segundo Per\u00edodo Extraordinario de la LX Legislatura 2017"},"content":{"rendered":"<p><a href=\"https:\/\/congresocoahuila.gob.mx\/transparencia\/ART\/26\/05\/3ER_A_EJERCICIO_CONSTI_2017\/2NDO_P_EXTRA\/1_PRIMERA_11_JULIO.doc\">Primera Sesi\u00f3n del d\u00eda 11 de Julio de 2017<\/a><br \/>\n<a href=\"https:\/\/congresocoahuila.gob.mx\/transparencia\/ART\/26\/05\/3ER_A_EJERCICIO_CONSTI_2017\/2NDO_P_EXTRA\/2_SEGUNDA_18_JULIO.doc\">Segunda Sesi\u00f3n del d\u00eda 18 de Julio de 2017<\/a><br \/>\n<a href=\"https:\/\/congresocoahuila.gob.mx\/transparencia\/ART\/26\/05\/3ER_A_EJERCICIO_CONSTI_2017\/2NDO_P_EXTRA\/3_TERCERA_11_AGOSTO.doc\">Tercera Sesi\u00f3n del d\u00eda 11 de Agosto de 2017<\/a><br \/>\n<a href=\"https:\/\/congresocoahuila.gob.mx\/transparencia\/ART\/26\/05\/3ER_A_EJERCICIO_CONSTI_2017\/2NDO_P_EXTRA\/4_CUARTA_16_AGOSTO.doc\">Cuarta Sesi\u00f3n del d\u00eda 16 de Agosto de 2017<\/a><br \/>\n<a href=\"https:\/\/congresocoahuila.gob.mx\/transparencia\/ART\/26\/05\/3ER_A_EJERCICIO_CONSTI_2017\/2NDO_P_EXTRA\/5_QUINTA_28_AGOSTO.doc\">Quinta Sesi\u00f3n del d\u00eda 28 de Agosto de 2017<\/a><\/p>\n","protected":false},"excerpt":{"rendered":"<p>Primera Sesi\u00f3n del d\u00eda 11 de Julio de 2017 Segunda Sesi\u00f3n del d\u00eda 18 de Julio de 2017 Tercera Sesi\u00f3n del d\u00eda 11 de Agosto de 2017 Cuarta Sesi\u00f3n del d\u00eda 16 de Agosto de 2017 Quinta Sesi\u00f3n del d\u00eda 28 de Agosto de 2017<\/p>\n","protected":false},"author":6,"featured_media":0,"parent":0,"menu_order":0,"comment_status":"closed","ping_status":"closed","template":"","meta":{"footnotes":""},"categories":[],"tags":[],"class_list":["post-26710","page","type-page","status-publish","hentry"],"_links":{"self":[{"href":"https:\/\/www.congresocoahuila.gob.mx\/portal\/wp-json\/wp\/v2\/pages\/26710","targetHints":{"allow":["GET"]}}],"collection":[{"href":"https:\/\/www.congresocoahuila.gob.mx\/portal\/wp-json\/wp\/v2\/pages"}],"about":[{"href":"https:\/\/www.congresocoahuila.gob.mx\/portal\/wp-json\/wp\/v2\/types\/page"}],"author":[{"embeddable":true,"href":"https:\/\/www.congresocoahuila.gob.mx\/portal\/wp-json\/wp\/v2\/users\/6"}],"replies":[{"embeddable":true,"href":"https:\/\/www.congresocoahuila.gob.mx\/portal\/wp-json\/wp\/v2\/comments?post=26710"}],"version-history":[{"count":6,"href":"https:\/\/www.congresocoahuila.gob.mx\/portal\/wp-json\/wp\/v2\/pages\/26710\/revisions"}],"predecessor-version":[{"id":27478,"href":"https:\/\/www.congresocoahuila.gob.mx\/portal\/wp-json\/wp\/v2\/pages\/26710\/revisions\/27478"}],"wp:attachment":[{"href":"https:\/\/www.congresocoahuila.gob.mx\/portal\/wp-json\/wp\/v2\/media?parent=26710"}],"wp:term":[{"taxonomy":"category","embeddable":true,"href":"https:\/\/www.congresocoahuila.gob.mx\/portal\/wp-json\/wp\/v2\/categories?post=26710"},{"taxonomy":"post_tag","embeddable":true,"href":"https:\/\/www.congresocoahuila.gob.mx\/portal\/wp-json\/wp\/v2\/tags?post=26710"}],"curies":[{"name":"wp","href":"https:\/\/api.w.org\/{rel}","templated":true}]}}