{"id":27743,"date":"2017-10-03T11:44:34","date_gmt":"2017-10-03T16:44:34","guid":{"rendered":"http:\/\/congresocoahuila.gob.mx\/portal\/?page_id=27743"},"modified":"2018-01-09T12:17:49","modified_gmt":"2018-01-09T18:17:49","slug":"21-9-convenios-de-colaboracion-y-contratos","status":"publish","type":"page","link":"https:\/\/www.congresocoahuila.gob.mx\/portal\/21-9-convenios-de-colaboracion-y-contratos\/","title":{"rendered":"21.9 CONVENIOS DE COLABORACI\u00d3N Y CONTRATOS"},"content":{"rendered":"<table style=\"height: 38px;\" width=\"688\">\n<tbody>\n<tr style=\"background-color: #f7f7f7;\">\n<td style=\"text-align: left;\"><a href=\"https:\/\/congresocoahuila.gob.mx\/transparencia\/ART\/21\/9\/convenio_fepade001.pdf\">Documento 1<\/a><\/td>\n<td style=\"text-align: left;\">CONVENIO DE COLABORACI\u00d3N EN MATERIA DE CAPACITACI\u00d3N, DIFUSI\u00d3N Y DIVULGACI\u00d3N PARA PREVENIR LA COMISI\u00d3N DE LOS DELITOS ELECTORALES Y FOMENTAR LA PARTICIPACI\u00d3N CIUDADANA.<\/td>\n<\/tr>\n<tr style=\"background-color: #f7f7f7;\">\n<td style=\"text-align: left;\"><a href=\"https:\/\/congresocoahuila.gob.mx\/transparencia\/ART\/21\/9\/acuerdo_justicia_penal001.pdf\">Documento 2<\/a><\/td>\n<td style=\"text-align: left;\">ACUERDO DE ADHESI\u00d3N PARA LA CONSOLIDACI\u00d3N DEL SISTEMA DE JUSTICIA PENAL QUE CELEBRAN LOS TRES PODERES DEL ESTADO DE COAHUILA DE ZARAGOZA.<\/td>\n<\/tr>\n<\/tbody>\n<\/table>\n<p>Fecha de actualizaci\u00f3n: 31 de Diciembre de 2017.<br \/>\nResponsable de la Informaci\u00f3n: Lic. Juan Carlos Cisneros Ruiz,<br \/>\nDirector Jur\u00eddico del Congreso de Coahuila.<\/p>\n","protected":false},"excerpt":{"rendered":"<p>Documento 1 CONVENIO DE COLABORACI\u00d3N EN MATERIA DE CAPACITACI\u00d3N, DIFUSI\u00d3N Y DIVULGACI\u00d3N PARA PREVENIR LA COMISI\u00d3N DE LOS DELITOS ELECTORALES Y FOMENTAR LA PARTICIPACI\u00d3N CIUDADANA. Documento 2 ACUERDO DE ADHESI\u00d3N PARA LA CONSOLIDACI\u00d3N DEL SISTEMA DE JUSTICIA PENAL QUE CELEBRAN LOS TRES PODERES DEL ESTADO DE COAHUILA DE ZARAGOZA. Fecha de actualizaci\u00f3n: 31 de Diciembre [&hellip;]<\/p>\n","protected":false},"author":2,"featured_media":0,"parent":0,"menu_order":0,"comment_status":"closed","ping_status":"closed","template":"","meta":{"footnotes":""},"categories":[],"tags":[],"class_list":["post-27743","page","type-page","status-publish","hentry"],"_links":{"self":[{"href":"https:\/\/www.congresocoahuila.gob.mx\/portal\/wp-json\/wp\/v2\/pages\/27743","targetHints":{"allow":["GET"]}}],"collection":[{"href":"https:\/\/www.congresocoahuila.gob.mx\/portal\/wp-json\/wp\/v2\/pages"}],"about":[{"href":"https:\/\/www.congresocoahuila.gob.mx\/portal\/wp-json\/wp\/v2\/types\/page"}],"author":[{"embeddable":true,"href":"https:\/\/www.congresocoahuila.gob.mx\/portal\/wp-json\/wp\/v2\/users\/2"}],"replies":[{"embeddable":true,"href":"https:\/\/www.congresocoahuila.gob.mx\/portal\/wp-json\/wp\/v2\/comments?post=27743"}],"version-history":[{"count":9,"href":"https:\/\/www.congresocoahuila.gob.mx\/portal\/wp-json\/wp\/v2\/pages\/27743\/revisions"}],"predecessor-version":[{"id":29626,"href":"https:\/\/www.congresocoahuila.gob.mx\/portal\/wp-json\/wp\/v2\/pages\/27743\/revisions\/29626"}],"wp:attachment":[{"href":"https:\/\/www.congresocoahuila.gob.mx\/portal\/wp-json\/wp\/v2\/media?parent=27743"}],"wp:term":[{"taxonomy":"category","embeddable":true,"href":"https:\/\/www.congresocoahuila.gob.mx\/portal\/wp-json\/wp\/v2\/categories?post=27743"},{"taxonomy":"post_tag","embeddable":true,"href":"https:\/\/www.congresocoahuila.gob.mx\/portal\/wp-json\/wp\/v2\/tags?post=27743"}],"curies":[{"name":"wp","href":"https:\/\/api.w.org\/{rel}","templated":true}]}}