{"id":27874,"date":"2017-10-10T14:59:18","date_gmt":"2017-10-10T19:59:18","guid":{"rendered":"http:\/\/congresocoahuila.gob.mx\/portal\/?page_id=27874"},"modified":"2017-10-25T23:40:15","modified_gmt":"2017-10-26T04:40:15","slug":"relacion-de-aspirantes","status":"publish","type":"page","link":"https:\/\/www.congresocoahuila.gob.mx\/portal\/relacion-de-aspirantes\/","title":{"rendered":"RELACI\u00d3N DE ASPIRANTES ICAI"},"content":{"rendered":"<p><a href=\"https:\/\/congresocoahuila.gob.mx\/transparencia\/00\/documentos\/Registro_Aspirantes_Comisionado_ICAI.pdf\">RELACI\u00d3N DE ASPIRANTES REGISTRADOS PARA OCUPAR EL CARGO DE COMISIONADO DEL CONSEJO GENERAL DEL INSTITUTO COAHUILENSE DE ACCESO A LA INFORMACI\u00d3N P\u00daBLICA.<\/a><\/p>\n<p><a href=\"https:\/\/congresocoahuila.gob.mx\/transparencia\/00\/documentos\/Registro_Aspirantes_Comisionado_ICAI_Cumplieron_Requisitos.pdf\">RELACI\u00d3N DE ASPIRANTES AL CARGO DE COMISIONADO DEL CONSEJO GENERAL DEL INSTITUTO COAHUILENSE DE ACCESO A LA INFORMACI\u00d3N P\u00daBLICA, QUE CUMPLIERON LOS REQUISITOS ESTABLECIDOS EN LA CONVOCATORIA CORRESPONDIENTE.<\/a><\/p>\n<p>&nbsp;<\/p>\n","protected":false},"excerpt":{"rendered":"<p>RELACI\u00d3N DE ASPIRANTES REGISTRADOS PARA OCUPAR EL CARGO DE COMISIONADO DEL CONSEJO GENERAL DEL INSTITUTO COAHUILENSE DE ACCESO A LA INFORMACI\u00d3N P\u00daBLICA. RELACI\u00d3N DE ASPIRANTES AL CARGO DE COMISIONADO DEL CONSEJO GENERAL DEL INSTITUTO COAHUILENSE DE ACCESO A LA INFORMACI\u00d3N P\u00daBLICA, QUE CUMPLIERON LOS REQUISITOS ESTABLECIDOS EN LA CONVOCATORIA CORRESPONDIENTE. &nbsp;<\/p>\n","protected":false},"author":6,"featured_media":0,"parent":0,"menu_order":0,"comment_status":"closed","ping_status":"closed","template":"","meta":{"footnotes":""},"categories":[],"tags":[],"class_list":["post-27874","page","type-page","status-publish","hentry"],"_links":{"self":[{"href":"https:\/\/www.congresocoahuila.gob.mx\/portal\/wp-json\/wp\/v2\/pages\/27874","targetHints":{"allow":["GET"]}}],"collection":[{"href":"https:\/\/www.congresocoahuila.gob.mx\/portal\/wp-json\/wp\/v2\/pages"}],"about":[{"href":"https:\/\/www.congresocoahuila.gob.mx\/portal\/wp-json\/wp\/v2\/types\/page"}],"author":[{"embeddable":true,"href":"https:\/\/www.congresocoahuila.gob.mx\/portal\/wp-json\/wp\/v2\/users\/6"}],"replies":[{"embeddable":true,"href":"https:\/\/www.congresocoahuila.gob.mx\/portal\/wp-json\/wp\/v2\/comments?post=27874"}],"version-history":[{"count":9,"href":"https:\/\/www.congresocoahuila.gob.mx\/portal\/wp-json\/wp\/v2\/pages\/27874\/revisions"}],"predecessor-version":[{"id":28155,"href":"https:\/\/www.congresocoahuila.gob.mx\/portal\/wp-json\/wp\/v2\/pages\/27874\/revisions\/28155"}],"wp:attachment":[{"href":"https:\/\/www.congresocoahuila.gob.mx\/portal\/wp-json\/wp\/v2\/media?parent=27874"}],"wp:term":[{"taxonomy":"category","embeddable":true,"href":"https:\/\/www.congresocoahuila.gob.mx\/portal\/wp-json\/wp\/v2\/categories?post=27874"},{"taxonomy":"post_tag","embeddable":true,"href":"https:\/\/www.congresocoahuila.gob.mx\/portal\/wp-json\/wp\/v2\/tags?post=27874"}],"curies":[{"name":"wp","href":"https:\/\/api.w.org\/{rel}","templated":true}]}}