{"id":29737,"date":"2018-01-11T10:10:55","date_gmt":"2018-01-11T16:10:55","guid":{"rendered":"http:\/\/congresocoahuila.gob.mx\/portal\/?page_id=29737"},"modified":"2018-01-11T14:50:57","modified_gmt":"2018-01-11T20:50:57","slug":"26-18-lx","status":"publish","type":"page","link":"https:\/\/www.congresocoahuila.gob.mx\/portal\/26-18-lx\/","title":{"rendered":"26-18-LX"},"content":{"rendered":"<p><a href=\"https:\/\/congresocoahuila.gob.mx\/transparencia\/02\/COMISIONES_COMITES\/COMISIONES_COMITES_LX.doc\">Integraci\u00f3n de las Comisiones y Comit\u00e9s de la LX Legislatura<\/a><a href=\"http:\/\/congresocoahuila.gob.mx\/portal\/wp-content\/uploads\/2014\/11\/COMISIONES_COMITES_LX.doc\"><br \/>\n<\/a><a href=\"https:\/\/congresocoahuila.gob.mx\/transparencia\/02\/COMISIONES_COMITES\/COMISIONES_ESPECIALES_LX.doc\">Integraci\u00f3n de las Comisiones y Comit\u00e9s Especiales de la LX Legislatura<\/a><\/p>\n<p>Fecha de actualizaci\u00f3n: 31 de\u00a0Diciembre de 2017.<br \/>\nResponsable de la Informaci\u00f3n: Lic. Francisco Javier Rangel Castro,<br \/>\nOficial Mayor\u00a0del H. Congreso del Estado de Coahuila.<\/p>\n","protected":false},"excerpt":{"rendered":"<p>Integraci\u00f3n de las Comisiones y Comit\u00e9s de la LX Legislatura Integraci\u00f3n de las Comisiones y Comit\u00e9s Especiales de la LX Legislatura Fecha de actualizaci\u00f3n: 31 de\u00a0Diciembre de 2017. Responsable de la Informaci\u00f3n: Lic. Francisco Javier Rangel Castro, Oficial Mayor\u00a0del H. Congreso del Estado de Coahuila.<\/p>\n","protected":false},"author":6,"featured_media":0,"parent":0,"menu_order":0,"comment_status":"closed","ping_status":"closed","template":"","meta":{"footnotes":""},"categories":[],"tags":[],"class_list":["post-29737","page","type-page","status-publish","hentry"],"_links":{"self":[{"href":"https:\/\/www.congresocoahuila.gob.mx\/portal\/wp-json\/wp\/v2\/pages\/29737","targetHints":{"allow":["GET"]}}],"collection":[{"href":"https:\/\/www.congresocoahuila.gob.mx\/portal\/wp-json\/wp\/v2\/pages"}],"about":[{"href":"https:\/\/www.congresocoahuila.gob.mx\/portal\/wp-json\/wp\/v2\/types\/page"}],"author":[{"embeddable":true,"href":"https:\/\/www.congresocoahuila.gob.mx\/portal\/wp-json\/wp\/v2\/users\/6"}],"replies":[{"embeddable":true,"href":"https:\/\/www.congresocoahuila.gob.mx\/portal\/wp-json\/wp\/v2\/comments?post=29737"}],"version-history":[{"count":3,"href":"https:\/\/www.congresocoahuila.gob.mx\/portal\/wp-json\/wp\/v2\/pages\/29737\/revisions"}],"predecessor-version":[{"id":29746,"href":"https:\/\/www.congresocoahuila.gob.mx\/portal\/wp-json\/wp\/v2\/pages\/29737\/revisions\/29746"}],"wp:attachment":[{"href":"https:\/\/www.congresocoahuila.gob.mx\/portal\/wp-json\/wp\/v2\/media?parent=29737"}],"wp:term":[{"taxonomy":"category","embeddable":true,"href":"https:\/\/www.congresocoahuila.gob.mx\/portal\/wp-json\/wp\/v2\/categories?post=29737"},{"taxonomy":"post_tag","embeddable":true,"href":"https:\/\/www.congresocoahuila.gob.mx\/portal\/wp-json\/wp\/v2\/tags?post=29737"}],"curies":[{"name":"wp","href":"https:\/\/api.w.org\/{rel}","templated":true}]}}