{"id":30440,"date":"2018-03-13T13:47:42","date_gmt":"2018-03-13T19:47:42","guid":{"rendered":"http:\/\/congresocoahuila.gob.mx\/portal\/?page_id=30440"},"modified":"2021-03-23T12:30:27","modified_gmt":"2021-03-23T18:30:27","slug":"21-22-lxi","status":"publish","type":"page","link":"https:\/\/www.congresocoahuila.gob.mx\/portal\/21-22-lxi\/","title":{"rendered":"21-22 LXI"},"content":{"rendered":"<table style=\"height: 96px;\" width=\"531\">\n<tbody>\n<tr style=\"background-color: #f7f7f7;\">\n<td style=\"text-align: left;\"><a href=\"https:\/\/congresocoahuila.gob.mx\/transparencia\/ART\/21\/22\/LXI\/UNIDAD_TRANSPARENCIA.pdf\">Integrantes de la Unidad de Transparencia<\/a><\/td>\n<\/tr>\n<tr style=\"background-color: #e3e3e3;\">\n<td style=\"text-align: left;\"><a href=\"http:\/\/congresocoahuila.gob.mx\/portal\/21-22-lxi-integrantes-del-comite-de-transparencia\">Integrantes del Comit\u00e9 de Transparencia<\/a><\/td>\n<\/tr>\n<tr style=\"background-color: #f2f2f2;\">\n<td style=\"text-align: left;\"><a href=\"http:\/\/congresocoahuila.gob.mx\/portal\/21-22-reunion-del-comite-de-transparencia-lxi\">Reuni\u00f3n del Comit\u00e9 de Transparencia<\/a><\/td>\n<\/tr>\n<tr style=\"background-color: #f2f2f2;\">\n<td style=\"text-align: left;\"><a href=\"http:\/\/congresocoahuila.gob.mx\/portal\/21-22-mapa-georreferenciado-de-la-oficina-de-la-unidad-de-transparencia\">Mapa georreferenciado de la oficina de la Unidad de Transparencia<\/a><\/td>\n<\/tr>\n<\/tbody>\n<\/table>\n<p><strong>Fecha de Actualizaci\u00f3n:<\/strong> 31 de diciembre de 2020.<br \/>\n<strong>Responsable de la Informaci\u00f3n:<\/strong>\u00a0Lic. Leticia Nayelli Decanini Salinas,<br \/>\nDirector de Asuntos Jur\u00eddicos del H. Congreso del Estado de Coahuila.<\/p>\n","protected":false},"excerpt":{"rendered":"<p>Integrantes de la Unidad de Transparencia Integrantes del Comit\u00e9 de Transparencia Reuni\u00f3n del Comit\u00e9 de Transparencia Mapa georreferenciado de la oficina de la Unidad de Transparencia Fecha de Actualizaci\u00f3n: 31 de diciembre de 2020. Responsable de la Informaci\u00f3n:\u00a0Lic. Leticia Nayelli Decanini Salinas, Director de Asuntos Jur\u00eddicos del H. Congreso del Estado de Coahuila.<\/p>\n","protected":false},"author":6,"featured_media":0,"parent":0,"menu_order":0,"comment_status":"closed","ping_status":"closed","template":"","meta":{"footnotes":""},"categories":[],"tags":[],"class_list":["post-30440","page","type-page","status-publish","hentry"],"_links":{"self":[{"href":"https:\/\/www.congresocoahuila.gob.mx\/portal\/wp-json\/wp\/v2\/pages\/30440","targetHints":{"allow":["GET"]}}],"collection":[{"href":"https:\/\/www.congresocoahuila.gob.mx\/portal\/wp-json\/wp\/v2\/pages"}],"about":[{"href":"https:\/\/www.congresocoahuila.gob.mx\/portal\/wp-json\/wp\/v2\/types\/page"}],"author":[{"embeddable":true,"href":"https:\/\/www.congresocoahuila.gob.mx\/portal\/wp-json\/wp\/v2\/users\/6"}],"replies":[{"embeddable":true,"href":"https:\/\/www.congresocoahuila.gob.mx\/portal\/wp-json\/wp\/v2\/comments?post=30440"}],"version-history":[{"count":40,"href":"https:\/\/www.congresocoahuila.gob.mx\/portal\/wp-json\/wp\/v2\/pages\/30440\/revisions"}],"predecessor-version":[{"id":39634,"href":"https:\/\/www.congresocoahuila.gob.mx\/portal\/wp-json\/wp\/v2\/pages\/30440\/revisions\/39634"}],"wp:attachment":[{"href":"https:\/\/www.congresocoahuila.gob.mx\/portal\/wp-json\/wp\/v2\/media?parent=30440"}],"wp:term":[{"taxonomy":"category","embeddable":true,"href":"https:\/\/www.congresocoahuila.gob.mx\/portal\/wp-json\/wp\/v2\/categories?post=30440"},{"taxonomy":"post_tag","embeddable":true,"href":"https:\/\/www.congresocoahuila.gob.mx\/portal\/wp-json\/wp\/v2\/tags?post=30440"}],"curies":[{"name":"wp","href":"https:\/\/api.w.org\/{rel}","templated":true}]}}

<table style="height: 96px;" width="531">
<tbody>
<tr style="background-color: #f7f7f7;">
<td style="text-align: left;"><a href="https://congresocoahuila.gob.mx/transparencia/ART/21/22/LXI/UNIDAD_TRANSPARENCIA.pdf">Integrantes de la Unidad de Transparencia</a></td>
</tr>
<tr style="background-color: #e3e3e3;">
<td style="text-align: left;"><a href="http://congresocoahuila.gob.mx/portal/21-22-lxi-integrantes-del-comite-de-transparencia">Integrantes del Comité de Transparencia</a></td>
</tr>
<tr style="background-color: #f2f2f2;">
<td style="text-align: left;"><a href="http://congresocoahuila.gob.mx/portal/21-22-reunion-del-comite-de-transparencia-lxi">Reunión del Comité de Transparencia</a></td>
</tr>
<tr style="background-color: #f2f2f2;">
<td style="text-align: left;"><a href="http://congresocoahuila.gob.mx/portal/21-22-mapa-georreferenciado-de-la-oficina-de-la-unidad-de-transparencia">Mapa georreferenciado de la oficina de la Unidad de Transparencia</a></td>
</tr>
</tbody>
</table>
<p><strong>Fecha de Actualización:</strong> 31 de diciembre de 2020.<br />
<strong>Responsable de la Información:</strong> Lic. Leticia Nayelli Decanini Salinas,<br />
Director de Asuntos Jurídicos del H. Congreso del Estado de Coahuila.</p>

<p>Integrantes de la Unidad de Transparencia Integrantes del Comité de Transparencia Reunión del Comité de Transparencia Mapa georreferenciado de la oficina de la Unidad de Transparencia Fecha de Actualización: 31 de diciembre de 2020. Responsable de la Información: Lic. Leticia Nayelli Decanini Salinas, Director de Asuntos Jurídicos del H. Congreso del Estado de Coahuila.</p>
