{"id":30514,"date":"2018-03-21T11:22:40","date_gmt":"2018-03-21T17:22:40","guid":{"rendered":"http:\/\/congresocoahuila.gob.mx\/portal\/?page_id=30514"},"modified":"2018-03-21T11:22:40","modified_gmt":"2018-03-21T17:22:40","slug":"articulo-21-xiv-lx","status":"publish","type":"page","link":"https:\/\/www.congresocoahuila.gob.mx\/portal\/articulo-21-xiv-lx\/","title":{"rendered":"ART\u00cdCULO 21-XIV-lX"},"content":{"rendered":"<p>El Congreso del Estado conoce de la iniciativa popular, cuyos requisitos y tr\u00e1mites pueden ser consultados<br \/>\nen la <a href=\"https:\/\/congresocoahuila.gob.mx\/transparencia\/ART\/21\/14\/coa1121.pdf\"> Ley de Participaci\u00f3n Ciudadana para el Estado de Coahuila de Zaragoza<\/a>, en los art\u00edculos 39 al 47.<\/p>\n<p>&nbsp;<\/p>\n<p>En ese tenor los mecanismos de participaci\u00f3n ciudadana previstos en la normatividad (inciso a) que est\u00e1n en funcionamiento en este sujeto obligado, la podr\u00e1 encontrar en los art\u00edculos 4 y 5 de la Ley de Participaci\u00f3n Ciudadana para el Estado de Coahuila de Zaragoza, tal y como a continuaci\u00f3n se describe literalmente:<\/p>\n<p>&nbsp;<\/p>\n<h2 style=\"text-align: center;\">LEY DE PARTICIPACI\u00d3N CIUDADANA PARA<\/h2>\n<h2 style=\"text-align: center;\"><strong>EL ESTADO DE COAHUILA DE ZARAGOZA<\/strong><\/h2>\n<p><strong>ART\u00cdCULO 4\u00b0. LOS INSTRUMENTOS DE PARTICIPACI\u00d3N CIUDADANA Y\/O COMUNITARIA. <\/strong>Los instrumentos de participaci\u00f3n ciudadana y\/o comunitaria son:<\/p>\n<ol>\n<li>El plebiscito.<\/li>\n<li>El referendo.<\/li>\n<\/ol>\n<p>III.\u00a0\u00a0\u00a0\u00a0\u00a0\u00a0\u00a0\u00a0 La iniciativa popular.<\/p>\n<ol>\n<li>La consulta popular.<\/li>\n<li>La colaboraci\u00f3n comunitaria.<\/li>\n<li>La audiencia p\u00fablica.<\/li>\n<\/ol>\n<p>VII.\u00a0\u00a0\u00a0\u00a0\u00a0\u00a0\u00a0 Los dem\u00e1s que establezcan otras disposiciones aplicables o las autoridades estatales o municipales, en los \u00e1mbitos de sus\u00a0 competencias, para garantizar la participaci\u00f3n ciudadana y comunitaria en su vida p\u00fablica.<\/p>\n<p>Los instrumentos de participaci\u00f3n y organizaci\u00f3n ciudadana y comunitaria son complementarios entre s\u00ed.<\/p>\n<p><strong>ART\u00cdCULO 5\u00b0. LOS INSTRUMENTOS DE ORGANIZACI\u00d3N CIUDADANA Y\/O COMUNITARIA. <\/strong>Los instrumentos de organizaci\u00f3n ciudadana y\/o comunitaria son:<\/p>\n<ol>\n<li>Los Consejos de Participaci\u00f3n Ciudadana.<\/li>\n<li>Los Consejos de Participaci\u00f3n Comunitaria.<\/li>\n<\/ol>\n<p>III.\u00a0\u00a0\u00a0\u00a0\u00a0\u00a0\u00a0\u00a0 Los dem\u00e1s que establezcan otras disposiciones aplicables o las autoridades estatales o municipales, en los \u00e1mbitos de sus competencias, para garantizar la organizaci\u00f3n ciudadana y comunitaria en su vida p\u00fablica.<\/p>\n<p>Ahora bien adem\u00e1s de lo referido este Parlamento cuenta con mecanismos de participaci\u00f3n ciudadana\u00a0 informales en funcionamiento, como son los siguientes.-<\/p>\n<p>&nbsp;<\/p>\n<ol>\n<li><strong>Foros de Consulta<\/strong><\/li>\n<\/ol>\n<p>Desde el 2012 a la Fecha se han llevado a cabo los siguientes Foros de Consulta:<\/p>\n<ol>\n<li><strong>Foros de Consulta sobre la <\/strong><strong>Ley de Ciencia, Tecnolog\u00eda e Innovaci\u00f3n de Coahuila: <\/strong>los cuales se realizaron en coordinaci\u00f3n entre el Poder Legislativo y el Coecyt. Estos foros, se llevaron a cabo del 14 de octubre al 25 de noviembre de 2015 en diversas partes del Estado, tales como:<\/li>\n<\/ol>\n<ul>\n<li>Monclova<\/li>\n<li>Piedras Negras<\/li>\n<li>Torre\u00f3n<\/li>\n<li>Saltillo<\/li>\n<\/ul>\n<p>&nbsp;<\/p>\n<ol start=\"2\">\n<li><strong>Foro del Consulta sobre la Ley para la Familia del Estado de Coahuila<\/strong>: el cual se llev\u00f3 a cabo el 5 de Junio de 2015, en el Campus Arteaga de la Universidad Aut\u00f3noma de Coahuila. El cual se realiz\u00f3 en coordinaci\u00f3n con el Poder Judicial del Estado.<\/li>\n<li><strong>Coloquios:<\/strong><\/li>\n<\/ol>\n<p>Los Coloquios son peque\u00f1os eventos, mediante los cuales se busca fomentar la cercan\u00eda del Congreso con los estudiantes, investigadores, acad\u00e9micos y p\u00fablico en general.<\/p>\n<p>Hasta la fecha se han llevado a cabo 8 Coloquios, con los temas de:<\/p>\n<ul>\n<li>Controles Parlamentarios<\/li>\n<li>Participaci\u00f3n Pol\u00edtica de la Mujer<\/li>\n<li>Derechos Humanos de los Ni\u00f1os, Ni\u00f1as y Adolescentes<\/li>\n<li>Personas Adultas Mayores<\/li>\n<li>Contra la Discriminaci\u00f3n<\/li>\n<li>Contra el C\u00e1ncer de Mama<\/li>\n<li>Sistemas de Pensiones<\/li>\n<li>Difusi\u00f3n Legislativa y presentaci\u00f3n de la revista \u201cCultura Parlamentaria Coahuila\u201d<\/li>\n<\/ul>\n<p>La invitaci\u00f3n se hace extensiva a todo el p\u00fablico a trav\u00e9s de las redes sociales del Congreso del Estado.<\/p>\n<ul>\n<li><strong>Congreso Itinerante:<\/strong><\/li>\n<\/ul>\n<p>Se trata de un nuevo proyecto, mediante el cual los integrantes de la LX Legislatura acuden a un municipio del Estado para realizar una sesi\u00f3n, con la intenci\u00f3n de escuchar las demandas y necesidades de la sociedad coahuilense.<\/p>\n<p>Los municipios en los cuales se ha llevado a cabo un Congreso Itinerante son:<\/p>\n<ul>\n<li>Torre\u00f3n<\/li>\n<li>Sierra Mojada<\/li>\n<li>Monclova<\/li>\n<li>Piedras Negras<\/li>\n<li>Parras<\/li>\n<li>Cuatro Ci\u00e9negas<\/li>\n<li>Nava<\/li>\n<li>Ocampo<\/li>\n<\/ul>\n<ol>\n<li><strong>Parlamento Abierto:<\/strong><\/li>\n<\/ol>\n<p>En Enero del 2015, el Congreso del Estado suscribi\u00f3 el acuerdo establecido por el Congreso de la Uni\u00f3n para formar parte del modelo \u201cParlamento Abierto\u201d.<\/p>\n<p>La finalidad de este acuerdo es lograr una mayor apertura gubernamental y una mayor gesti\u00f3n\u00a0 de pol\u00edticas de transparencia y de redici\u00f3n de cuentas por parte del Congreso Local, con la finalidad de motivar\u00a0 la participaci\u00f3n ciudadana.<\/p>\n<ol>\n<li><strong>Amigos del Congreso.<\/strong><\/li>\n<\/ol>\n<p>Plataforma infantil del Congreso del Estado, la cual incluye derechos humanos de ni\u00f1os y ni\u00f1as, instituciones que trabajan por la ni\u00f1ez y una breve explicaci\u00f3n del trabajo de las y los Diputados. Esta plataforma, se encuentra disponible en el portal de internet oficial del Congreso.<br \/>\nFecha de actualizaci\u00f3n: 31 de Diciembre de 2017.<br \/>\nResponsable de la Informaci\u00f3n: Lic. Francisco Javier Rangel Castro,<br \/>\nOficial Mayor\u00a0del H. Congreso del Estado de Coahuila<\/p>\n","protected":false},"excerpt":{"rendered":"<p>El Congreso del Estado conoce de la iniciativa popular, cuyos requisitos y tr\u00e1mites pueden ser consultados en la Ley de Participaci\u00f3n Ciudadana para el Estado de Coahuila de Zaragoza, en los art\u00edculos 39 al 47. &nbsp; En ese tenor los mecanismos de participaci\u00f3n ciudadana previstos en la normatividad (inciso a) que est\u00e1n en funcionamiento en [&hellip;]<\/p>\n","protected":false},"author":6,"featured_media":0,"parent":0,"menu_order":0,"comment_status":"closed","ping_status":"closed","template":"","meta":{"footnotes":""},"categories":[],"tags":[],"class_list":["post-30514","page","type-page","status-publish","hentry"],"_links":{"self":[{"href":"https:\/\/www.congresocoahuila.gob.mx\/portal\/wp-json\/wp\/v2\/pages\/30514","targetHints":{"allow":["GET"]}}],"collection":[{"href":"https:\/\/www.congresocoahuila.gob.mx\/portal\/wp-json\/wp\/v2\/pages"}],"about":[{"href":"https:\/\/www.congresocoahuila.gob.mx\/portal\/wp-json\/wp\/v2\/types\/page"}],"author":[{"embeddable":true,"href":"https:\/\/www.congresocoahuila.gob.mx\/portal\/wp-json\/wp\/v2\/users\/6"}],"replies":[{"embeddable":true,"href":"https:\/\/www.congresocoahuila.gob.mx\/portal\/wp-json\/wp\/v2\/comments?post=30514"}],"version-history":[{"count":1,"href":"https:\/\/www.congresocoahuila.gob.mx\/portal\/wp-json\/wp\/v2\/pages\/30514\/revisions"}],"predecessor-version":[{"id":30516,"href":"https:\/\/www.congresocoahuila.gob.mx\/portal\/wp-json\/wp\/v2\/pages\/30514\/revisions\/30516"}],"wp:attachment":[{"href":"https:\/\/www.congresocoahuila.gob.mx\/portal\/wp-json\/wp\/v2\/media?parent=30514"}],"wp:term":[{"taxonomy":"category","embeddable":true,"href":"https:\/\/www.congresocoahuila.gob.mx\/portal\/wp-json\/wp\/v2\/categories?post=30514"},{"taxonomy":"post_tag","embeddable":true,"href":"https:\/\/www.congresocoahuila.gob.mx\/portal\/wp-json\/wp\/v2\/tags?post=30514"}],"curies":[{"name":"wp","href":"https:\/\/api.w.org\/{rel}","templated":true}]}}