{"id":30648,"date":"2018-03-23T12:06:48","date_gmt":"2018-03-23T18:06:48","guid":{"rendered":"http:\/\/congresocoahuila.gob.mx\/portal\/?page_id=30648"},"modified":"2021-01-08T13:44:09","modified_gmt":"2021-01-08T19:44:09","slug":"articulo-21-xii-lxi-2","status":"publish","type":"page","link":"https:\/\/www.congresocoahuila.gob.mx\/portal\/articulo-21-xii-lxi-2\/","title":{"rendered":"ART\u00cdCULO 21-XII-LXI"},"content":{"rendered":"<div align=\"center\">\n<p><span class=\"Estilo21\"><span class=\"Estilo10\">LISTADO CON LOS SERVICIOS QUE OFRECE<\/span><\/span><\/p>\n<table style=\"height: 151px; width: 412px;\" border=\"0\" width=\"209\" cellspacing=\"1\" cellpadding=\"0\" align=\"center\">\n<tbody>\n<tr style=\"height: 22px;\">\n<td style=\"height: 22px; width: 408px;\" bgcolor=\"#CCCCCC\"><strong class=\"Estilo9\">CONSULTA<\/strong><\/td>\n<\/tr>\n<tr>\n<td style=\"width: 408px;\"><a href=\"https:\/\/congresocoahuila.gob.mx\/transparencia\/ART\/21\/12\/21_12_BIBLIOTECA_LXI.pdf\">\u00c1rea de Biblioteca<\/a><\/td>\n<\/tr>\n<tr>\n<td style=\"width: 408px;\"><a href=\"https:\/\/congresocoahuila.gob.mx\/transparencia\/ART\/21\/12\/21_12_ARCHIVO_LXI.pdf\">Archivo Hist\u00f3rico<\/a><\/td>\n<\/tr>\n<tr>\n<td style=\"width: 408px;\"><a href=\"https:\/\/congresocoahuila.gob.mx\/transparencia\/ART\/21\/12\/SOLICITUDES_INFORMACION.docx\">Solicitudes de Acceso a la Informaci\u00f3n<\/a><\/td>\n<\/tr>\n<tr style=\"height: 42px;\">\n<td style=\"height: 42px; width: 408px;\"><a href=\"https:\/\/congresocoahuila.gob.mx\/transparencia\/ART\/21\/12\/SOLICITUDES_DERECHO_ARCO.docx\">Solicitudes de Protecci\u00f3n de Datos Personales<\/a><\/td>\n<\/tr>\n<\/tbody>\n<\/table>\n<\/div>\n<div style=\"text-align: right;\" align=\"center\">\n<div><\/div>\n<div><\/div>\n<\/div>\n<div><\/div>\n<div style=\"text-align: right;\" align=\"center\">\n<div><strong>Fecha de actualizaci\u00f3n:<\/strong> 31 de diciembre de 2020.<\/div>\n<div><strong>Responsable de la Informaci\u00f3n:<\/strong>\u00a0Lic. Leticia Nayelli Decanini Salinas,<br \/>\nDirectora de Asuntos Jur\u00eddicos del Congreso del Estado de Coahuila.<\/div>\n<\/div>\n","protected":false},"excerpt":{"rendered":"<p>LISTADO CON LOS SERVICIOS QUE OFRECE CONSULTA \u00c1rea de Biblioteca Archivo Hist\u00f3rico Solicitudes de Acceso a la Informaci\u00f3n Solicitudes de Protecci\u00f3n de Datos Personales Fecha de actualizaci\u00f3n: 31 de diciembre de 2020. Responsable de la Informaci\u00f3n:\u00a0Lic. Leticia Nayelli Decanini Salinas, Directora de Asuntos Jur\u00eddicos del Congreso del Estado de Coahuila.<\/p>\n","protected":false},"author":6,"featured_media":0,"parent":0,"menu_order":0,"comment_status":"closed","ping_status":"closed","template":"","meta":{"footnotes":""},"categories":[],"tags":[],"class_list":["post-30648","page","type-page","status-publish","hentry"],"_links":{"self":[{"href":"https:\/\/www.congresocoahuila.gob.mx\/portal\/wp-json\/wp\/v2\/pages\/30648","targetHints":{"allow":["GET"]}}],"collection":[{"href":"https:\/\/www.congresocoahuila.gob.mx\/portal\/wp-json\/wp\/v2\/pages"}],"about":[{"href":"https:\/\/www.congresocoahuila.gob.mx\/portal\/wp-json\/wp\/v2\/types\/page"}],"author":[{"embeddable":true,"href":"https:\/\/www.congresocoahuila.gob.mx\/portal\/wp-json\/wp\/v2\/users\/6"}],"replies":[{"embeddable":true,"href":"https:\/\/www.congresocoahuila.gob.mx\/portal\/wp-json\/wp\/v2\/comments?post=30648"}],"version-history":[{"count":45,"href":"https:\/\/www.congresocoahuila.gob.mx\/portal\/wp-json\/wp\/v2\/pages\/30648\/revisions"}],"predecessor-version":[{"id":39624,"href":"https:\/\/www.congresocoahuila.gob.mx\/portal\/wp-json\/wp\/v2\/pages\/30648\/revisions\/39624"}],"wp:attachment":[{"href":"https:\/\/www.congresocoahuila.gob.mx\/portal\/wp-json\/wp\/v2\/media?parent=30648"}],"wp:term":[{"taxonomy":"category","embeddable":true,"href":"https:\/\/www.congresocoahuila.gob.mx\/portal\/wp-json\/wp\/v2\/categories?post=30648"},{"taxonomy":"post_tag","embeddable":true,"href":"https:\/\/www.congresocoahuila.gob.mx\/portal\/wp-json\/wp\/v2\/tags?post=30648"}],"curies":[{"name":"wp","href":"https:\/\/api.w.org\/{rel}","templated":true}]}}