{"id":32561,"date":"2019-01-07T12:20:57","date_gmt":"2019-01-07T18:20:57","guid":{"rendered":"http:\/\/congresocoahuila.gob.mx\/portal\/?page_id=32561"},"modified":"2019-01-07T12:58:10","modified_gmt":"2019-01-07T18:58:10","slug":"primer-periodo-de-la-diputacion-permanente-del-segundo-ano-de-ejercicio-constitucional-de-la-lxi-legislatura-2019","status":"publish","type":"page","link":"https:\/\/www.congresocoahuila.gob.mx\/portal\/primer-periodo-de-la-diputacion-permanente-del-segundo-ano-de-ejercicio-constitucional-de-la-lxi-legislatura-2019\/","title":{"rendered":"Primer Per\u00edodo de la Diputaci\u00f3n Permanente del Segundo A\u00f1o de Ejercicio Constitucional de la LXI Legislatura 2019"},"content":{"rendered":"<table style=\"height: 233px;\" width=\"447\">\n<tbody>\n<tr>\n<td style=\"text-align: left;\"><strong>Presidenta: <\/strong>Dip. Gabriela Zapopan Garza Galv\u00e1n<\/td>\n<td style=\"text-align: left;\"><strong>Suplente:\u00a0<\/strong>Dip.Rosa Nilda Gonz\u00e1lez Noriega<\/td>\n<\/tr>\n<tr>\n<td style=\"text-align: left;\"><strong>Vicepresidente:\u00a0<\/strong>Dip. Jes\u00fas Berino Granados<\/td>\n<td style=\"text-align: left;\"><strong>Suplente:\u00a0<\/strong>Dip. Lilia Isabel Guti\u00e9rrez Burciaga<\/td>\n<\/tr>\n<tr>\n<td style=\"text-align: left;\"><strong>Secretario:\u00a0<\/strong>Dip. Jes\u00fas Andr\u00e9s Loya Cardona<\/td>\n<td style=\"text-align: left;\"><strong>Suplente: <\/strong>Dip. Jaime Bueno Zertuche<\/td>\n<\/tr>\n<tr>\n<td style=\"text-align: left;\"><strong>Secretaria:\u00a0<\/strong>Dip. Elisa Catalina Villalobos Hern\u00e1ndez<\/td>\n<td style=\"text-align: left;\"><strong>Suplente:\u00a0<\/strong>Dip. Jos\u00e9 Benito Ram\u00edrez Rosas<\/td>\n<\/tr>\n<tr>\n<td style=\"text-align: left;\"><strong>Vocal:\u00a0<\/strong>Dip. Claudia Isela Ram\u00edrez Pineda<\/td>\n<td style=\"text-align: left;\"><strong>Suplente:\u00a0<\/strong>Dip. Josefina Garza Barrera<\/td>\n<\/tr>\n<tr>\n<td style=\"text-align: left;\"><strong>Vocal:\u00a0<\/strong>Dip. Graciela Fern\u00e1ndez Almaraz<\/td>\n<td style=\"text-align: left;\"><strong>Suplente:\u00a0<\/strong>Dip. Luc\u00eda Azucena Ramos Ramos<\/td>\n<\/tr>\n<tr>\n<td style=\"text-align: left;\"><strong>Vocal:\u00a0<\/strong>Dip. Blanca Eppen Canales<\/td>\n<td style=\"text-align: left;\"><strong>Suplente:\u00a0<\/strong>Dip. Mar\u00eda Eugenia C\u00e1zares Mart\u00ednez<\/td>\n<\/tr>\n<tr>\n<td style=\"text-align: left;\"><strong>Vocal:\u00a0 <\/strong>Dip. Marcelo de Jes\u00fas Torres Cofi\u00f1o<\/td>\n<td style=\"text-align: left;\"><strong>Suplente:\u00a0<\/strong>Dip. Juan Antonio Garc\u00eda Villa<\/td>\n<\/tr>\n<tr>\n<td style=\"text-align: left;\"><strong>Vocal:\u00a0<\/strong>Dip. Jos\u00e9 Benito Ram\u00edrez Rosas<\/td>\n<td style=\"text-align: left;\"><strong>Suplente:\u00a0<\/strong>Dip. Elisa Catalina Villalobos Hern\u00e1ndez<\/td>\n<\/tr>\n<tr>\n<td style=\"text-align: left;\"><strong>Vocal:\u00a0<\/strong>Dip. Zulmma Verenice Guerrero C\u00e1zares<\/td>\n<td style=\"text-align: left;\"><strong>Suplente:\u00a0<\/strong>Dip. Emilio Alejandro De Hoyos Montemayor<\/td>\n<\/tr>\n<tr>\n<td style=\"text-align: left;\"><strong>Vocal:\u00a0<\/strong>Dip. Edgar Gerardo S\u00e1nchez Garza<\/td>\n<td style=\"text-align: left;\"><strong>Suplente: <\/strong>Dip. Diana Patricia Gonz\u00e1lez Soto<\/td>\n<\/tr>\n<\/tbody>\n<\/table>\n<p>&nbsp;<\/p>\n","protected":false},"excerpt":{"rendered":"<p>Presidenta: Dip. Gabriela Zapopan Garza Galv\u00e1n Suplente:\u00a0Dip.Rosa Nilda Gonz\u00e1lez Noriega Vicepresidente:\u00a0Dip. Jes\u00fas Berino Granados Suplente:\u00a0Dip. Lilia Isabel Guti\u00e9rrez Burciaga Secretario:\u00a0Dip. Jes\u00fas Andr\u00e9s Loya Cardona Suplente: Dip. Jaime Bueno Zertuche Secretaria:\u00a0Dip. Elisa Catalina Villalobos Hern\u00e1ndez Suplente:\u00a0Dip. Jos\u00e9 Benito Ram\u00edrez Rosas Vocal:\u00a0Dip. Claudia Isela Ram\u00edrez Pineda Suplente:\u00a0Dip. Josefina Garza Barrera Vocal:\u00a0Dip. Graciela Fern\u00e1ndez Almaraz Suplente:\u00a0Dip. Luc\u00eda Azucena [&hellip;]<\/p>\n","protected":false},"author":6,"featured_media":0,"parent":0,"menu_order":0,"comment_status":"closed","ping_status":"closed","template":"","meta":{"footnotes":""},"categories":[],"tags":[],"class_list":["post-32561","page","type-page","status-publish","hentry"],"_links":{"self":[{"href":"https:\/\/www.congresocoahuila.gob.mx\/portal\/wp-json\/wp\/v2\/pages\/32561","targetHints":{"allow":["GET"]}}],"collection":[{"href":"https:\/\/www.congresocoahuila.gob.mx\/portal\/wp-json\/wp\/v2\/pages"}],"about":[{"href":"https:\/\/www.congresocoahuila.gob.mx\/portal\/wp-json\/wp\/v2\/types\/page"}],"author":[{"embeddable":true,"href":"https:\/\/www.congresocoahuila.gob.mx\/portal\/wp-json\/wp\/v2\/users\/6"}],"replies":[{"embeddable":true,"href":"https:\/\/www.congresocoahuila.gob.mx\/portal\/wp-json\/wp\/v2\/comments?post=32561"}],"version-history":[{"count":15,"href":"https:\/\/www.congresocoahuila.gob.mx\/portal\/wp-json\/wp\/v2\/pages\/32561\/revisions"}],"predecessor-version":[{"id":32577,"href":"https:\/\/www.congresocoahuila.gob.mx\/portal\/wp-json\/wp\/v2\/pages\/32561\/revisions\/32577"}],"wp:attachment":[{"href":"https:\/\/www.congresocoahuila.gob.mx\/portal\/wp-json\/wp\/v2\/media?parent=32561"}],"wp:term":[{"taxonomy":"category","embeddable":true,"href":"https:\/\/www.congresocoahuila.gob.mx\/portal\/wp-json\/wp\/v2\/categories?post=32561"},{"taxonomy":"post_tag","embeddable":true,"href":"https:\/\/www.congresocoahuila.gob.mx\/portal\/wp-json\/wp\/v2\/tags?post=32561"}],"curies":[{"name":"wp","href":"https:\/\/api.w.org\/{rel}","templated":true}]}}