{"id":33254,"date":"2019-02-21T13:27:03","date_gmt":"2019-02-21T19:27:03","guid":{"rendered":"http:\/\/congresocoahuila.gob.mx\/portal\/?page_id=33254"},"modified":"2020-02-06T14:15:58","modified_gmt":"2020-02-06T20:15:58","slug":"marcelo-de-jesus-torres-cofino","status":"publish","type":"page","link":"https:\/\/www.congresocoahuila.gob.mx\/portal\/marcelo-de-jesus-torres-cofino\/","title":{"rendered":"MARCELO DE JES\u00daS TORRES COFI\u00d1O"},"content":{"rendered":"<table border=\"0\" width=\"459\" cellspacing=\"0\" cellpadding=\"0\">\n<tbody>\n<tr>\n<td bgcolor=\"#FFFFFF\" width=\"165\">\n<h3><img loading=\"lazy\" decoding=\"async\" class=\"alignnone size-full wp-image-11992\" src=\"http:\/\/congresocoahuila.gob.mx\/portal\/wp-content\/uploads\/2014\/12\/08-3.jpg\" alt=\"_MG_7816_icono\" width=\"218\" height=\"266\"><\/h3>\n<p style=\"text-align: center;\">&nbsp;<\/p>\n<\/td>\n<td style=\"text-align: left;\" valign=\"middle\" bgcolor=\"#FFFFFF\" width=\"425\">\n<p><strong><b>GESTIONES 2019<\/b><br><\/strong><a href=\"https:\/\/congresocoahuila.gob.mx\/transparencia\/ART\/26\/13\/INF\/ENERO\/DIP_MARCELO_TORRES_COFINO.docx\">Enero<\/a><br><a href=\"https:\/\/congresocoahuila.gob.mx\/transparencia\/ART\/26\/13\/INF\/FEBRERO\/DIP_MARCELO_TORRES_COFINO.docx\">Febrero<\/a><br><a href=\"https:\/\/congresocoahuila.gob.mx\/transparencia\/ART\/26\/13\/INF\/MARZO\/DIP_MARCELO_TORRES_COFI\u00d1O.docx\">Marzo<\/a><br><a href=\"https:\/\/congresocoahuila.gob.mx\/transparencia\/ART\/26\/13\/INF\/ABRIL\/DIP_MARCELO_TORRES_COFINO_ABRIL.docx\">Abril<\/a><br><a href=\"https:\/\/congresocoahuila.gob.mx\/transparencia\/ART\/26\/13\/INF\/MAYO\/DIP_MARCELO_COFINO_MAYO.docx\">Mayo<\/a><br><a href=\"https:\/\/congresocoahuila.gob.mx\/transparencia\/ART\/26\/13\/INF\/JUNIO\/DIP_MARCELO_TORRES_COFINO_JUNIO.docx\">Junio<\/a><br><a href=\"https:\/\/congresocoahuila.gob.mx\/transparencia\/ART\/26\/13\/INF\/JULIO\/DIP_MARCELO_TORRES_COFINO_JULIO.docx\">Julio<\/a><br><a href=\"https:\/\/congresocoahuila.gob.mx\/transparencia\/ART\/26\/13\/INF\/AGOSTO\/DIP_MARCELO_TORRES_COFINO_AGOSTO.docx\">Agosto<\/a><br><a href=\"https:\/\/congresocoahuila.gob.mx\/transparencia\/ART\/26\/13\/INF\/SEPTIEMBRE\/DIP_MARCELO_TORRES_COFINO_SEPTIEMBRE.docx\">Septiembre<\/a><br><a href=\"https:\/\/congresocoahuila.gob.mx\/transparencia\/ART\/26\/13\/INF\/OCTUBRE\/DIP_MARCELO_TORRES_COFINO_OCTUBRE.docx\">Octubre<\/a><br><a href=\"https:\/\/congresocoahuila.gob.mx\/transparencia\/ART\/26\/13\/INF\/NOVIEMBRE\/DIP_MARCELO_TORRES_COFINO_NOVIEMBRE.docx\">Noviembre<\/a><br><a href=\"https:\/\/congresocoahuila.gob.mx\/transparencia\/ART\/26\/13\/INF\/DICIEMBRE\/DIP_MARCELO_TORRES_COFINO_DICIEMBRE.docx\">Diciembre<\/a><\/p>\n<\/td>\n<\/tr>\n<\/tbody>\n<\/table>\n<p><strong>Direcci\u00f3n Casa de Gesti\u00f3n:<\/strong><br>\nCalle Comonfort, N\u00fam. 344 Sur, Zona Centro, C.P. 27000,Torre\u00f3n, Coahuila<\/p>\n\n\n<p><\/p>\n","protected":false},"excerpt":{"rendered":"<p>&nbsp; GESTIONES 2019EneroFebreroMarzoAbrilMayoJunioJulioAgostoSeptiembreOctubreNoviembreDiciembre Direcci\u00f3n Casa de Gesti\u00f3n: Calle Comonfort, N\u00fam. 344 Sur, Zona Centro, C.P. 27000,Torre\u00f3n, Coahuila<\/p>\n","protected":false},"author":6,"featured_media":0,"parent":0,"menu_order":0,"comment_status":"closed","ping_status":"closed","template":"","meta":{"footnotes":""},"categories":[],"tags":[],"class_list":["post-33254","page","type-page","status-publish","hentry"],"_links":{"self":[{"href":"https:\/\/www.congresocoahuila.gob.mx\/portal\/wp-json\/wp\/v2\/pages\/33254","targetHints":{"allow":["GET"]}}],"collection":[{"href":"https:\/\/www.congresocoahuila.gob.mx\/portal\/wp-json\/wp\/v2\/pages"}],"about":[{"href":"https:\/\/www.congresocoahuila.gob.mx\/portal\/wp-json\/wp\/v2\/types\/page"}],"author":[{"embeddable":true,"href":"https:\/\/www.congresocoahuila.gob.mx\/portal\/wp-json\/wp\/v2\/users\/6"}],"replies":[{"embeddable":true,"href":"https:\/\/www.congresocoahuila.gob.mx\/portal\/wp-json\/wp\/v2\/comments?post=33254"}],"version-history":[{"count":13,"href":"https:\/\/www.congresocoahuila.gob.mx\/portal\/wp-json\/wp\/v2\/pages\/33254\/revisions"}],"predecessor-version":[{"id":36852,"href":"https:\/\/www.congresocoahuila.gob.mx\/portal\/wp-json\/wp\/v2\/pages\/33254\/revisions\/36852"}],"wp:attachment":[{"href":"https:\/\/www.congresocoahuila.gob.mx\/portal\/wp-json\/wp\/v2\/media?parent=33254"}],"wp:term":[{"taxonomy":"category","embeddable":true,"href":"https:\/\/www.congresocoahuila.gob.mx\/portal\/wp-json\/wp\/v2\/categories?post=33254"},{"taxonomy":"post_tag","embeddable":true,"href":"https:\/\/www.congresocoahuila.gob.mx\/portal\/wp-json\/wp\/v2\/tags?post=33254"}],"curies":[{"name":"wp","href":"https:\/\/api.w.org\/{rel}","templated":true}]}}