{"id":33266,"date":"2019-02-21T13:58:34","date_gmt":"2019-02-21T19:58:34","guid":{"rendered":"http:\/\/congresocoahuila.gob.mx\/portal\/?page_id=33266"},"modified":"2020-02-06T15:06:26","modified_gmt":"2020-02-06T21:06:26","slug":"lilia-isabel-gutierrez-burciaga","status":"publish","type":"page","link":"https:\/\/www.congresocoahuila.gob.mx\/portal\/lilia-isabel-gutierrez-burciaga\/","title":{"rendered":"Lilia Isabel Guti\u00e9rrez Burciaga"},"content":{"rendered":"<table border=\"0\" width=\"459\" cellspacing=\"0\" cellpadding=\"0\">\n<tbody>\n<tr>\n<td bgcolor=\"#FFFFFF\" width=\"165\">\n<h3>\u00a0<img loading=\"lazy\" decoding=\"async\" class=\"alignnone size-full wp-image-12023\" src=\"http:\/\/congresocoahuila.gob.mx\/portal\/wp-content\/uploads\/2014\/12\/12-3.jpg\" alt=\"_MG_7900_icono\" width=\"218\" height=\"266\" \/><\/h3>\n<p style=\"text-align: center;\"><strong>\u00a0<\/strong><\/p>\n<\/td>\n<td style=\"text-align: left;\" valign=\"middle\" bgcolor=\"#FFFFFF\" width=\"425\"><strong><b>GESTIONES 2019<\/b><br \/>\n<\/strong><a href=\"https:\/\/congresocoahuila.gob.mx\/transparencia\/ART\/26\/13\/INF\/ENERO\/LILIA_ISABEL_GUTIERREZ_BURCIAGA.pdf\">Enero<\/a><br \/>\n<a href=\"https:\/\/congresocoahuila.gob.mx\/transparencia\/ART\/26\/13\/INF\/FEBRERO\/LILIA_ISABEL_GUTIERREZ_BURCIAGA.pdf\">Febrero<\/a><br \/>\n<a href=\"https:\/\/congresocoahuila.gob.mx\/transparencia\/ART\/26\/13\/INF\/MARZO\/LILIA_ISABEL_GUTIERREZ_BURCIAGA.pdf\">Marzo<\/a><br \/>\n<a href=\"https:\/\/congresocoahuila.gob.mx\/transparencia\/ART\/26\/13\/INF\/ABRIL\/LILIA_ISABEL_GUTIERREZ_BURCIAGA_ABRIL.docx\">Abril<\/a><br \/>\n<a href=\"https:\/\/congresocoahuila.gob.mx\/transparencia\/ART\/26\/13\/INF\/MAYO\/LILIA_ISABEL_GUTIERREZ_BURCIAGA_MAYO.docx\">Mayo<\/a><br \/>\n<a href=\"https:\/\/congresocoahuila.gob.mx\/transparencia\/ART\/26\/13\/INF\/JUNIO\/DIP_LILIA_ISABEL_GUTIERREZ_BURCIAGA_JUNIO.docx\">Junio<\/a><br \/>\n<a href=\"https:\/\/congresocoahuila.gob.mx\/transparencia\/ART\/26\/13\/INF\/JULIO\/DIP_LILIA_ISABEL_GUTIERREZ_BURCIAGA_JULIO.docx\">Julio<\/a><br \/>\n<a href=\"https:\/\/congresocoahuila.gob.mx\/transparencia\/ART\/26\/13\/INF\/AGOSTO\/DIP_LILIA_ISABEL_GUTIERREZ_BURCIAGA_AGOSTO.docx\">Agosto<\/a><br \/>\n<a href=\"https:\/\/congresocoahuila.gob.mx\/transparencia\/ART\/26\/13\/INF\/SEPTIEMBRE\/DIP_LILIA_ISABEL_GUTIERREZ_BURCIAGA_SEPTIEMBRE.docx\">Septiembre<\/a><br \/>\n<a href=\"https:\/\/congresocoahuila.gob.mx\/transparencia\/ART\/26\/13\/INF\/OCTUBRE\/DIP_LILIA_ISABEL_GUTIERREZ_BURCIAGA_OCTUBRE.docx\">Octubre<\/a><br \/>\n<a href=\"https:\/\/congresocoahuila.gob.mx\/transparencia\/ART\/26\/13\/INF\/NOVIEMBRE\/DIP_LILIA_ISABEL_GUTIERREZ_BURCIAGA.docx\">Noviembre<\/a><br \/>\n<a href=\"https:\/\/congresocoahuila.gob.mx\/transparencia\/ART\/26\/13\/INF\/DICIEMBRE\/DIP_LILIA_ISABEL_GUTIERREZ_BURCIAGA_DICIEMBRE.docx\">Diciembre<\/a><\/p>\n<p style=\"text-align: left;\"><strong>\u00a0<\/strong><\/p>\n<\/td>\n<\/tr>\n<\/tbody>\n<\/table>\n<p><strong>Direcci\u00f3n Casa de Gesti\u00f3n:<\/strong><br \/>\nFrancisco Javier Mina #588, Colonia Jard\u00edn; C.P. 25903, en la ciudad de Ramos Arizpe, Coahuila<\/p>\n","protected":false},"excerpt":{"rendered":"<p>\u00a0 \u00a0 GESTIONES 2019 Enero Febrero Marzo Abril Mayo Junio Julio Agosto Septiembre Octubre Noviembre Diciembre \u00a0 Direcci\u00f3n Casa de Gesti\u00f3n: Francisco Javier Mina #588, Colonia Jard\u00edn; C.P. 25903, en la ciudad de Ramos Arizpe, Coahuila<\/p>\n","protected":false},"author":6,"featured_media":0,"parent":0,"menu_order":0,"comment_status":"closed","ping_status":"closed","template":"","meta":{"footnotes":""},"categories":[],"tags":[],"class_list":["post-33266","page","type-page","status-publish","hentry"],"_links":{"self":[{"href":"https:\/\/www.congresocoahuila.gob.mx\/portal\/wp-json\/wp\/v2\/pages\/33266","targetHints":{"allow":["GET"]}}],"collection":[{"href":"https:\/\/www.congresocoahuila.gob.mx\/portal\/wp-json\/wp\/v2\/pages"}],"about":[{"href":"https:\/\/www.congresocoahuila.gob.mx\/portal\/wp-json\/wp\/v2\/types\/page"}],"author":[{"embeddable":true,"href":"https:\/\/www.congresocoahuila.gob.mx\/portal\/wp-json\/wp\/v2\/users\/6"}],"replies":[{"embeddable":true,"href":"https:\/\/www.congresocoahuila.gob.mx\/portal\/wp-json\/wp\/v2\/comments?post=33266"}],"version-history":[{"count":19,"href":"https:\/\/www.congresocoahuila.gob.mx\/portal\/wp-json\/wp\/v2\/pages\/33266\/revisions"}],"predecessor-version":[{"id":36858,"href":"https:\/\/www.congresocoahuila.gob.mx\/portal\/wp-json\/wp\/v2\/pages\/33266\/revisions\/36858"}],"wp:attachment":[{"href":"https:\/\/www.congresocoahuila.gob.mx\/portal\/wp-json\/wp\/v2\/media?parent=33266"}],"wp:term":[{"taxonomy":"category","embeddable":true,"href":"https:\/\/www.congresocoahuila.gob.mx\/portal\/wp-json\/wp\/v2\/categories?post=33266"},{"taxonomy":"post_tag","embeddable":true,"href":"https:\/\/www.congresocoahuila.gob.mx\/portal\/wp-json\/wp\/v2\/tags?post=33266"}],"curies":[{"name":"wp","href":"https:\/\/api.w.org\/{rel}","templated":true}]}}

Lilia Isabel Gutiérrez Burciaga

<table border="0" width="459" cellspacing="0" cellpadding="0">
<tbody>
<tr>
<td bgcolor="#FFFFFF" width="165">
<h3> <img loading="lazy" decoding="async" class="alignnone size-full wp-image-12023" src="http://congresocoahuila.gob.mx/portal/wp-content/uploads/2014/12/12-3.jpg" alt="_MG_7900_icono" width="218" height="266" /></h3>
<p style="text-align: center;"><strong> </strong></p>
</td>
<td style="text-align: left;" valign="middle" bgcolor="#FFFFFF" width="425"><strong><b>GESTIONES 2019</b><br />
</strong><a href="https://congresocoahuila.gob.mx/transparencia/ART/26/13/INF/ENERO/LILIA_ISABEL_GUTIERREZ_BURCIAGA.pdf">Enero</a><br />
<a href="https://congresocoahuila.gob.mx/transparencia/ART/26/13/INF/FEBRERO/LILIA_ISABEL_GUTIERREZ_BURCIAGA.pdf">Febrero</a><br />
<a href="https://congresocoahuila.gob.mx/transparencia/ART/26/13/INF/MARZO/LILIA_ISABEL_GUTIERREZ_BURCIAGA.pdf">Marzo</a><br />
<a href="https://congresocoahuila.gob.mx/transparencia/ART/26/13/INF/ABRIL/LILIA_ISABEL_GUTIERREZ_BURCIAGA_ABRIL.docx">Abril</a><br />
<a href="https://congresocoahuila.gob.mx/transparencia/ART/26/13/INF/MAYO/LILIA_ISABEL_GUTIERREZ_BURCIAGA_MAYO.docx">Mayo</a><br />
<a href="https://congresocoahuila.gob.mx/transparencia/ART/26/13/INF/JUNIO/DIP_LILIA_ISABEL_GUTIERREZ_BURCIAGA_JUNIO.docx">Junio</a><br />
<a href="https://congresocoahuila.gob.mx/transparencia/ART/26/13/INF/JULIO/DIP_LILIA_ISABEL_GUTIERREZ_BURCIAGA_JULIO.docx">Julio</a><br />
<a href="https://congresocoahuila.gob.mx/transparencia/ART/26/13/INF/AGOSTO/DIP_LILIA_ISABEL_GUTIERREZ_BURCIAGA_AGOSTO.docx">Agosto</a><br />
<a href="https://congresocoahuila.gob.mx/transparencia/ART/26/13/INF/SEPTIEMBRE/DIP_LILIA_ISABEL_GUTIERREZ_BURCIAGA_SEPTIEMBRE.docx">Septiembre</a><br />
<a href="https://congresocoahuila.gob.mx/transparencia/ART/26/13/INF/OCTUBRE/DIP_LILIA_ISABEL_GUTIERREZ_BURCIAGA_OCTUBRE.docx">Octubre</a><br />
<a href="https://congresocoahuila.gob.mx/transparencia/ART/26/13/INF/NOVIEMBRE/DIP_LILIA_ISABEL_GUTIERREZ_BURCIAGA.docx">Noviembre</a><br />
<a href="https://congresocoahuila.gob.mx/transparencia/ART/26/13/INF/DICIEMBRE/DIP_LILIA_ISABEL_GUTIERREZ_BURCIAGA_DICIEMBRE.docx">Diciembre</a></p>
<p style="text-align: left;"><strong> </strong></p>
</td>
</tr>
</tbody>
</table>
<p><strong>Dirección Casa de Gestión:</strong><br />
Francisco Javier Mina #588, Colonia Jardín; C.P. 25903, en la ciudad de Ramos Arizpe, Coahuila</p>

<p>    GESTIONES 2019 Enero Febrero Marzo Abril Mayo Junio Julio Agosto Septiembre Octubre Noviembre Diciembre   Dirección Casa de Gestión: Francisco Javier Mina #588, Colonia Jardín; C.P. 25903, en la ciudad de Ramos Arizpe, Coahuila</p>
