{"id":33364,"date":"2019-02-26T12:16:34","date_gmt":"2019-02-26T18:16:34","guid":{"rendered":"http:\/\/congresocoahuila.gob.mx\/portal\/?page_id=33364"},"modified":"2021-02-23T18:24:55","modified_gmt":"2021-02-24T00:24:55","slug":"2015-2017-lx-legislatura-2017","status":"publish","type":"page","link":"https:\/\/www.congresocoahuila.gob.mx\/portal\/2015-2017-lx-legislatura-2017\/","title":{"rendered":"2015-2017 LX Legislatura 2017"},"content":{"rendered":"<p><b>2017<\/b><br \/>\n<b>JUICIOS POL\u00cdTICOS Y DE PROCEDENCIA DE RESPONSABILIDAD PENAL.<\/b><br \/>\n<a href=\"https:\/\/congresocoahuila.gob.mx\/transparencia\/ART\/26\/20\/26-20.pdf\" target=\"_blank\" rel=\"noopener noreferrer\" data-saferedirecturl=\"https:\/\/www.google.com\/url?q=https:\/\/congresocoahuila.gob.mx\/transparencia\/ART\/26\/19\/26-19.pdf&amp;source=gmail&amp;ust=1551287648009000&amp;usg=AFQjCNEp8kzCNKhMbuq_TpqIDwk_woFKXA\">C. Jos\u00e9 Arcadio Gonz\u00e1lez Pe\u00f1a, Regidor del Ayuntamiento de Arteaga.<\/a><\/p>\n","protected":false},"excerpt":{"rendered":"<p>2017 JUICIOS POL\u00cdTICOS Y DE PROCEDENCIA DE RESPONSABILIDAD PENAL. C. Jos\u00e9 Arcadio Gonz\u00e1lez Pe\u00f1a, Regidor del Ayuntamiento de Arteaga.<\/p>\n","protected":false},"author":6,"featured_media":0,"parent":0,"menu_order":0,"comment_status":"closed","ping_status":"closed","template":"","meta":{"footnotes":""},"categories":[],"tags":[],"class_list":["post-33364","page","type-page","status-publish","hentry"],"_links":{"self":[{"href":"https:\/\/www.congresocoahuila.gob.mx\/portal\/wp-json\/wp\/v2\/pages\/33364","targetHints":{"allow":["GET"]}}],"collection":[{"href":"https:\/\/www.congresocoahuila.gob.mx\/portal\/wp-json\/wp\/v2\/pages"}],"about":[{"href":"https:\/\/www.congresocoahuila.gob.mx\/portal\/wp-json\/wp\/v2\/types\/page"}],"author":[{"embeddable":true,"href":"https:\/\/www.congresocoahuila.gob.mx\/portal\/wp-json\/wp\/v2\/users\/6"}],"replies":[{"embeddable":true,"href":"https:\/\/www.congresocoahuila.gob.mx\/portal\/wp-json\/wp\/v2\/comments?post=33364"}],"version-history":[{"count":3,"href":"https:\/\/www.congresocoahuila.gob.mx\/portal\/wp-json\/wp\/v2\/pages\/33364\/revisions"}],"predecessor-version":[{"id":40535,"href":"https:\/\/www.congresocoahuila.gob.mx\/portal\/wp-json\/wp\/v2\/pages\/33364\/revisions\/40535"}],"wp:attachment":[{"href":"https:\/\/www.congresocoahuila.gob.mx\/portal\/wp-json\/wp\/v2\/media?parent=33364"}],"wp:term":[{"taxonomy":"category","embeddable":true,"href":"https:\/\/www.congresocoahuila.gob.mx\/portal\/wp-json\/wp\/v2\/categories?post=33364"},{"taxonomy":"post_tag","embeddable":true,"href":"https:\/\/www.congresocoahuila.gob.mx\/portal\/wp-json\/wp\/v2\/tags?post=33364"}],"curies":[{"name":"wp","href":"https:\/\/api.w.org\/{rel}","templated":true}]}}