{"id":33798,"date":"2019-04-06T13:06:46","date_gmt":"2019-04-06T19:06:46","guid":{"rendered":"http:\/\/congresocoahuila.gob.mx\/portal\/?page_id=33798"},"modified":"2022-07-04T22:35:27","modified_gmt":"2022-07-05T03:35:27","slug":"22-1","status":"publish","type":"page","link":"https:\/\/www.congresocoahuila.gob.mx\/portal\/22-1\/","title":{"rendered":"22.1"},"content":{"rendered":"<div style=\"text-align: right;\">\n<div>\n<div style=\"text-align: left;\"><a href=\"http:\/\/congresocoahuila.gob.mx\/portal\/22-1-lxii-legislatura-2021-2023\">LXII Legislatura 2021-2023<\/a><\/div>\n<div style=\"text-align: left;\"><a href=\"http:\/\/congresocoahuila.gob.mx\/portal\/lxi-legislatura-2018-2020\">LXI Legislatura 2018-2020<\/a><\/div>\n<\/div>\n<div><\/div>\n<div><\/div>\n<div><strong>Fecha de actualizaci\u00f3n:<\/strong> 1 de julio de 2022<\/div>\n<div><strong>Responsable de la Informaci\u00f3n:<\/strong><\/div>\n<div>Lic. Ram\u00f3n Alberto Cortines Boardman<br \/>\nDirector de Comunicaci\u00f3n Social del H. Congreso del Estado de Coahuila.<\/div>\n<\/div>\n","protected":false},"excerpt":{"rendered":"<p>LXII Legislatura 2021-2023 LXI Legislatura 2018-2020 Fecha de actualizaci\u00f3n: 1 de julio de 2022 Responsable de la Informaci\u00f3n: Lic. Ram\u00f3n Alberto Cortines Boardman Director de Comunicaci\u00f3n Social del H. Congreso del Estado de Coahuila.<\/p>\n","protected":false},"author":3,"featured_media":0,"parent":0,"menu_order":0,"comment_status":"closed","ping_status":"closed","template":"","meta":{"footnotes":""},"categories":[],"tags":[],"class_list":["post-33798","page","type-page","status-publish","hentry"],"_links":{"self":[{"href":"https:\/\/www.congresocoahuila.gob.mx\/portal\/wp-json\/wp\/v2\/pages\/33798","targetHints":{"allow":["GET"]}}],"collection":[{"href":"https:\/\/www.congresocoahuila.gob.mx\/portal\/wp-json\/wp\/v2\/pages"}],"about":[{"href":"https:\/\/www.congresocoahuila.gob.mx\/portal\/wp-json\/wp\/v2\/types\/page"}],"author":[{"embeddable":true,"href":"https:\/\/www.congresocoahuila.gob.mx\/portal\/wp-json\/wp\/v2\/users\/3"}],"replies":[{"embeddable":true,"href":"https:\/\/www.congresocoahuila.gob.mx\/portal\/wp-json\/wp\/v2\/comments?post=33798"}],"version-history":[{"count":33,"href":"https:\/\/www.congresocoahuila.gob.mx\/portal\/wp-json\/wp\/v2\/pages\/33798\/revisions"}],"predecessor-version":[{"id":43812,"href":"https:\/\/www.congresocoahuila.gob.mx\/portal\/wp-json\/wp\/v2\/pages\/33798\/revisions\/43812"}],"wp:attachment":[{"href":"https:\/\/www.congresocoahuila.gob.mx\/portal\/wp-json\/wp\/v2\/media?parent=33798"}],"wp:term":[{"taxonomy":"category","embeddable":true,"href":"https:\/\/www.congresocoahuila.gob.mx\/portal\/wp-json\/wp\/v2\/categories?post=33798"},{"taxonomy":"post_tag","embeddable":true,"href":"https:\/\/www.congresocoahuila.gob.mx\/portal\/wp-json\/wp\/v2\/tags?post=33798"}],"curies":[{"name":"wp","href":"https:\/\/api.w.org\/{rel}","templated":true}]}}