{"id":3609,"date":"2014-11-24T19:21:04","date_gmt":"2014-11-25T01:21:04","guid":{"rendered":"http:\/\/www.congresocoahuila.gob.mx\/portal\/?page_id=3609"},"modified":"2014-11-24T19:21:04","modified_gmt":"2014-11-25T01:21:04","slug":"articulo-21-xxiii-2009-6","status":"publish","type":"page","link":"https:\/\/www.congresocoahuila.gob.mx\/portal\/articulo-21-xxiii-2009-6\/","title":{"rendered":"PRIMER PER\u00cdODO EXTRAORDINARIO-2009"},"content":{"rendered":"<p><strong>PRIMER A\u00d1O DE EJERCICIO CONSTITUCIONAL 2009<br \/>\nPRIMER PER\u00cdODO EXTRAORDINARIO<\/strong><\/p>\n<p><a href=\"http:\/\/www.congresocoahuila.gob.mx\/portal\/wp-content\/uploads\/2014\/11\/20091pe1s1.pdf\">Sesi\u00f3n del D\u00eda 20 de Enero del 2009<\/a><br \/>\n<a href=\"http:\/\/www.congresocoahuila.gob.mx\/portal\/wp-content\/uploads\/2014\/11\/20091pe1s2.pdf\">Sesi\u00f3n del D\u00eda 27 de Enero del 2009<\/a><br \/>\n<a href=\"http:\/\/www.congresocoahuila.gob.mx\/portal\/wp-content\/uploads\/2014\/11\/20091pe1s3.pdf\">Sesi\u00f3n del D\u00eda 3 de Febrero del 2009<\/a><\/p>\n<p><a href=\"http:\/\/www.congresocoahuila.gob.mx\/portal\/wp-content\/uploads\/2014\/11\/20091prsolemnefeb5.pdf\">Sesi\u00f3n Solemne, 5 de Febrero del 2009 \u00abBenem\u00e9rita Escuela Normal de Coahuila\u00bb<\/a><\/p>\n<p><a href=\"http:\/\/www.congresocoahuila.gob.mx\/portal\/wp-content\/uploads\/2014\/11\/20091pe1s5.pdf\">Sesi\u00f3n del D\u00eda 10 de Febrero del 2009<\/a><br \/>\n<a href=\"http:\/\/www.congresocoahuila.gob.mx\/portal\/wp-content\/uploads\/2014\/11\/20091pe1s6.pdf\">Sesi\u00f3n del D\u00eda 17 de Febrero del 2009<\/a><\/p>\n<p><a href=\"http:\/\/www.congresocoahuila.gob.mx\/portal\/wp-content\/uploads\/2014\/11\/20091prsolemne19.pdf\">Sesi\u00f3n Solemne, 19 de Febrero del 2009 \u00abD\u00eda del Ej\u00e9rcito\u00bb<\/a><\/p>\n<p><a href=\"http:\/\/www.congresocoahuila.gob.mx\/portal\/wp-content\/uploads\/2014\/11\/20091pe1s8.pdf\">Sesi\u00f3n del D\u00eda 24 de Febrero del 2009<\/a><\/p>\n","protected":false},"excerpt":{"rendered":"<p>PRIMER A\u00d1O DE EJERCICIO CONSTITUCIONAL 2009 PRIMER PER\u00cdODO EXTRAORDINARIO Sesi\u00f3n del D\u00eda 20 de Enero del 2009 Sesi\u00f3n del D\u00eda 27 de Enero del 2009 Sesi\u00f3n del D\u00eda 3 de Febrero del 2009 Sesi\u00f3n Solemne, 5 de Febrero del 2009 \u00abBenem\u00e9rita Escuela Normal de Coahuila\u00bb Sesi\u00f3n del D\u00eda 10 de Febrero del 2009 Sesi\u00f3n del [&hellip;]<\/p>\n","protected":false},"author":3,"featured_media":0,"parent":0,"menu_order":0,"comment_status":"closed","ping_status":"closed","template":"","meta":{"footnotes":""},"categories":[],"tags":[],"class_list":["post-3609","page","type-page","status-publish","hentry"],"_links":{"self":[{"href":"https:\/\/www.congresocoahuila.gob.mx\/portal\/wp-json\/wp\/v2\/pages\/3609","targetHints":{"allow":["GET"]}}],"collection":[{"href":"https:\/\/www.congresocoahuila.gob.mx\/portal\/wp-json\/wp\/v2\/pages"}],"about":[{"href":"https:\/\/www.congresocoahuila.gob.mx\/portal\/wp-json\/wp\/v2\/types\/page"}],"author":[{"embeddable":true,"href":"https:\/\/www.congresocoahuila.gob.mx\/portal\/wp-json\/wp\/v2\/users\/3"}],"replies":[{"embeddable":true,"href":"https:\/\/www.congresocoahuila.gob.mx\/portal\/wp-json\/wp\/v2\/comments?post=3609"}],"version-history":[{"count":0,"href":"https:\/\/www.congresocoahuila.gob.mx\/portal\/wp-json\/wp\/v2\/pages\/3609\/revisions"}],"wp:attachment":[{"href":"https:\/\/www.congresocoahuila.gob.mx\/portal\/wp-json\/wp\/v2\/media?parent=3609"}],"wp:term":[{"taxonomy":"category","embeddable":true,"href":"https:\/\/www.congresocoahuila.gob.mx\/portal\/wp-json\/wp\/v2\/categories?post=3609"},{"taxonomy":"post_tag","embeddable":true,"href":"https:\/\/www.congresocoahuila.gob.mx\/portal\/wp-json\/wp\/v2\/tags?post=3609"}],"curies":[{"name":"wp","href":"https:\/\/api.w.org\/{rel}","templated":true}]}}