{"id":37158,"date":"2020-03-03T14:10:42","date_gmt":"2020-03-03T20:10:42","guid":{"rendered":"http:\/\/congresocoahuila.gob.mx\/portal\/?page_id=37158"},"modified":"2020-07-01T14:26:59","modified_gmt":"2020-07-01T19:26:59","slug":"primer-periodo-ordinario-de-la-lxi-legislatura-2020","status":"publish","type":"page","link":"https:\/\/www.congresocoahuila.gob.mx\/portal\/primer-periodo-ordinario-de-la-lxi-legislatura-2020\/","title":{"rendered":"Primer Per\u00edodo Ordinario de la LXI Legislatura 2020"},"content":{"rendered":"<p><a href=\"https:\/\/congresocoahuila.gob.mx\/transparencia\/ART\/26\/05\/1ER_PERIODO_ORDI_LXI_2018\/1_SESION_1_MARZO.pdf\"><strong><span style=\"color: #000000;\">LISTA DE ASISTENCIA<\/span>&nbsp;<\/strong><\/a><br \/>\n<a href=\"https:\/\/congresocoahuila.gob.mx\/transparencia\/ART\/26\/05\/1ER_PERIODO_ORDINARIO_LXI_2020\/PPO_S01_20200302.pdf\">Primera Sesi\u00f3n, 02 de marzo de 2020<\/a><br \/>\n<a href=\"https:\/\/congresocoahuila.gob.mx\/transparencia\/ART\/26\/05\/1ER_PERIODO_ORDINARIO_LXI_2020\/PPO_S02_20200311.pdf\">Sesi\u00f3n Solemne \u2013 11 de marzo de 2020 \u2013 para conmemorar el \u201cD\u00eda Internacional de la Mujer<\/a><a href=\"https:\/\/congresocoahuila.gob.mx\/transparencia\/03\/GACETA-PARLAMENTARIA\/20180219_PPRS06_Solemne.doc\">\u201d<\/a><a href=\"https:\/\/congresocoahuila.gob.mx\/transparencia\/03\/GACETA-PARLAMENTARIA\/20180307_PPOS02_Solemne.doc\">.<\/a><br \/>\n<a href=\"https:\/\/congresocoahuila.gob.mx\/transparencia\/ART\/26\/05\/1ER_PERIODO_ORDINARIO_LXI_2020\/PPO_S03_20200311.pdf\">Tercera Sesi\u00f3n, 11 de marzo de 2020<\/a><br \/>\n<a href=\"https:\/\/congresocoahuila.gob.mx\/transparencia\/ART\/26\/05\/1ER_PERIODO_ORDINARIO_LXI_2020\/PPO_S04_20200318.pdf\">Cuarta Sesi\u00f3n, 18 de marzo de 2020<\/a><br \/>\n<a href=\"https:\/\/congresocoahuila.gob.mx\/transparencia\/ART\/26\/05\/1ER_PERIODO_ORDINARIO_LXI_2020\/PPO_S05_20200325.pdf\">Quinta Sesi\u00f3n, 25 de marzo de 2020<\/a><br \/>\n<a href=\"https:\/\/congresocoahuila.gob.mx\/transparencia\/ART\/26\/05\/1ER_PERIODO_ORDINARIO_LXI_2020\/PPO_S06_20200401.pdf\">Sexta Sesi\u00f3n, 01 de abril de 2020<\/a><br \/>\n<a href=\"https:\/\/congresocoahuila.gob.mx\/transparencia\/ART\/26\/05\/1ER_PERIODO_ORDINARIO_LXI_2020\/PPO_S07_20200402.pdf\">S\u00e9ptima Sesi\u00f3n, 02 de abril de 2020<\/a><br \/>\n<a href=\"https:\/\/congresocoahuila.gob.mx\/transparencia\/ART\/26\/05\/1ER_PERIODO_ORDINARIO_LXI_2020\/PPO_S08_20200403.pdf\">Octava Sesi\u00f3n, 03 de abril de 2020<\/a><br \/>\n<a href=\"https:\/\/congresocoahuila.gob.mx\/transparencia\/ART\/26\/05\/1ER_PERIODO_ORDINARIO_LXI_2020\/PPO_S09_20200423.pdf\">Novena Sesi\u00f3n, 23 de abril de 2020<\/a><br \/>\n<a href=\"https:\/\/congresocoahuila.gob.mx\/transparencia\/ART\/26\/05\/1ER_PERIODO_ORDINARIO_LXI_2020\/PPO_S10_20200429.pdf\">D\u00e9cima Sesi\u00f3n, 29 de abril de 2020<\/a><br \/>\n<a href=\"https:\/\/congresocoahuila.gob.mx\/transparencia\/ART\/26\/05\/1ER_PERIODO_ORDINARIO_LXI_2020\/PPO_S11_20200506.pdf\">D\u00e9cima Primera Sesi\u00f3n, 06 de mayo de 2020<\/a><br \/>\n<a href=\"https:\/\/congresocoahuila.gob.mx\/transparencia\/ART\/26\/05\/1ER_PERIODO_ORDINARIO_LXI_2020\/PPO_S12_20200513.pdf\">D\u00e9cima Segunda Sesi\u00f3n, 13 de mayo de 2020<\/a><br \/>\n<a href=\"https:\/\/congresocoahuila.gob.mx\/transparencia\/ART\/26\/05\/1ER_PERIODO_ORDINARIO_LXI_2020\/PPO_S13_20200521.pdf\">D\u00e9cima Tercera Sesi\u00f3n, 21 de mayo de 2020<\/a><br \/>\n<a href=\"https:\/\/congresocoahuila.gob.mx\/transparencia\/ART\/26\/05\/1ER_PERIODO_ORDINARIO_LXI_2020\/PPO_S14_20200527.pdf\">D\u00e9cima Cuarta Sesi\u00f3n, 27 de mayo de 2020<\/a><br \/>\n<a href=\"https:\/\/congresocoahuila.gob.mx\/transparencia\/ART\/26\/05\/1ER_PERIODO_ORDINARIO_LXI_2020\/PPO_S15_20200603.pdf\">D\u00e9cima Quinta Sesi\u00f3n, 03 de junio de 2020<\/a><br \/>\n<a href=\"https:\/\/congresocoahuila.gob.mx\/transparencia\/ART\/26\/05\/1ER_PERIODO_ORDINARIO_LXI_2020\/PPO_S16_20200610.pdf\">D\u00e9cima Sexta Sesi\u00f3n, 10 de junio de 2020<\/a><br \/>\n<a href=\"https:\/\/congresocoahuila.gob.mx\/transparencia\/ART\/26\/05\/1ER_PERIODO_ORDINARIO_LXI_2020\/PPO_S17_20200617.pdf\">D\u00e9cima S\u00e9ptima Sesi\u00f3n, 17 de junio de 2020<\/a><br \/>\n<a href=\"https:\/\/congresocoahuila.gob.mx\/transparencia\/ART\/26\/05\/1ER_PERIODO_ORDINARIO_LXI_2020\/PPO_S18_20200624.pdf\">D\u00e9cima Octava Sesi\u00f3n, 24 de junio de 2020<\/a><br \/>\n<a href=\"https:\/\/congresocoahuila.gob.mx\/transparencia\/ART\/26\/05\/1ER_PERIODO_ORDINARIO_LXI_2020\/PPO_S19_20200630.pdf\">D\u00e9cima Novena Sesi\u00f3n, 30 de junio de 2020<\/a><\/p>\n","protected":false},"excerpt":{"rendered":"<p>LISTA DE ASISTENCIA&nbsp; Primera Sesi\u00f3n, 02 de marzo de 2020 Sesi\u00f3n Solemne \u2013 11 de marzo de 2020 \u2013 para conmemorar el \u201cD\u00eda Internacional de la Mujer\u201d. Tercera Sesi\u00f3n, 11 de marzo de 2020 Cuarta Sesi\u00f3n, 18 de marzo de 2020 Quinta Sesi\u00f3n, 25 de marzo de 2020 Sexta Sesi\u00f3n, 01 de abril de 2020 [&hellip;]<\/p>\n","protected":false},"author":5,"featured_media":0,"parent":0,"menu_order":0,"comment_status":"closed","ping_status":"closed","template":"","meta":{"footnotes":""},"categories":[],"tags":[],"class_list":["post-37158","page","type-page","status-publish","hentry"],"_links":{"self":[{"href":"https:\/\/www.congresocoahuila.gob.mx\/portal\/wp-json\/wp\/v2\/pages\/37158","targetHints":{"allow":["GET"]}}],"collection":[{"href":"https:\/\/www.congresocoahuila.gob.mx\/portal\/wp-json\/wp\/v2\/pages"}],"about":[{"href":"https:\/\/www.congresocoahuila.gob.mx\/portal\/wp-json\/wp\/v2\/types\/page"}],"author":[{"embeddable":true,"href":"https:\/\/www.congresocoahuila.gob.mx\/portal\/wp-json\/wp\/v2\/users\/5"}],"replies":[{"embeddable":true,"href":"https:\/\/www.congresocoahuila.gob.mx\/portal\/wp-json\/wp\/v2\/comments?post=37158"}],"version-history":[{"count":12,"href":"https:\/\/www.congresocoahuila.gob.mx\/portal\/wp-json\/wp\/v2\/pages\/37158\/revisions"}],"predecessor-version":[{"id":38268,"href":"https:\/\/www.congresocoahuila.gob.mx\/portal\/wp-json\/wp\/v2\/pages\/37158\/revisions\/38268"}],"wp:attachment":[{"href":"https:\/\/www.congresocoahuila.gob.mx\/portal\/wp-json\/wp\/v2\/media?parent=37158"}],"wp:term":[{"taxonomy":"category","embeddable":true,"href":"https:\/\/www.congresocoahuila.gob.mx\/portal\/wp-json\/wp\/v2\/categories?post=37158"},{"taxonomy":"post_tag","embeddable":true,"href":"https:\/\/www.congresocoahuila.gob.mx\/portal\/wp-json\/wp\/v2\/tags?post=37158"}],"curies":[{"name":"wp","href":"https:\/\/api.w.org\/{rel}","templated":true}]}}