{"id":37563,"date":"2020-04-09T21:52:53","date_gmt":"2020-04-10T02:52:53","guid":{"rendered":"http:\/\/congresocoahuila.gob.mx\/portal\/?page_id=37563"},"modified":"2020-10-03T18:37:05","modified_gmt":"2020-10-03T23:37:05","slug":"maria-del-rosario-contreras-perez-2020","status":"publish","type":"page","link":"https:\/\/www.congresocoahuila.gob.mx\/portal\/maria-del-rosario-contreras-perez-2020\/","title":{"rendered":"MAR\u00cdA DEL ROSARIO CONTRERAS P\u00c9REZ 2020"},"content":{"rendered":"<table style=\"height: 298px;\" border=\"0\" width=\"459\" cellspacing=\"0\" cellpadding=\"0\">\n<tbody>\n<tr style=\"height: 298px;\">\n<td style=\"height: 298px;\" bgcolor=\"#FFFFFF\" width=\"165\">\n<h3><\/h3>\n<h3>\u00a0<img loading=\"lazy\" decoding=\"async\" class=\"alignnone wp-image-37133 size-full\" src=\"http:\/\/congresocoahuila.gob.mx\/portal\/wp-content\/uploads\/2014\/12\/15_-1.jpg\" alt=\"\" width=\"218\" height=\"266\" \/><\/h3>\n<p style=\"text-align: center;\">\n<\/td>\n<td style=\"text-align: left; height: 298px;\" valign=\"middle\" bgcolor=\"#FFFFFF\" width=\"425\"><strong><b>GESTIONES 2020<\/b><br \/>\n<\/strong><br \/>\n<a href=\"https:\/\/congresocoahuila.gob.mx\/transparencia\/ART\/26\/13\/INF\/2020\/MARZO\/DIP_MARIA_ROSARIO_CONTRERAS.docx\">Marzo<\/a><br \/>\n<a href=\"https:\/\/congresocoahuila.gob.mx\/transparencia\/ART\/26\/13\/INF\/2020\/ABRIL\/MARIA_ROSARIO_CONTRERAS_ABRIL.docx\">Abril<\/a><br \/>\n<a href=\"https:\/\/congresocoahuila.gob.mx\/transparencia\/ART\/26\/13\/INF\/2020\/MAYO\/DIP_MARIA_ROSARIO_CONTRERAS.docx\">Mayo<\/a><br \/>\n<a href=\"https:\/\/congresocoahuila.gob.mx\/transparencia\/ART\/26\/13\/INF\/2020\/JUNIO\/DIP_MARIA_ROSARIO_CONTRERAS_JUNIO.docx\">Junio<\/a><br \/>\n<a href=\"https:\/\/congresocoahuila.gob.mx\/transparencia\/ART\/26\/13\/INF\/2020\/JULIO\/DIP_MARIA_ROSARIO_CONTRERAS_JULIO.docx\">Julio<\/a><br \/>\n<a href=\"https:\/\/congresocoahuila.gob.mx\/transparencia\/ART\/26\/13\/INF\/2020\/AGOSTO\/DIP_MARIA_ROSARIO_CONTRERAS_AGOSTO.docx\">Agosto<\/a><br \/>\nSeptiembre<br \/>\nOctubre<br \/>\nNoviembre<br \/>\nDiciembre<\/td>\n<\/tr>\n<\/tbody>\n<\/table>\n<p><strong>Direcci\u00f3n Casa de Gesti\u00f3n:<br \/>\n<\/strong><\/p>\n<pre><span style=\"color: #000000; font-family: Calibri, Helvetica, sans-serif;\">* Diputada Suplente en funciones a partir del d\u00eda 26 de febrero de 2020, por licencia otorgada a la Dip. Luc\u00eda Azucena Ramos Ramos el d\u00eda 19 de febrero de 2020.<\/span><\/pre>\n<div><\/div>\n","protected":false},"excerpt":{"rendered":"<p>\u00a0 GESTIONES 2020 Marzo Abril Mayo Junio Julio Agosto Septiembre Octubre Noviembre Diciembre Direcci\u00f3n Casa de Gesti\u00f3n: * Diputada Suplente en funciones a partir del d\u00eda 26 de febrero de 2020, por licencia otorgada a la Dip. Luc\u00eda Azucena Ramos Ramos el d\u00eda 19 de febrero de 2020.<\/p>\n","protected":false},"author":6,"featured_media":0,"parent":0,"menu_order":0,"comment_status":"closed","ping_status":"closed","template":"","meta":{"footnotes":""},"categories":[],"tags":[],"class_list":["post-37563","page","type-page","status-publish","hentry"],"_links":{"self":[{"href":"https:\/\/www.congresocoahuila.gob.mx\/portal\/wp-json\/wp\/v2\/pages\/37563","targetHints":{"allow":["GET"]}}],"collection":[{"href":"https:\/\/www.congresocoahuila.gob.mx\/portal\/wp-json\/wp\/v2\/pages"}],"about":[{"href":"https:\/\/www.congresocoahuila.gob.mx\/portal\/wp-json\/wp\/v2\/types\/page"}],"author":[{"embeddable":true,"href":"https:\/\/www.congresocoahuila.gob.mx\/portal\/wp-json\/wp\/v2\/users\/6"}],"replies":[{"embeddable":true,"href":"https:\/\/www.congresocoahuila.gob.mx\/portal\/wp-json\/wp\/v2\/comments?post=37563"}],"version-history":[{"count":15,"href":"https:\/\/www.congresocoahuila.gob.mx\/portal\/wp-json\/wp\/v2\/pages\/37563\/revisions"}],"predecessor-version":[{"id":38946,"href":"https:\/\/www.congresocoahuila.gob.mx\/portal\/wp-json\/wp\/v2\/pages\/37563\/revisions\/38946"}],"wp:attachment":[{"href":"https:\/\/www.congresocoahuila.gob.mx\/portal\/wp-json\/wp\/v2\/media?parent=37563"}],"wp:term":[{"taxonomy":"category","embeddable":true,"href":"https:\/\/www.congresocoahuila.gob.mx\/portal\/wp-json\/wp\/v2\/categories?post=37563"},{"taxonomy":"post_tag","embeddable":true,"href":"https:\/\/www.congresocoahuila.gob.mx\/portal\/wp-json\/wp\/v2\/tags?post=37563"}],"curies":[{"name":"wp","href":"https:\/\/api.w.org\/{rel}","templated":true}]}}