{"id":3799,"date":"2014-11-25T14:38:35","date_gmt":"2014-11-25T20:38:35","guid":{"rendered":"http:\/\/www.congresocoahuila.gob.mx\/portal\/?page_id=3799"},"modified":"2022-03-31T10:46:38","modified_gmt":"2022-03-31T16:46:38","slug":"articulo-26-iv","status":"publish","type":"page","link":"https:\/\/www.congresocoahuila.gob.mx\/portal\/articulo-26-iv\/","title":{"rendered":"ART\u00cdCULO 26-IV"},"content":{"rendered":"<p><strong>Fecha de Actualizaci\u00f3n:<\/strong>\u00a0 01 de Abril de 2022<br \/>\n<strong>Responsable de la Informaci\u00f3n:\u00a0<\/strong>Lic. Gerardo Blanco Guerra,<br \/>\nOficial Mayor del H. Congreso del Estado de Coahuila.<\/p>\n<p>La Agenda Legislativa est\u00e1 conformada por los documentos registrados en el Orden del D\u00eda de cada una de las sesiones del Congreso del Estado, los cuales consisten, entre otros, en las iniciativas presentadas por los legisladores, grupos parlamentarios, poderes ejecutivo y judicial, los Ayuntamientos del Estado, organismos aut\u00f3nomos y ciudadan\u00eda en general, as\u00ed como por las proposiciones con punto de acuerdo y pronunciamientos de los legisladores y grupos parlamentarios.<\/p>\n<p>Es importante aclarar que el Orden del D\u00eda se presenta y se trata en la Junta de Gobierno el d\u00eda anterior al de cada sesi\u00f3n, acord\u00e1ndose los t\u00e9rminos en que ser\u00e1 sometido a la consideraci\u00f3n del Pleno o de la Diputaci\u00f3n Permanente para su aprobaci\u00f3n.<\/p>\n<p>Adem\u00e1s de los asuntos consignados en el Orden del D\u00eda, en la tribuna del Congreso, la cual es una tribuna abierta, surgen planteamientos y posicionamientos por parte de los legisladores en lo individual o como miembros de alg\u00fan grupo parlamentario, que no se conocen previamente, y que, por tanto, no se pueden prever o programar con anticipaci\u00f3n.<\/p>\n<p>Por otra parte, al realizarse el trabajo cotidiano, surgen otros asuntos imprevistos que deben tambi\u00e9n ser atendidos debidamente.<\/p>\n<p>Para conocer el contenido de la Agenda Legislativa, se deber\u00e1 acceder al Diario de los Debates y a la Gaceta Parlamentaria.<\/p>\n<div>\n<p><strong>DIARIO DE LOS DEBATES<\/strong><br \/>\n<a href=\"http:\/\/congresocoahuila.gob.mx\/portal\/debates-2021-2023\">Diario de los Debates LXII Legislatura 2021-2023<\/a><br \/>\n<a href=\"http:\/\/congresocoahuila.gob.mx\/portal\/debates-2018-2020\">Diario de los Debates LXI Legislatura 2018-2020<\/a><br \/>\n<a title=\"ART\u00cdCULO 21-XXIII-DEBATES-2015-2017\" href=\"http:\/\/congresocoahuila.gob.mx\/portal\/?page_id=12357\">Diario de los Debates LX Legislatura 2015-2017<\/a><br \/>\n<a title=\"ART\u00cdCULO 21-XXIII-DEBATES-2012-2014\" href=\"http:\/\/www.congresocoahuila.gob.mx\/portal?page_id=1516\">Diario de los Debates LIX Legislatura 2012-2014<\/a><br \/>\n<a href=\"http:\/\/congresocoahuila.gob.mx\/portal\/?page_id=3054\">Diario de los Debates LVIII Legislatura 2009-2011<\/a><br \/>\n<a href=\"http:\/\/congresocoahuila.gob.mx\/portal\/?page_id=3834\">Diario de los Debates LVII Legislatura 2006-2008<\/a><br \/>\n<a href=\"http:\/\/congresocoahuila.gob.mx\/portal\/?page_id=7101\">Diario de los Debates LVI Legislatura 2003-2005<\/a><\/p>\n<p><strong>GACETA PARLAMENTARIA<\/strong><br \/>\n<a href=\"http:\/\/congresocoahuila.gob.mx\/portal\/gaceta-parlamentaria-lxii-legislatura\">Gaceta Parlamentaria LXII Legislatura del Congreso del Estado 2021-2023<\/a><br \/>\n<a href=\"http:\/\/congresocoahuila.gob.mx\/portal\/gaceta-parlamentaria-lxi-legislatura\">Gaceta Parlamentaria LX Legislatura del Congreso del Estado 2018-2020<\/a><br \/>\n<a title=\"GACETA PARLAMENTARIA LX\" href=\"http:\/\/congresocoahuila.gob.mx\/portal\/?page_id=10623\">Gaceta Parlamentaria LX Legislatura del Congreso del Estado 2015-2017\u00a0<\/a><br \/>\n<a title=\"GACETA PARLAMENTARIA\" href=\"http:\/\/congresocoahuila.gob.mx\/portal\/?page_id=10621\">Gaceta Parlamentaria LIX Legislatura del Congreso del Estado 2012-2014 <\/a><br \/>\n<a href=\"http:\/\/congresocoahuila.gob.mx\/portal\/?page_id=10405\">Gaceta Parlamentaria LVIII Legislatura del Congreso del Estado 2009-2011<\/a><\/p>\n<\/div>\n","protected":false},"excerpt":{"rendered":"<p>Fecha de Actualizaci\u00f3n:\u00a0 01 de Abril de 2022 Responsable de la Informaci\u00f3n:\u00a0Lic. Gerardo Blanco Guerra, Oficial Mayor del H. Congreso del Estado de Coahuila. La Agenda Legislativa est\u00e1 conformada por los documentos registrados en el Orden del D\u00eda de cada una de las sesiones del Congreso del Estado, los cuales consisten, entre otros, en las [&hellip;]<\/p>\n","protected":false},"author":3,"featured_media":0,"parent":0,"menu_order":0,"comment_status":"closed","ping_status":"closed","template":"","meta":{"footnotes":""},"categories":[],"tags":[],"class_list":["post-3799","page","type-page","status-publish","hentry"],"_links":{"self":[{"href":"https:\/\/www.congresocoahuila.gob.mx\/portal\/wp-json\/wp\/v2\/pages\/3799","targetHints":{"allow":["GET"]}}],"collection":[{"href":"https:\/\/www.congresocoahuila.gob.mx\/portal\/wp-json\/wp\/v2\/pages"}],"about":[{"href":"https:\/\/www.congresocoahuila.gob.mx\/portal\/wp-json\/wp\/v2\/types\/page"}],"author":[{"embeddable":true,"href":"https:\/\/www.congresocoahuila.gob.mx\/portal\/wp-json\/wp\/v2\/users\/3"}],"replies":[{"embeddable":true,"href":"https:\/\/www.congresocoahuila.gob.mx\/portal\/wp-json\/wp\/v2\/comments?post=3799"}],"version-history":[{"count":61,"href":"https:\/\/www.congresocoahuila.gob.mx\/portal\/wp-json\/wp\/v2\/pages\/3799\/revisions"}],"predecessor-version":[{"id":43270,"href":"https:\/\/www.congresocoahuila.gob.mx\/portal\/wp-json\/wp\/v2\/pages\/3799\/revisions\/43270"}],"wp:attachment":[{"href":"https:\/\/www.congresocoahuila.gob.mx\/portal\/wp-json\/wp\/v2\/media?parent=3799"}],"wp:term":[{"taxonomy":"category","embeddable":true,"href":"https:\/\/www.congresocoahuila.gob.mx\/portal\/wp-json\/wp\/v2\/categories?post=3799"},{"taxonomy":"post_tag","embeddable":true,"href":"https:\/\/www.congresocoahuila.gob.mx\/portal\/wp-json\/wp\/v2\/tags?post=3799"}],"curies":[{"name":"wp","href":"https:\/\/api.w.org\/{rel}","templated":true}]}}