{"id":39542,"date":"2021-01-04T12:11:10","date_gmt":"2021-01-04T18:11:10","guid":{"rendered":"http:\/\/congresocoahuila.gob.mx\/portal\/?page_id=39542"},"modified":"2022-08-16T09:41:56","modified_gmt":"2022-08-16T14:41:56","slug":"debates-2021-2023","status":"publish","type":"page","link":"https:\/\/www.congresocoahuila.gob.mx\/portal\/debates-2021-2023\/","title":{"rendered":"DEBATES-2021-2023"},"content":{"rendered":"<p><strong>DIARIO DE LOS DEBATES<\/strong><\/p>\n<p><strong>Fecha de Actualizaci\u00f3n:<\/strong>\u00a0 01 de Abril de 2022<br \/>\n<strong>Responsable de la Informaci\u00f3n:\u00a0<\/strong>Lic. Gerardo Blanco Guerra,<br \/>\nOficial Mayor del H. Congreso del Estado de Coahuila.<\/p>\n<p><strong>CONGRESO DEL ESTADO DE COAHUILA<\/strong><br \/>\n<strong>LXII LEGISLATURA 2021-2023<\/strong><\/p>\n<p style=\"text-align: justify;\">Fecha de actualizaci\u00f3n de Diario de los Debates: La presente fracci\u00f3n se actualiza, atento a lo que disponen los Art\u00edculos 247 al 252\u00a0de la Ley Org\u00e1nica del Congreso, que disponen la publicaci\u00f3n del Diario de los Debates al termino de cada sesi\u00f3n, por lo que la presente p\u00e1gina se actualiza una vez que las \u00e1reas t\u00e9cnico administrativas concluyen la labor de transcripci\u00f3n de la sesi\u00f3n correspondiente, para su publicaci\u00f3n en Internet.<\/p>\n<p><strong>PRIMER A\u00d1O DE EJERCICIO CONSTITUCIONAL 2021<\/strong><br \/>\n<a href=\"http:\/\/congresocoahuila.gob.mx\/portal\/periodo-de-instalacion-2021\">Periodo de Instalaci\u00f3n de la LXII Legislatura 2021<\/a><br \/>\n<a href=\"http:\/\/congresocoahuila.gob.mx\/portal\/primer-periodo-de-la-diputacion-permanente-2021\">Primer Per\u00edodo de la Diputaci\u00f3n Permanente de la LXII Legislatura 2021<\/a><br \/>\n<a href=\"http:\/\/congresocoahuila.gob.mx\/portal\/primer-periodo-ordinario-2021\">Primer Per\u00edodo Ordinario de la LXII Legislatura 2021<\/a><br \/>\n<a href=\"https:\/\/www.congresocoahuila.gob.mx\/portal\/segundo-periodo-de-la-diputacion-permanente-2021\/\">Segundo Per\u00edodo de la Diputaci\u00f3n Permanente de la LXII Legislatura 2021<\/a><br \/>\n<a href=\"https:\/\/www.congresocoahuila.gob.mx\/portal\/segundo-periodo-ordinario-2021\/\">Segundo Per\u00edodo Ordinario de la LXII Legislatura 2021<\/a><\/p>\n<p><strong>SEGUNDO A\u00d1O DE EJERCICIO CONSTITUCIONAL 2022<\/strong><br \/>\n<a href=\"https:\/\/www.congresocoahuila.gob.mx\/portal\/primer-periodo-de-la-diputacion-permanente-2022\/\">Primer Per\u00edodo de la Diputaci\u00f3n Permanente de la LXII Legislatura 2022<\/a><br \/>\n<a href=\"https:\/\/www.congresocoahuila.gob.mx\/portal\/primer-periodo-extraordinario-2022\/\">Primer Per\u00edodo Extraordinario de la LXII Legislatura 2022<\/a><br \/>\n<a href=\"https:\/\/www.congresocoahuila.gob.mx\/portal\/primer-periodo-ordinario-2022\/\">Primer Per\u00edodo Ordinario de la LXII Legislatura 2022<\/a><br \/>\n<a href=\"https:\/\/www.congresocoahuila.gob.mx\/portal\/segundo-periodo-de-la-diputacion-permanente-2022\/\">Segundo Per\u00edodo de la Diputaci\u00f3n Permanente de la LXII Legislatura 2022<\/a><br \/>\n<a href=\"https:\/\/www.congresocoahuila.gob.mx\/portal\/segundo-periodo-extraordinario-2022\/\">Segundo Per\u00edodo Extraordinario de la LXII Legislatura 2022<\/a><\/p>\n","protected":false},"excerpt":{"rendered":"<p>DIARIO DE LOS DEBATES Fecha de Actualizaci\u00f3n:\u00a0 01 de Abril de 2022 Responsable de la Informaci\u00f3n:\u00a0Lic. Gerardo Blanco Guerra, Oficial Mayor del H. Congreso del Estado de Coahuila. CONGRESO DEL ESTADO DE COAHUILA LXII LEGISLATURA 2021-2023 Fecha de actualizaci\u00f3n de Diario de los Debates: La presente fracci\u00f3n se actualiza, atento a lo que disponen los [&hellip;]<\/p>\n","protected":false},"author":3,"featured_media":0,"parent":0,"menu_order":0,"comment_status":"closed","ping_status":"closed","template":"","meta":{"footnotes":""},"categories":[],"tags":[],"class_list":["post-39542","page","type-page","status-publish","hentry"],"_links":{"self":[{"href":"https:\/\/www.congresocoahuila.gob.mx\/portal\/wp-json\/wp\/v2\/pages\/39542","targetHints":{"allow":["GET"]}}],"collection":[{"href":"https:\/\/www.congresocoahuila.gob.mx\/portal\/wp-json\/wp\/v2\/pages"}],"about":[{"href":"https:\/\/www.congresocoahuila.gob.mx\/portal\/wp-json\/wp\/v2\/types\/page"}],"author":[{"embeddable":true,"href":"https:\/\/www.congresocoahuila.gob.mx\/portal\/wp-json\/wp\/v2\/users\/3"}],"replies":[{"embeddable":true,"href":"https:\/\/www.congresocoahuila.gob.mx\/portal\/wp-json\/wp\/v2\/comments?post=39542"}],"version-history":[{"count":19,"href":"https:\/\/www.congresocoahuila.gob.mx\/portal\/wp-json\/wp\/v2\/pages\/39542\/revisions"}],"predecessor-version":[{"id":43926,"href":"https:\/\/www.congresocoahuila.gob.mx\/portal\/wp-json\/wp\/v2\/pages\/39542\/revisions\/43926"}],"wp:attachment":[{"href":"https:\/\/www.congresocoahuila.gob.mx\/portal\/wp-json\/wp\/v2\/media?parent=39542"}],"wp:term":[{"taxonomy":"category","embeddable":true,"href":"https:\/\/www.congresocoahuila.gob.mx\/portal\/wp-json\/wp\/v2\/categories?post=39542"},{"taxonomy":"post_tag","embeddable":true,"href":"https:\/\/www.congresocoahuila.gob.mx\/portal\/wp-json\/wp\/v2\/tags?post=39542"}],"curies":[{"name":"wp","href":"https:\/\/api.w.org\/{rel}","templated":true}]}}