{"id":39807,"date":"2021-01-12T20:37:29","date_gmt":"2021-01-13T02:37:29","guid":{"rendered":"http:\/\/congresocoahuila.gob.mx\/portal\/?page_id=39807"},"modified":"2021-01-12T21:04:03","modified_gmt":"2021-01-13T03:04:03","slug":"zulmma-v-guerrero-cazares-3","status":"publish","type":"page","link":"https:\/\/www.congresocoahuila.gob.mx\/portal\/zulmma-v-guerrero-cazares-3\/","title":{"rendered":"ZULMMA V. GUERRERO C\u00c1ZARES"},"content":{"rendered":"\n<p><\/p>\n\n\n<p>\u00a0<\/p>\n<table style=\"width: 457px;\" border=\"0\" width=\"459\" cellspacing=\"0\" cellpadding=\"0\">\n<tbody>\n<tr>\n<td style=\"width: 121px;\" bgcolor=\"#FFFFFF\" width=\"165\">\n<h3>\u00a0<img loading=\"lazy\" decoding=\"async\" class=\"alignnone wp-image-29830 size-full\" src=\"http:\/\/congresocoahuila.gob.mx\/portal\/wp-content\/uploads\/2014\/12\/03-3.jpg\" alt=\"\" width=\"218\" height=\"266\" \/><\/h3>\n<p style=\"text-align: center;\"><a href=\"https:\/\/congresocoahuila.gob.mx\/transparencia\/02\/DIP_CV\/LXI\/03_DIP_ZULMMA_VERENICE_GUERRERO.docx\">CURR\u00cdCULUM<\/a><\/p>\n<p style=\"text-align: center;\">\u00a0<\/p>\n<\/td>\n<td style=\"text-align: left; width: 336px;\" valign=\"middle\" bgcolor=\"#FFFFFF\" width=\"425\">\n<p><strong><u>COMISIONES PERMANENTES:<\/u><\/strong><br \/>Energ\u00eda, Miner\u00eda e Hidrocarburos (Coordinadora)<br \/>Finanzas<br \/>Educaci\u00f3n, Cultura y Actividades C\u00edvicas<br \/>Salud, Medio Ambiente, Recursos Naturales y Agua (Secretaria)<br \/>Asuntos Municipales y Zonas Metropolitanas<br \/>Igualdad y No Discriminaci\u00f3n<br \/>Atenci\u00f3n a Grupos en Situaci\u00f3n de Vulnerabilidad<\/p>\n<p><strong>COMIT\u00c9S:<\/strong><br \/>Gestor\u00eda y Quejas (Vocal)<\/p>\n<\/td>\n<\/tr>\n<\/tbody>\n<\/table>\n<h3 style=\"text-align: center;\"><span style=\"font-family: arial, helvetica, sans-serif; font-size: 10pt;\"><a href=\"https:\/\/congresocoahuila.gob.mx\/transparencia\/03\/Decretos-2018-2020\/Decreto001-18.doc\">DECRETO 1<\/a><\/span><\/h3>","protected":false},"excerpt":{"rendered":"<p>\u00a0 \u00a0 CURR\u00cdCULUM \u00a0 COMISIONES PERMANENTES:Energ\u00eda, Miner\u00eda e Hidrocarburos (Coordinadora)FinanzasEducaci\u00f3n, Cultura y Actividades C\u00edvicasSalud, Medio Ambiente, Recursos Naturales y Agua (Secretaria)Asuntos Municipales y Zonas MetropolitanasIgualdad y No Discriminaci\u00f3nAtenci\u00f3n a Grupos en Situaci\u00f3n de Vulnerabilidad COMIT\u00c9S:Gestor\u00eda y Quejas (Vocal) DECRETO 1<\/p>\n","protected":false},"author":6,"featured_media":0,"parent":0,"menu_order":0,"comment_status":"closed","ping_status":"closed","template":"","meta":{"footnotes":""},"categories":[],"tags":[],"class_list":["post-39807","page","type-page","status-publish","hentry"],"_links":{"self":[{"href":"https:\/\/www.congresocoahuila.gob.mx\/portal\/wp-json\/wp\/v2\/pages\/39807","targetHints":{"allow":["GET"]}}],"collection":[{"href":"https:\/\/www.congresocoahuila.gob.mx\/portal\/wp-json\/wp\/v2\/pages"}],"about":[{"href":"https:\/\/www.congresocoahuila.gob.mx\/portal\/wp-json\/wp\/v2\/types\/page"}],"author":[{"embeddable":true,"href":"https:\/\/www.congresocoahuila.gob.mx\/portal\/wp-json\/wp\/v2\/users\/6"}],"replies":[{"embeddable":true,"href":"https:\/\/www.congresocoahuila.gob.mx\/portal\/wp-json\/wp\/v2\/comments?post=39807"}],"version-history":[{"count":3,"href":"https:\/\/www.congresocoahuila.gob.mx\/portal\/wp-json\/wp\/v2\/pages\/39807\/revisions"}],"predecessor-version":[{"id":39825,"href":"https:\/\/www.congresocoahuila.gob.mx\/portal\/wp-json\/wp\/v2\/pages\/39807\/revisions\/39825"}],"wp:attachment":[{"href":"https:\/\/www.congresocoahuila.gob.mx\/portal\/wp-json\/wp\/v2\/media?parent=39807"}],"wp:term":[{"taxonomy":"category","embeddable":true,"href":"https:\/\/www.congresocoahuila.gob.mx\/portal\/wp-json\/wp\/v2\/categories?post=39807"},{"taxonomy":"post_tag","embeddable":true,"href":"https:\/\/www.congresocoahuila.gob.mx\/portal\/wp-json\/wp\/v2\/tags?post=39807"}],"curies":[{"name":"wp","href":"https:\/\/api.w.org\/{rel}","templated":true}]}}