{"id":39852,"date":"2021-01-12T22:04:17","date_gmt":"2021-01-13T04:04:17","guid":{"rendered":"http:\/\/congresocoahuila.gob.mx\/portal\/?page_id=39852"},"modified":"2021-01-12T22:08:21","modified_gmt":"2021-01-13T04:08:21","slug":"maria-eugenia-cazares-martinez-2","status":"publish","type":"page","link":"https:\/\/www.congresocoahuila.gob.mx\/portal\/maria-eugenia-cazares-martinez-2\/","title":{"rendered":"MAR\u00cdA EUGENIA C\u00c1ZARES MART\u00cdNEZ"},"content":{"rendered":"\n<p><\/p>\n\n\n<p>\u00a0<\/p>\n<table style=\"width: 457px;\" border=\"0\" width=\"459\" cellspacing=\"0\" cellpadding=\"0\">\n<tbody>\n<tr>\n<td style=\"width: 121px;\" bgcolor=\"#FFFFFF\" width=\"165\">\n<h3>\u00a0<img loading=\"lazy\" decoding=\"async\" class=\"alignnone wp-image-29866 size-full\" src=\"http:\/\/congresocoahuila.gob.mx\/portal\/wp-content\/uploads\/2014\/12\/11-4.jpg\" alt=\"\" width=\"218\" height=\"266\" \/><\/h3>\n<p style=\"text-align: center;\"><a href=\"https:\/\/congresocoahuila.gob.mx\/transparencia\/02\/DIP_CV\/LXI\/11_DIP_MARIA_CAZARES_MARTINEZ.pdf\">CURR\u00cdCULUM<\/a><\/p>\n<p style=\"text-align: center;\">\u00a0<\/p>\n<\/td>\n<td style=\"text-align: left; width: 336px;\" valign=\"middle\" bgcolor=\"#FFFFFF\" width=\"425\">\n<p><strong><u>COMISIONES PERMANENTES:<\/u><\/strong><br \/>Hacienda (Coordinadora)<br \/>Transparencia y Acceso a la Informaci\u00f3n (Secretaria)<br \/>Auditor\u00eda Gubernamental y Cuenta P\u00fablica<br \/>Desarrollo Urbano, Infraestructura y Transporte<br \/>Atenci\u00f3n a Grupos en Situaci\u00f3n de Vulnerabilidad<\/p>\n<p><strong>COMIT\u00c9S:<\/strong><br \/>Seguimiento de Acuerdos<br \/><br \/><\/p>\n<\/td>\n<\/tr>\n<\/tbody>\n<\/table>\n<h3 style=\"text-align: center;\"><span style=\"font-family: arial, helvetica, sans-serif; font-size: 10pt;\"><a href=\"https:\/\/congresocoahuila.gob.mx\/transparencia\/03\/Decretos-2018-2020\/Decreto001-18.doc\">DECRETO 1<\/a><\/span><\/h3>","protected":false},"excerpt":{"rendered":"<p>\u00a0 \u00a0 CURR\u00cdCULUM \u00a0 COMISIONES PERMANENTES:Hacienda (Coordinadora)Transparencia y Acceso a la Informaci\u00f3n (Secretaria)Auditor\u00eda Gubernamental y Cuenta P\u00fablicaDesarrollo Urbano, Infraestructura y TransporteAtenci\u00f3n a Grupos en Situaci\u00f3n de Vulnerabilidad COMIT\u00c9S:Seguimiento de Acuerdos DECRETO 1<\/p>\n","protected":false},"author":6,"featured_media":0,"parent":0,"menu_order":0,"comment_status":"closed","ping_status":"closed","template":"","meta":{"footnotes":""},"categories":[],"tags":[],"class_list":["post-39852","page","type-page","status-publish","hentry"],"_links":{"self":[{"href":"https:\/\/www.congresocoahuila.gob.mx\/portal\/wp-json\/wp\/v2\/pages\/39852","targetHints":{"allow":["GET"]}}],"collection":[{"href":"https:\/\/www.congresocoahuila.gob.mx\/portal\/wp-json\/wp\/v2\/pages"}],"about":[{"href":"https:\/\/www.congresocoahuila.gob.mx\/portal\/wp-json\/wp\/v2\/types\/page"}],"author":[{"embeddable":true,"href":"https:\/\/www.congresocoahuila.gob.mx\/portal\/wp-json\/wp\/v2\/users\/6"}],"replies":[{"embeddable":true,"href":"https:\/\/www.congresocoahuila.gob.mx\/portal\/wp-json\/wp\/v2\/comments?post=39852"}],"version-history":[{"count":2,"href":"https:\/\/www.congresocoahuila.gob.mx\/portal\/wp-json\/wp\/v2\/pages\/39852\/revisions"}],"predecessor-version":[{"id":39855,"href":"https:\/\/www.congresocoahuila.gob.mx\/portal\/wp-json\/wp\/v2\/pages\/39852\/revisions\/39855"}],"wp:attachment":[{"href":"https:\/\/www.congresocoahuila.gob.mx\/portal\/wp-json\/wp\/v2\/media?parent=39852"}],"wp:term":[{"taxonomy":"category","embeddable":true,"href":"https:\/\/www.congresocoahuila.gob.mx\/portal\/wp-json\/wp\/v2\/categories?post=39852"},{"taxonomy":"post_tag","embeddable":true,"href":"https:\/\/www.congresocoahuila.gob.mx\/portal\/wp-json\/wp\/v2\/tags?post=39852"}],"curies":[{"name":"wp","href":"https:\/\/api.w.org\/{rel}","templated":true}]}}