{"id":40033,"date":"2021-01-14T14:09:18","date_gmt":"2021-01-14T20:09:18","guid":{"rendered":"http:\/\/congresocoahuila.gob.mx\/portal\/?page_id=40033"},"modified":"2021-01-14T14:11:16","modified_gmt":"2021-01-14T20:11:16","slug":"primer-ano-de-ejercicio-constitucional-de-la-lxii-legislatura-2021","status":"publish","type":"page","link":"https:\/\/www.congresocoahuila.gob.mx\/portal\/primer-ano-de-ejercicio-constitucional-de-la-lxii-legislatura-2021\/","title":{"rendered":"Primer  A\u00f1o de Ejercicio Constitucional de la LXII Legislatura 2021"},"content":{"rendered":"\n<p><strong>Presidenta:\u00a0\u00a0\u00a0\u00a0\u00a0\u00a0\u00a0\u00a0      <\/strong>    Dip. Mar\u00eda Guadalupe Oyervides Valdez<\/p>\n\n\n\n<p><strong>Vicepresidenta:      <\/strong>    Dip. Edna Ileana D\u00e1valos Elizondo<\/p>\n\n\n\n<p><strong>Vicepresidenta:          <\/strong>Dip. Teresa De Jes\u00fas Meraz Garc\u00eda<\/p>\n\n\n\n<p><strong>Secretaria:\u00a0\u00a0\u00a0\u00a0\u00a0\u00a0\u00a0\u00a0      <\/strong>     Dip. Mayra Lucila Vald\u00e9s Gonz\u00e1lez<\/p>\n\n\n\n<p><strong>Secretaria:\u00a0\u00a0\u00a0\u00a0\u00a0\u00a0\u00a0\u00a0      <\/strong>     Dip. Martha Loera Ar\u00e1mbula<\/p>\n\n\n\n<p><strong>Secretaria:\u00a0\u00a0\u00a0\u00a0\u00a0\u00a0\u00a0\u00a0      <\/strong>     Dip. Yolanda Elizondo Maltos<\/p>\n\n\n\n<p><strong>Secretaria:\u00a0\u00a0\u00a0\u00a0\u00a0\u00a0\u00a0\u00a0          <\/strong> Dip. Claudia Elvira Rodr\u00edguez M\u00e1rquez<\/p>\n","protected":false},"excerpt":{"rendered":"<p>Presidenta:\u00a0\u00a0\u00a0\u00a0\u00a0\u00a0\u00a0\u00a0 Dip. Mar\u00eda Guadalupe Oyervides Valdez Vicepresidenta: Dip. Edna Ileana D\u00e1valos Elizondo Vicepresidenta: Dip. Teresa De Jes\u00fas Meraz Garc\u00eda Secretaria:\u00a0\u00a0\u00a0\u00a0\u00a0\u00a0\u00a0\u00a0 Dip. Mayra Lucila Vald\u00e9s Gonz\u00e1lez Secretaria:\u00a0\u00a0\u00a0\u00a0\u00a0\u00a0\u00a0\u00a0 Dip. Martha Loera Ar\u00e1mbula Secretaria:\u00a0\u00a0\u00a0\u00a0\u00a0\u00a0\u00a0\u00a0 Dip. Yolanda Elizondo Maltos Secretaria:\u00a0\u00a0\u00a0\u00a0\u00a0\u00a0\u00a0\u00a0 Dip. Claudia Elvira Rodr\u00edguez M\u00e1rquez<\/p>\n","protected":false},"author":6,"featured_media":0,"parent":0,"menu_order":0,"comment_status":"closed","ping_status":"closed","template":"","meta":{"footnotes":""},"categories":[],"tags":[],"class_list":["post-40033","page","type-page","status-publish","hentry"],"_links":{"self":[{"href":"https:\/\/www.congresocoahuila.gob.mx\/portal\/wp-json\/wp\/v2\/pages\/40033","targetHints":{"allow":["GET"]}}],"collection":[{"href":"https:\/\/www.congresocoahuila.gob.mx\/portal\/wp-json\/wp\/v2\/pages"}],"about":[{"href":"https:\/\/www.congresocoahuila.gob.mx\/portal\/wp-json\/wp\/v2\/types\/page"}],"author":[{"embeddable":true,"href":"https:\/\/www.congresocoahuila.gob.mx\/portal\/wp-json\/wp\/v2\/users\/6"}],"replies":[{"embeddable":true,"href":"https:\/\/www.congresocoahuila.gob.mx\/portal\/wp-json\/wp\/v2\/comments?post=40033"}],"version-history":[{"count":3,"href":"https:\/\/www.congresocoahuila.gob.mx\/portal\/wp-json\/wp\/v2\/pages\/40033\/revisions"}],"predecessor-version":[{"id":40036,"href":"https:\/\/www.congresocoahuila.gob.mx\/portal\/wp-json\/wp\/v2\/pages\/40033\/revisions\/40036"}],"wp:attachment":[{"href":"https:\/\/www.congresocoahuila.gob.mx\/portal\/wp-json\/wp\/v2\/media?parent=40033"}],"wp:term":[{"taxonomy":"category","embeddable":true,"href":"https:\/\/www.congresocoahuila.gob.mx\/portal\/wp-json\/wp\/v2\/categories?post=40033"},{"taxonomy":"post_tag","embeddable":true,"href":"https:\/\/www.congresocoahuila.gob.mx\/portal\/wp-json\/wp\/v2\/tags?post=40033"}],"curies":[{"name":"wp","href":"https:\/\/api.w.org\/{rel}","templated":true}]}}