{"id":40038,"date":"2021-01-14T21:56:07","date_gmt":"2021-01-15T03:56:07","guid":{"rendered":"http:\/\/congresocoahuila.gob.mx\/portal\/?page_id=40038"},"modified":"2021-01-14T21:56:08","modified_gmt":"2021-01-15T03:56:08","slug":"pleno-lxi-legislatura","status":"publish","type":"page","link":"https:\/\/www.congresocoahuila.gob.mx\/portal\/pleno-lxi-legislatura\/","title":{"rendered":"PLENO LXI LEGISLATURA"},"content":{"rendered":"\n<ul class=\"wp-block-list\"><li>Se conforma con los veinticinco diputados que integran la LXI Legislatura, conforme a la Constituci\u00f3n del Estado.<\/li><\/ul>\n\n\n\n<p>DIP. EMILIO ALEJANDRO DE HOYOS MONTEMAYOR<br>DIP.&nbsp;MAR\u00cdA ESPERANZA CHAPA GARC\u00cdA<br>DIP.&nbsp;ZULMMA VERENICE GUERRERO C\u00c1ZARES<br>DIP.&nbsp;EDGAR GERARDO S\u00c1NCHEZ GARZA<br>DIP.&nbsp;ROSA NILDA GONZ\u00c1LEZ NORIEGA<br>DIP.&nbsp;JOSEFINA GARZA BARRERA<br>DIP.&nbsp;GRACIELA FERN\u00c1NDEZ ALMARAZ<br>DIP.&nbsp;MARCELO DE JES\u00daS TORRES COFI\u00d1O<br>DIP.&nbsp;FERNANDO IZAGUIRRE VALD\u00c9S<br>DIP.&nbsp;BLANCA EPPEN CANALES<br>DIP.&nbsp;MAR\u00cdA EUGENIA C\u00c1ZARES MART\u00cdNEZ<br>DIP.&nbsp;LILIA ISABEL GUTI\u00c9RREZ BURCIAGA<br>DIP.&nbsp;JAIME BUENO ZERTUCHE<br>DIP.&nbsp;JUAN CARLOS GUERRA L\u00d3PEZ NEGRETE<br>DIP. MAR\u00cdA DEL ROSARIO CONTRERAS P\u00c9REZ*<br>DIP. JES\u00daS ANDR\u00c9S LOYA CARDONA*<br>DIP.&nbsp;VER\u00d3NICA BOREQUE MART\u00cdNEZ GONZ\u00c1LEZ<br>DIP.&nbsp;JES\u00daS BERINO GRANADOS<br>DIP.&nbsp;DIANA PATRICIA GONZ\u00c1LEZ SOTO<br>DIP.&nbsp;GERARDO ABRAHAM AGUADO G\u00d3MEZ<br>DIP.&nbsp;GABRIELA ZAPOPAN GARZA GALV\u00c1N<br>DIP.&nbsp;JUAN ANTONIO GARC\u00cdA VILLA<br>DIP.&nbsp;JOS\u00c9 BENITO RAM\u00cdREZ ROSAS<br>DIP.&nbsp;ELISA CATALINA VILLALOBOS HERN\u00c1NDEZ<br>DIP.&nbsp;CLAUDIA ISELA RAM\u00cdREZ PINEDA<\/p>\n\n\n\n<pre class=\"wp-block-preformatted\">*&nbsp; Diputada Suplente en Funciones a partir del d\u00eda 26 de febrero de 2020, Por Licencia otorgada a la Dip. Luc\u00eda Azucena Ramos Ramos el d\u00eda 19 de febrero de 2020.<\/pre>\n\n\n\n<pre class=\"wp-block-preformatted\">*&nbsp; Diputado Suplente en Funciones a partir del d\u00eda 18 de septiembre del 2018, por Licencia otorgada al Dip. Samuel Rodr\u00edguez Mart\u00ednez el d\u00eda 18 de septiembre del 2018<\/pre>\n","protected":false},"excerpt":{"rendered":"<p>Se conforma con los veinticinco diputados que integran la LXI Legislatura, conforme a la Constituci\u00f3n del Estado. DIP. EMILIO ALEJANDRO DE HOYOS MONTEMAYORDIP.&nbsp;MAR\u00cdA ESPERANZA CHAPA GARC\u00cdADIP.&nbsp;ZULMMA VERENICE GUERRERO C\u00c1ZARESDIP.&nbsp;EDGAR GERARDO S\u00c1NCHEZ GARZADIP.&nbsp;ROSA NILDA GONZ\u00c1LEZ NORIEGADIP.&nbsp;JOSEFINA GARZA BARRERADIP.&nbsp;GRACIELA FERN\u00c1NDEZ ALMARAZDIP.&nbsp;MARCELO DE JES\u00daS TORRES COFI\u00d1ODIP.&nbsp;FERNANDO IZAGUIRRE VALD\u00c9SDIP.&nbsp;BLANCA EPPEN CANALESDIP.&nbsp;MAR\u00cdA EUGENIA C\u00c1ZARES MART\u00cdNEZDIP.&nbsp;LILIA ISABEL GUTI\u00c9RREZ BURCIAGADIP.&nbsp;JAIME BUENO ZERTUCHEDIP.&nbsp;JUAN [&hellip;]<\/p>\n","protected":false},"author":6,"featured_media":0,"parent":0,"menu_order":0,"comment_status":"closed","ping_status":"closed","template":"","meta":{"footnotes":""},"categories":[],"tags":[],"class_list":["post-40038","page","type-page","status-publish","hentry"],"_links":{"self":[{"href":"https:\/\/www.congresocoahuila.gob.mx\/portal\/wp-json\/wp\/v2\/pages\/40038","targetHints":{"allow":["GET"]}}],"collection":[{"href":"https:\/\/www.congresocoahuila.gob.mx\/portal\/wp-json\/wp\/v2\/pages"}],"about":[{"href":"https:\/\/www.congresocoahuila.gob.mx\/portal\/wp-json\/wp\/v2\/types\/page"}],"author":[{"embeddable":true,"href":"https:\/\/www.congresocoahuila.gob.mx\/portal\/wp-json\/wp\/v2\/users\/6"}],"replies":[{"embeddable":true,"href":"https:\/\/www.congresocoahuila.gob.mx\/portal\/wp-json\/wp\/v2\/comments?post=40038"}],"version-history":[{"count":1,"href":"https:\/\/www.congresocoahuila.gob.mx\/portal\/wp-json\/wp\/v2\/pages\/40038\/revisions"}],"predecessor-version":[{"id":40039,"href":"https:\/\/www.congresocoahuila.gob.mx\/portal\/wp-json\/wp\/v2\/pages\/40038\/revisions\/40039"}],"wp:attachment":[{"href":"https:\/\/www.congresocoahuila.gob.mx\/portal\/wp-json\/wp\/v2\/media?parent=40038"}],"wp:term":[{"taxonomy":"category","embeddable":true,"href":"https:\/\/www.congresocoahuila.gob.mx\/portal\/wp-json\/wp\/v2\/categories?post=40038"},{"taxonomy":"post_tag","embeddable":true,"href":"https:\/\/www.congresocoahuila.gob.mx\/portal\/wp-json\/wp\/v2\/tags?post=40038"}],"curies":[{"name":"wp","href":"https:\/\/api.w.org\/{rel}","templated":true}]}}