{"id":40056,"date":"2021-01-15T13:31:21","date_gmt":"2021-01-15T19:31:21","guid":{"rendered":"http:\/\/congresocoahuila.gob.mx\/portal\/?page_id=40056"},"modified":"2021-01-15T13:31:23","modified_gmt":"2021-01-15T19:31:23","slug":"periodo-de-instalacion-de-la-lxii-legislatura-2021","status":"publish","type":"page","link":"https:\/\/www.congresocoahuila.gob.mx\/portal\/periodo-de-instalacion-de-la-lxii-legislatura-2021\/","title":{"rendered":"Per\u00edodo de Instalaci\u00f3n de la LXII Legislatura 2021"},"content":{"rendered":"<p>Primera Sesi\u00f3n del d\u00eda 1 de Enero del 2021<br \/>\n<a href=\"https:\/\/congresocoahuila.gob.mx\/transparencia\/ART\/26\/05\/2021INSTALACION\/PI_S02_20210105.pdf\">Segunda Sesi\u00f3n del d\u00eda 5 de Enero del 2021<\/a><br \/>\n<a href=\"https:\/\/congresocoahuila.gob.mx\/transparencia\/ART\/26\/05\/2021INSTALACION\/PI_S03_20210112.pdf\">Tercera Sesi\u00f3n del d\u00eda 12 de Enero del 2021<\/a><\/p>\n","protected":false},"excerpt":{"rendered":"<p>Primera Sesi\u00f3n del d\u00eda 1 de Enero del 2021 Segunda Sesi\u00f3n del d\u00eda 5 de Enero del 2021 Tercera Sesi\u00f3n del d\u00eda 12 de Enero del 2021<\/p>\n","protected":false},"author":5,"featured_media":0,"parent":0,"menu_order":0,"comment_status":"closed","ping_status":"closed","template":"","meta":{"footnotes":""},"categories":[],"tags":[],"class_list":["post-40056","page","type-page","status-publish","hentry"],"_links":{"self":[{"href":"https:\/\/www.congresocoahuila.gob.mx\/portal\/wp-json\/wp\/v2\/pages\/40056","targetHints":{"allow":["GET"]}}],"collection":[{"href":"https:\/\/www.congresocoahuila.gob.mx\/portal\/wp-json\/wp\/v2\/pages"}],"about":[{"href":"https:\/\/www.congresocoahuila.gob.mx\/portal\/wp-json\/wp\/v2\/types\/page"}],"author":[{"embeddable":true,"href":"https:\/\/www.congresocoahuila.gob.mx\/portal\/wp-json\/wp\/v2\/users\/5"}],"replies":[{"embeddable":true,"href":"https:\/\/www.congresocoahuila.gob.mx\/portal\/wp-json\/wp\/v2\/comments?post=40056"}],"version-history":[{"count":1,"href":"https:\/\/www.congresocoahuila.gob.mx\/portal\/wp-json\/wp\/v2\/pages\/40056\/revisions"}],"predecessor-version":[{"id":40057,"href":"https:\/\/www.congresocoahuila.gob.mx\/portal\/wp-json\/wp\/v2\/pages\/40056\/revisions\/40057"}],"wp:attachment":[{"href":"https:\/\/www.congresocoahuila.gob.mx\/portal\/wp-json\/wp\/v2\/media?parent=40056"}],"wp:term":[{"taxonomy":"category","embeddable":true,"href":"https:\/\/www.congresocoahuila.gob.mx\/portal\/wp-json\/wp\/v2\/categories?post=40056"},{"taxonomy":"post_tag","embeddable":true,"href":"https:\/\/www.congresocoahuila.gob.mx\/portal\/wp-json\/wp\/v2\/tags?post=40056"}],"curies":[{"name":"wp","href":"https:\/\/api.w.org\/{rel}","templated":true}]}}