{"id":40160,"date":"2021-01-27T11:47:45","date_gmt":"2021-01-27T17:47:45","guid":{"rendered":"http:\/\/congresocoahuila.gob.mx\/portal\/?page_id=40160"},"modified":"2021-04-08T13:12:17","modified_gmt":"2021-04-08T18:12:17","slug":"luz-elena-guadalupe-morales-nunez","status":"publish","type":"page","link":"https:\/\/www.congresocoahuila.gob.mx\/portal\/luz-elena-guadalupe-morales-nunez\/","title":{"rendered":"LUZ ELENA GUADALUPE MORALES N\u00da\u00d1EZ"},"content":{"rendered":"\n<p><\/p>\n\n\n<p>\u00a0<\/p>\n<table style=\"width: 457px;\" border=\"0\" width=\"459\" cellspacing=\"0\" cellpadding=\"0\">\n<tbody>\n<tr>\n<td style=\"width: 121px;\" bgcolor=\"#FFFFFF\" width=\"165\">\n<h3><img loading=\"lazy\" decoding=\"async\" class=\"alignnone wp-image-39978 size-full\" src=\"http:\/\/congresocoahuila.gob.mx\/portal\/wp-content\/uploads\/2021\/01\/LUZ_ELENA_GUADALUPE_MORALES_NUNEZ-1.jpg\" alt=\"\" width=\"199\" height=\"238\" \/><\/h3>\n<p style=\"text-align: center;\"><a href=\"https:\/\/congresocoahuila.gob.mx\/transparencia\/ART\/21\/8\/LXII_2021_2023\/DIPUTADOS\/DIP_LUZ_ELENA_GUADALUPE_MORALES_NUNEZ.docx\">CURR\u00cdCULUM<\/a><\/p>\n<p style=\"text-align: center;\">\u00a0<\/p>\n<\/td>\n<td style=\"text-align: left; width: 336px;\" valign=\"middle\" bgcolor=\"#FFFFFF\" width=\"425\">\n<p><strong><u>COMISIONES PERMANENTES:<\/u><\/strong><br \/>Igualdad y No Discriminaci\u00f3n (Coordinadora)<br \/>Gobernaci\u00f3n, Puntos Constitucionales y Justicia. (Secretaria)<br \/>Reglamento y Pr\u00e1cticas Parlamentarias<br \/>Deporte y Juventud<br \/>Trabajo y Previsi\u00f3n Social<br \/>Ciencia y Tecnolog\u00eda<\/p>\n<p>Comit\u00e9s:<br \/>Gestor\u00eda y Quejas (Vocal)<\/p>\n<h6 style=\"text-align: right;\"><strong><a href=\"https:\/\/congresocoahuila.gob.mx\/transparencia\/DECRETO_01.pdf\">DECRETO 1<\/a><\/strong><\/h6>\n<p style=\"text-align: right;\">\u00a0<\/p>\n<\/td>\n<\/tr>\n<\/tbody>\n<\/table>\n<h3>\u00a0<\/h3>\n<h3 style=\"text-align: center;\">\u00a0<\/h3>","protected":false},"excerpt":{"rendered":"<p>\u00a0 CURR\u00cdCULUM \u00a0 COMISIONES PERMANENTES:Igualdad y No Discriminaci\u00f3n (Coordinadora)Gobernaci\u00f3n, Puntos Constitucionales y Justicia. (Secretaria)Reglamento y Pr\u00e1cticas ParlamentariasDeporte y JuventudTrabajo y Previsi\u00f3n SocialCiencia y Tecnolog\u00eda Comit\u00e9s:Gestor\u00eda y Quejas (Vocal) DECRETO 1 \u00a0 \u00a0 \u00a0<\/p>\n","protected":false},"author":6,"featured_media":0,"parent":0,"menu_order":0,"comment_status":"closed","ping_status":"closed","template":"","meta":{"footnotes":""},"categories":[],"tags":[],"class_list":["post-40160","page","type-page","status-publish","hentry"],"_links":{"self":[{"href":"https:\/\/www.congresocoahuila.gob.mx\/portal\/wp-json\/wp\/v2\/pages\/40160","targetHints":{"allow":["GET"]}}],"collection":[{"href":"https:\/\/www.congresocoahuila.gob.mx\/portal\/wp-json\/wp\/v2\/pages"}],"about":[{"href":"https:\/\/www.congresocoahuila.gob.mx\/portal\/wp-json\/wp\/v2\/types\/page"}],"author":[{"embeddable":true,"href":"https:\/\/www.congresocoahuila.gob.mx\/portal\/wp-json\/wp\/v2\/users\/6"}],"replies":[{"embeddable":true,"href":"https:\/\/www.congresocoahuila.gob.mx\/portal\/wp-json\/wp\/v2\/comments?post=40160"}],"version-history":[{"count":4,"href":"https:\/\/www.congresocoahuila.gob.mx\/portal\/wp-json\/wp\/v2\/pages\/40160\/revisions"}],"predecessor-version":[{"id":41383,"href":"https:\/\/www.congresocoahuila.gob.mx\/portal\/wp-json\/wp\/v2\/pages\/40160\/revisions\/41383"}],"wp:attachment":[{"href":"https:\/\/www.congresocoahuila.gob.mx\/portal\/wp-json\/wp\/v2\/media?parent=40160"}],"wp:term":[{"taxonomy":"category","embeddable":true,"href":"https:\/\/www.congresocoahuila.gob.mx\/portal\/wp-json\/wp\/v2\/categories?post=40160"},{"taxonomy":"post_tag","embeddable":true,"href":"https:\/\/www.congresocoahuila.gob.mx\/portal\/wp-json\/wp\/v2\/tags?post=40160"}],"curies":[{"name":"wp","href":"https:\/\/api.w.org\/{rel}","templated":true}]}}