{"id":43160,"date":"2022-03-02T10:45:22","date_gmt":"2022-03-02T16:45:22","guid":{"rendered":"https:\/\/congresocoahuila.gob.mx\/portal\/?page_id=43160"},"modified":"2022-06-30T13:04:48","modified_gmt":"2022-06-30T18:04:48","slug":"primer-periodo-ordinario-de-la-lxii-legislatura-2022","status":"publish","type":"page","link":"https:\/\/www.congresocoahuila.gob.mx\/portal\/primer-periodo-ordinario-de-la-lxii-legislatura-2022\/","title":{"rendered":"PRIMER PER\u00cdODO ORDINARIO DE LA LXII LEGISLATURA 2022"},"content":{"rendered":"<p><strong><span style=\"color: #000000;\">LISTA DE ASISTENCIA<\/span>\u00a0<\/strong><br \/>\n<a href=\"https:\/\/congresocoahuila.gob.mx\/transparencia\/ART\/26\/05\/1ER_PERIODO_ORDINARIO_LXII_2022\/PPO_S01_20220301.pdf\">Primera Sesi\u00f3n, 01 de marzo de 2022<\/a><br \/>\n<a href=\"https:\/\/congresocoahuila.gob.mx\/transparencia\/ART\/26\/05\/1ER_PERIODO_ORDINARIO_LXII_2022\/PPO_S02_20220308.pdf\">Segunda Sesi\u00f3n, 08 de marzo de 2022<\/a><br \/>\n<a href=\"https:\/\/congresocoahuila.gob.mx\/transparencia\/ART\/26\/05\/1ER_PERIODO_ORDINARIO_LXII_2022\/PPO_S03_20220315.pdf\">Tercera Sesi\u00f3n, 15 de marzo de 2022<\/a><br \/>\n<a href=\"https:\/\/congresocoahuila.gob.mx\/transparencia\/ART\/26\/05\/1ER_PERIODO_ORDINARIO_LXII_2022\/PPO_S04_20220323.pdf\">Cuarta Sesi\u00f3n, 23 de marzo de 2022<\/a><br \/>\n<a href=\"https:\/\/congresocoahuila.gob.mx\/transparencia\/ART\/26\/05\/1ER_PERIODO_ORDINARIO_LXII_2022\/PPO_S05_20220329.pdf\">Quinta Sesi\u00f3n, 29 de marzo de 2022<\/a><br \/>\n<a href=\"https:\/\/congresocoahuila.gob.mx\/transparencia\/ART\/26\/05\/1ER_PERIODO_ORDINARIO_LXII_2022\/PPO_S06_20220405.pdf\">Sexta Sesi\u00f3n, 05 de abril de 2022<\/a><br \/>\n<a href=\"https:\/\/congresocoahuila.gob.mx\/transparencia\/ART\/26\/05\/1ER_PERIODO_ORDINARIO_LXII_2022\/PPO_S07_20220411.pdf\">S\u00e9ptima Sesi\u00f3n, 11 de abril de 2022<\/a><br \/>\n<a href=\"https:\/\/congresocoahuila.gob.mx\/transparencia\/ART\/26\/05\/1ER_PERIODO_ORDINARIO_LXII_2022\/PPO_S08_20220426.pdf\">Octava Sesi\u00f3n, 26 de abril de 2022<\/a><br \/>\n<a href=\"https:\/\/congresocoahuila.gob.mx\/transparencia\/ART\/26\/05\/1ER_PERIODO_ORDINARIO_LXII_2022\/PPO_S09_20220427.pdf\">Novena Sesi\u00f3n, 27 de abril de 2022<\/a><br \/>\n<a href=\"https:\/\/congresocoahuila.gob.mx\/transparencia\/ART\/26\/05\/1ER_PERIODO_ORDINARIO_LXII_2022\/PPO_S10_20220503.pdf\">D\u00e9cima Sesi\u00f3n, 03 de mayo de 2022<\/a><br \/>\n<a href=\"https:\/\/congresocoahuila.gob.mx\/transparencia\/ART\/26\/05\/1ER_PERIODO_ORDINARIO_LXII_2022\/PPO_S11_20220509.pdf\">D\u00e9cima Primera Sesi\u00f3n, 09 de mayo de 2022<\/a><br \/>\n<a href=\"https:\/\/congresocoahuila.gob.mx\/transparencia\/ART\/26\/05\/1ER_PERIODO_ORDINARIO_LXII_2022\/PPO_S12_20220517.pdf\">D\u00e9cima Segunda Sesi\u00f3n, 17 de mayo de 2022<\/a><br \/>\n<a href=\"https:\/\/congresocoahuila.gob.mx\/transparencia\/ART\/26\/05\/1ER_PERIODO_ORDINARIO_LXII_2022\/PPO_S13_20220524.pdf\">D\u00e9cima Tercera Sesi\u00f3n, 24 de mayo de 2022<\/a><br \/>\n<a href=\"https:\/\/congresocoahuila.gob.mx\/transparencia\/ART\/26\/05\/1ER_PERIODO_ORDINARIO_LXII_2022\/PPO_S14_20220531.pdf\">D\u00e9cima Cuarta Sesi\u00f3n, 31 de mayo de 2022<\/a><br \/>\n<a href=\"https:\/\/congresocoahuila.gob.mx\/transparencia\/ART\/26\/05\/1ER_PERIODO_ORDINARIO_LXII_2022\/PPO_S15_20220607.pdf\">D\u00e9cima Quinta Sesi\u00f3n, 07 de junio de 2022<\/a><br \/>\n<a href=\"https:\/\/congresocoahuila.gob.mx\/transparencia\/ART\/26\/05\/1ER_PERIODO_ORDINARIO_LXII_2022\/PPO_S16_20220614.pdf\">D\u00e9cima Sexta Sesi\u00f3n, 14 de junio de 2022<\/a><br \/>\n<a href=\"https:\/\/congresocoahuila.gob.mx\/transparencia\/ART\/26\/05\/1ER_PERIODO_ORDINARIO_LXII_2022\/PPO_S17_20220621.pdf\">D\u00e9cima S\u00e9ptima Sesi\u00f3n, 21 de junio de 2022<\/a><br \/>\n<a href=\"https:\/\/congresocoahuila.gob.mx\/transparencia\/ART\/26\/05\/1ER_PERIODO_ORDINARIO_LXII_2022\/PPO_S18_20220628.pdf\">D\u00e9cima Octava Sesi\u00f3n, 28 de junio de 2022<\/a><\/p>\n","protected":false},"excerpt":{"rendered":"<p>LISTA DE ASISTENCIA\u00a0 Primera Sesi\u00f3n, 01 de marzo de 2022 Segunda Sesi\u00f3n, 08 de marzo de 2022 Tercera Sesi\u00f3n, 15 de marzo de 2022 Cuarta Sesi\u00f3n, 23 de marzo de 2022 Quinta Sesi\u00f3n, 29 de marzo de 2022 Sexta Sesi\u00f3n, 05 de abril de 2022 S\u00e9ptima Sesi\u00f3n, 11 de abril de 2022 Octava Sesi\u00f3n, 26 [&hellip;]<\/p>\n","protected":false},"author":2,"featured_media":0,"parent":0,"menu_order":0,"comment_status":"closed","ping_status":"closed","template":"","meta":{"footnotes":""},"categories":[],"tags":[],"class_list":["post-43160","page","type-page","status-publish","hentry"],"_links":{"self":[{"href":"https:\/\/www.congresocoahuila.gob.mx\/portal\/wp-json\/wp\/v2\/pages\/43160","targetHints":{"allow":["GET"]}}],"collection":[{"href":"https:\/\/www.congresocoahuila.gob.mx\/portal\/wp-json\/wp\/v2\/pages"}],"about":[{"href":"https:\/\/www.congresocoahuila.gob.mx\/portal\/wp-json\/wp\/v2\/types\/page"}],"author":[{"embeddable":true,"href":"https:\/\/www.congresocoahuila.gob.mx\/portal\/wp-json\/wp\/v2\/users\/2"}],"replies":[{"embeddable":true,"href":"https:\/\/www.congresocoahuila.gob.mx\/portal\/wp-json\/wp\/v2\/comments?post=43160"}],"version-history":[{"count":20,"href":"https:\/\/www.congresocoahuila.gob.mx\/portal\/wp-json\/wp\/v2\/pages\/43160\/revisions"}],"predecessor-version":[{"id":43767,"href":"https:\/\/www.congresocoahuila.gob.mx\/portal\/wp-json\/wp\/v2\/pages\/43160\/revisions\/43767"}],"wp:attachment":[{"href":"https:\/\/www.congresocoahuila.gob.mx\/portal\/wp-json\/wp\/v2\/media?parent=43160"}],"wp:term":[{"taxonomy":"category","embeddable":true,"href":"https:\/\/www.congresocoahuila.gob.mx\/portal\/wp-json\/wp\/v2\/categories?post=43160"},{"taxonomy":"post_tag","embeddable":true,"href":"https:\/\/www.congresocoahuila.gob.mx\/portal\/wp-json\/wp\/v2\/tags?post=43160"}],"curies":[{"name":"wp","href":"https:\/\/api.w.org\/{rel}","templated":true}]}}