{"id":5641,"date":"2014-11-28T11:36:49","date_gmt":"2014-11-28T17:36:49","guid":{"rendered":"http:\/\/www.congresocoahuila.gob.mx\/portal\/?page_id=5641"},"modified":"2016-10-11T11:42:56","modified_gmt":"2016-10-11T16:42:56","slug":"articulo-21-vii-viaticos-lix-1","status":"publish","type":"page","link":"https:\/\/www.congresocoahuila.gob.mx\/portal\/articulo-21-vii-viaticos-lix-1\/","title":{"rendered":"ART\u00cdCULO 21.VII-VI\u00c1TICOS LIX-1"},"content":{"rendered":"<p><strong>VI\u00c1TICOS DE LA ASAMBLEA 2014<\/strong><br \/>\n<a href=\"https:\/\/congresocoahuila.gob.mx\/transparencia\/ART\/21\/7\/VIATICOS\/LEG_LIX\/ASAMBLEA_2014\/VIATICOS_1_TRI_2014.pdf\">Documento 1<\/a> Primer Trimestre de 2014<br \/>\n<a href=\"https:\/\/congresocoahuila.gob.mx\/transparencia\/ART\/21\/7\/VIATICOS\/LEG_LIX\/ASAMBLEA_2014\/VIATICOS_2_TRI_2014.pdf\">Documento 2<\/a> Segundo Trimestre de 2014<br \/>\n<a href=\"https:\/\/congresocoahuila.gob.mx\/transparencia\/ART\/21\/7\/VIATICOS\/LEG_LIX\/ASAMBLEA_2014\/VIATICOS_3_TRI_2014.pdf\">Documento 3<\/a> Tercer Trimestre de 2014<br \/>\n<a href=\"https:\/\/congresocoahuila.gob.mx\/transparencia\/ART\/21\/7\/VIATICOS\/LEG_LIX\/ASAMBLEA_2014\/VIATICOS_4_TRI_2014.pdf\">Documento 4 <\/a>\u00a0Cuarto Trimestre de 2014<\/p>\n<p><strong>VI\u00c1TICOS DE LA ASAMBLEA 2013<\/strong><br \/>\n<a title=\"ART\u00cdCULO 21.VII-VI\u00c1TICOS-2013-1\" href=\"https:\/\/congresocoahuila.gob.mx\/transparencia\/ART\/21\/7\/VIATICOS\/LEG_LIX\/ASAMBLEA_2013\/VIATICOS_1_SEM_2013.pdf\">Documento 1<\/a> Primer Semestre 2013<br \/>\n<a title=\"ART\u00cdCULO 21.VII-VI\u00c1TICOS-2013-2\" href=\"https:\/\/congresocoahuila.gob.mx\/transparencia\/ART\/21\/7\/VIATICOS\/LEG_LIX\/ASAMBLEA_2013\/VIATICOS_2_SEM_2013.pdf\">Documento 2<\/a> Segundo Semestre 2013<\/p>\n<p><strong>VI\u00c1TICOS DE LA ASAMBLEA 2012<\/strong><br \/>\n<a href=\"https:\/\/congresocoahuila.gob.mx\/transparencia\/ART\/21\/7\/VIATICOS\/LEG_LIX\/ASAMBLEA_2012\/VIATICOS_1_SEM_2012.pdf\">Documento 1 <\/a>Primer Semestre 2012<br \/>\n<a href=\"https:\/\/congresocoahuila.gob.mx\/transparencia\/ART\/21\/7\/VIATICOS\/LEG_LIX\/ASAMBLEA_2012\/VIATICOS_2_SEM_2012.pdf\">Documento 2<\/a> Segundo Semestre 2012<\/p>\n","protected":false},"excerpt":{"rendered":"<p>VI\u00c1TICOS DE LA ASAMBLEA 2014 Documento 1 Primer Trimestre de 2014 Documento 2 Segundo Trimestre de 2014 Documento 3 Tercer Trimestre de 2014 Documento 4 \u00a0Cuarto Trimestre de 2014 VI\u00c1TICOS DE LA ASAMBLEA 2013 Documento 1 Primer Semestre 2013 Documento 2 Segundo Semestre 2013 VI\u00c1TICOS DE LA ASAMBLEA 2012 Documento 1 Primer Semestre 2012 Documento [&hellip;]<\/p>\n","protected":false},"author":3,"featured_media":0,"parent":0,"menu_order":0,"comment_status":"closed","ping_status":"closed","template":"","meta":{"footnotes":""},"categories":[],"tags":[],"class_list":["post-5641","page","type-page","status-publish","hentry"],"_links":{"self":[{"href":"https:\/\/www.congresocoahuila.gob.mx\/portal\/wp-json\/wp\/v2\/pages\/5641","targetHints":{"allow":["GET"]}}],"collection":[{"href":"https:\/\/www.congresocoahuila.gob.mx\/portal\/wp-json\/wp\/v2\/pages"}],"about":[{"href":"https:\/\/www.congresocoahuila.gob.mx\/portal\/wp-json\/wp\/v2\/types\/page"}],"author":[{"embeddable":true,"href":"https:\/\/www.congresocoahuila.gob.mx\/portal\/wp-json\/wp\/v2\/users\/3"}],"replies":[{"embeddable":true,"href":"https:\/\/www.congresocoahuila.gob.mx\/portal\/wp-json\/wp\/v2\/comments?post=5641"}],"version-history":[{"count":7,"href":"https:\/\/www.congresocoahuila.gob.mx\/portal\/wp-json\/wp\/v2\/pages\/5641\/revisions"}],"predecessor-version":[{"id":22434,"href":"https:\/\/www.congresocoahuila.gob.mx\/portal\/wp-json\/wp\/v2\/pages\/5641\/revisions\/22434"}],"wp:attachment":[{"href":"https:\/\/www.congresocoahuila.gob.mx\/portal\/wp-json\/wp\/v2\/media?parent=5641"}],"wp:term":[{"taxonomy":"category","embeddable":true,"href":"https:\/\/www.congresocoahuila.gob.mx\/portal\/wp-json\/wp\/v2\/categories?post=5641"},{"taxonomy":"post_tag","embeddable":true,"href":"https:\/\/www.congresocoahuila.gob.mx\/portal\/wp-json\/wp\/v2\/tags?post=5641"}],"curies":[{"name":"wp","href":"https:\/\/api.w.org\/{rel}","templated":true}]}}