{"id":7111,"date":"2014-11-30T13:50:08","date_gmt":"2014-11-30T19:50:08","guid":{"rendered":"http:\/\/www.congresocoahuila.gob.mx\/portal\/?page_id=7111"},"modified":"2014-11-30T13:50:08","modified_gmt":"2014-11-30T19:50:08","slug":"articulo-21-xxiii-2003-2","status":"publish","type":"page","link":"https:\/\/www.congresocoahuila.gob.mx\/portal\/articulo-21-xxiii-2003-2\/","title":{"rendered":"PRIMER PER\u00cdODO DE RECESO-2003"},"content":{"rendered":"<p><strong>PRIMER A\u00d1O DE EJERCICIO CONSTITUCIONAL 2003<br \/>\nPRIMER PER\u00cdODO\u00a0DE RECESO<\/strong><\/p>\n<p><a href=\"http:\/\/www.congresocoahuila.gob.mx\/portal\/wp-content\/uploads\/2014\/11\/20031pr1s1.pdf\">Sesi\u00f3n del D\u00eda 15 de Enero del 2003<\/a><br \/>\n<a href=\"http:\/\/www.congresocoahuila.gob.mx\/portal\/wp-content\/uploads\/2014\/11\/20031pr1s2.pdf\">Sesi\u00f3n del D\u00eda 21 de Enero del 2003<\/a><br \/>\n<a href=\"http:\/\/www.congresocoahuila.gob.mx\/portal\/wp-content\/uploads\/2014\/11\/20031pr1s3.pdf\">Sesi\u00f3n del D\u00eda 28 de Enero del 2003<\/a><br \/>\n<a href=\"http:\/\/www.congresocoahuila.gob.mx\/portal\/wp-content\/uploads\/2014\/11\/20031pr1s4.pdf\">Sesi\u00f3n del D\u00eda 4 de Febrero del 2003<\/a><br \/>\n<a href=\"http:\/\/www.congresocoahuila.gob.mx\/portal\/wp-content\/uploads\/2014\/11\/20031pr1s5.pdf\">Sesi\u00f3n del D\u00eda 11 de Febrero del 2003<\/a><\/p>\n<p><a href=\"http:\/\/www.congresocoahuila.gob.mx\/portal\/wp-content\/uploads\/2014\/11\/20031pr1sol.pdf\">Sesi\u00f3n Solemne. 19 de Febrero del 2003 \u00abD\u00eda del Ej\u00e9rcito\u00bb<\/a><\/p>\n<p><a href=\"http:\/\/www.congresocoahuila.gob.mx\/portal\/wp-content\/uploads\/2014\/11\/20031pr1s7.pdf\">Sesi\u00f3n del D\u00eda 20 de Febrero del 2003<\/a><br \/>\n<a href=\"http:\/\/www.congresocoahuila.gob.mx\/portal\/wp-content\/uploads\/2014\/11\/20031pr1s8.pdf\">Sesi\u00f3n del D\u00eda 25 de Febrero del 2003<\/a><br \/>\n<a href=\"http:\/\/www.congresocoahuila.gob.mx\/portal\/wp-content\/uploads\/2014\/11\/20031pr1s9.pdf\">Sesi\u00f3n del D\u00eda 4 de Marzo del 2003<\/a><br \/>\n<a href=\"http:\/\/www.congresocoahuila.gob.mx\/portalwp-content\/uploads\/2014\/11\/20031pr1s10.pdf\">Sesi\u00f3n del D\u00eda 11 de Marzo del 2003<\/a><br \/>\n<a href=\"http:\/\/www.congresocoahuila.gob.mx\/portal\/wp-content\/uploads\/2014\/11\/20031pr1s11.pdf\">Sesi\u00f3n del D\u00eda 18 de Marzo del 2003<\/a><br \/>\n<a href=\"http:\/\/www.congresocoahuila.gob.mx\/portal\/wp-content\/uploads\/2014\/11\/20031pr1s12.pdf\">Sesi\u00f3n del D\u00eda 25 de Marzo del 2003<\/a><\/p>\n","protected":false},"excerpt":{"rendered":"<p>PRIMER A\u00d1O DE EJERCICIO CONSTITUCIONAL 2003 PRIMER PER\u00cdODO\u00a0DE RECESO Sesi\u00f3n del D\u00eda 15 de Enero del 2003 Sesi\u00f3n del D\u00eda 21 de Enero del 2003 Sesi\u00f3n del D\u00eda 28 de Enero del 2003 Sesi\u00f3n del D\u00eda 4 de Febrero del 2003 Sesi\u00f3n del D\u00eda 11 de Febrero del 2003 Sesi\u00f3n Solemne. 19 de Febrero del [&hellip;]<\/p>\n","protected":false},"author":3,"featured_media":0,"parent":0,"menu_order":0,"comment_status":"closed","ping_status":"closed","template":"","meta":{"footnotes":""},"categories":[],"tags":[],"class_list":["post-7111","page","type-page","status-publish","hentry"],"_links":{"self":[{"href":"https:\/\/www.congresocoahuila.gob.mx\/portal\/wp-json\/wp\/v2\/pages\/7111","targetHints":{"allow":["GET"]}}],"collection":[{"href":"https:\/\/www.congresocoahuila.gob.mx\/portal\/wp-json\/wp\/v2\/pages"}],"about":[{"href":"https:\/\/www.congresocoahuila.gob.mx\/portal\/wp-json\/wp\/v2\/types\/page"}],"author":[{"embeddable":true,"href":"https:\/\/www.congresocoahuila.gob.mx\/portal\/wp-json\/wp\/v2\/users\/3"}],"replies":[{"embeddable":true,"href":"https:\/\/www.congresocoahuila.gob.mx\/portal\/wp-json\/wp\/v2\/comments?post=7111"}],"version-history":[{"count":0,"href":"https:\/\/www.congresocoahuila.gob.mx\/portal\/wp-json\/wp\/v2\/pages\/7111\/revisions"}],"wp:attachment":[{"href":"https:\/\/www.congresocoahuila.gob.mx\/portal\/wp-json\/wp\/v2\/media?parent=7111"}],"wp:term":[{"taxonomy":"category","embeddable":true,"href":"https:\/\/www.congresocoahuila.gob.mx\/portal\/wp-json\/wp\/v2\/categories?post=7111"},{"taxonomy":"post_tag","embeddable":true,"href":"https:\/\/www.congresocoahuila.gob.mx\/portal\/wp-json\/wp\/v2\/tags?post=7111"}],"curies":[{"name":"wp","href":"https:\/\/api.w.org\/{rel}","templated":true}]}}