{"id":7284,"date":"2014-12-01T11:45:00","date_gmt":"2014-12-01T17:45:00","guid":{"rendered":"http:\/\/www.congresocoahuila.gob.mx\/portal\/?page_id=7284"},"modified":"2016-10-18T11:50:41","modified_gmt":"2016-10-18T16:50:41","slug":"articulo-21-xxiii-2005","status":"publish","type":"page","link":"https:\/\/www.congresocoahuila.gob.mx\/portal\/articulo-21-xxiii-2005\/","title":{"rendered":"PRIMER PER\u00cdODO DE RECESO-2005"},"content":{"rendered":"<p><strong>TERCER A\u00d1O DE EJERCICIO CONSTITUCIONAL 2005<br \/>\nPRIMER PER\u00cdODO\u00a0DE RECESO<\/strong><\/p>\n<p><a href=\"http:\/\/www.congresocoahuila.gob.mx\/portal\/wp-content\/uploads\/2014\/11\/20051pr3s1.pdf\">Sesi\u00f3n del D\u00eda 07 de Enero del 2005<\/a><br \/>\n<a href=\"http:\/\/www.congresocoahuila.gob.mx\/portal\/wp-content\/uploads\/2014\/11\/20051pr3s2.pdf\">Sesi\u00f3n del D\u00eda 11 de Enero del 2005<\/a><br \/>\n<a href=\"http:\/\/www.congresocoahuila.gob.mx\/portal\/wp-content\/uploads\/2014\/11\/20051pr3s3.pdf\">Sesi\u00f3n del D\u00eda 18 de Enero del 2005<\/a><br \/>\n<a href=\"http:\/\/www.congresocoahuila.gob.mx\/portal\/wp-content\/uploads\/2014\/11\/20051pr3s4.pdf\">Sesi\u00f3n del D\u00eda 25 de Enero del 2005<\/a><br \/>\n<a href=\"http:\/\/www.congresocoahuila.gob.mx\/portal\/wp-content\/uploads\/2014\/11\/20051pr3s5.pdf\">Sesi\u00f3n del D\u00eda 01 de Febrero del 2005<\/a><br \/>\n<a href=\"http:\/\/www.congresocoahuila.gob.mx\/portal\/wp-content\/uploads\/2014\/11\/20051pr3s6.pdf\">Sesi\u00f3n del D\u00eda 08 de Febrero del 2005<\/a><br \/>\n<a href=\"http:\/\/www.congresocoahuila.gob.mx\/portal\/wp-content\/uploads\/2014\/11\/20051pr3s7.pdf\">Sesi\u00f3n del D\u00eda 17 de Febrero del 2005<\/a><\/p>\n<p><a href=\"http:\/\/congresocoahuila.gob.mx\/portal\/wp-content\/uploads\/2014\/11\/20051pr3sol.pdf\">Sesi\u00f3n Solemne, 19 de Febrero del 2005 \u00abD\u00eda del Ej\u00e9rcito\u00bb<\/a><\/p>\n<p><a href=\"http:\/\/congresocoahuila.gob.mx\/portal\/wp-content\/uploads\/2014\/11\/20051pr3s8.pdf\">Sesi\u00f3n del D\u00eda 22 de Febrero del 2005<\/a><\/p>\n","protected":false},"excerpt":{"rendered":"<p>TERCER A\u00d1O DE EJERCICIO CONSTITUCIONAL 2005 PRIMER PER\u00cdODO\u00a0DE RECESO Sesi\u00f3n del D\u00eda 07 de Enero del 2005 Sesi\u00f3n del D\u00eda 11 de Enero del 2005 Sesi\u00f3n del D\u00eda 18 de Enero del 2005 Sesi\u00f3n del D\u00eda 25 de Enero del 2005 Sesi\u00f3n del D\u00eda 01 de Febrero del 2005 Sesi\u00f3n del D\u00eda 08 de Febrero [&hellip;]<\/p>\n","protected":false},"author":3,"featured_media":0,"parent":0,"menu_order":0,"comment_status":"closed","ping_status":"closed","template":"","meta":{"footnotes":""},"categories":[],"tags":[],"class_list":["post-7284","page","type-page","status-publish","hentry"],"_links":{"self":[{"href":"https:\/\/www.congresocoahuila.gob.mx\/portal\/wp-json\/wp\/v2\/pages\/7284","targetHints":{"allow":["GET"]}}],"collection":[{"href":"https:\/\/www.congresocoahuila.gob.mx\/portal\/wp-json\/wp\/v2\/pages"}],"about":[{"href":"https:\/\/www.congresocoahuila.gob.mx\/portal\/wp-json\/wp\/v2\/types\/page"}],"author":[{"embeddable":true,"href":"https:\/\/www.congresocoahuila.gob.mx\/portal\/wp-json\/wp\/v2\/users\/3"}],"replies":[{"embeddable":true,"href":"https:\/\/www.congresocoahuila.gob.mx\/portal\/wp-json\/wp\/v2\/comments?post=7284"}],"version-history":[{"count":2,"href":"https:\/\/www.congresocoahuila.gob.mx\/portal\/wp-json\/wp\/v2\/pages\/7284\/revisions"}],"predecessor-version":[{"id":22631,"href":"https:\/\/www.congresocoahuila.gob.mx\/portal\/wp-json\/wp\/v2\/pages\/7284\/revisions\/22631"}],"wp:attachment":[{"href":"https:\/\/www.congresocoahuila.gob.mx\/portal\/wp-json\/wp\/v2\/media?parent=7284"}],"wp:term":[{"taxonomy":"category","embeddable":true,"href":"https:\/\/www.congresocoahuila.gob.mx\/portal\/wp-json\/wp\/v2\/categories?post=7284"},{"taxonomy":"post_tag","embeddable":true,"href":"https:\/\/www.congresocoahuila.gob.mx\/portal\/wp-json\/wp\/v2\/tags?post=7284"}],"curies":[{"name":"wp","href":"https:\/\/api.w.org\/{rel}","templated":true}]}}