{"id":7311,"date":"2014-12-01T12:03:12","date_gmt":"2014-12-01T18:03:12","guid":{"rendered":"http:\/\/www.congresocoahuila.gob.mx\/portal\/?page_id=7311"},"modified":"2014-12-01T12:03:12","modified_gmt":"2014-12-01T18:03:12","slug":"articulo-21-xxiii-2005-3","status":"publish","type":"page","link":"https:\/\/www.congresocoahuila.gob.mx\/portal\/articulo-21-xxiii-2005-3\/","title":{"rendered":"PRIMER PER\u00cdODO ORDINARIO-2005"},"content":{"rendered":"<p><strong>TERCER A\u00d1O DE EJERCICIO CONSTITUCIONAL 2005<br \/>\nPRIMER PER\u00cdODO\u00a0ORDINARIO<\/strong><\/p>\n<p><a href=\"http:\/\/www.congresocoahuila.gob.mx\/portal\/wp-content\/uploads\/2014\/11\/20051po3s1.pdf\">Sesi\u00f3n del D\u00eda 01 de Marzo del 2005<\/a><br \/>\n<a href=\"http:\/\/www.congresocoahuila.gob.mx\/portal\/wp-content\/uploads\/2014\/11\/20051po3s2.pdf\">Sesi\u00f3n del D\u00eda 08 de Marzo del 2005<\/a><br \/>\n<a href=\"http:\/\/www.congresocoahuila.gob.mx\/portal\/wp-content\/uploads\/2014\/11\/20051po3s3.pdf\">Sesi\u00f3n del D\u00eda 15 de Marzo del 2005<\/a><br \/>\n<a href=\"http:\/\/www.congresocoahuila.gob.mx\/portal\/wp-content\/uploads\/2014\/11\/20051po3s4.pdf\">Sesi\u00f3n del D\u00eda 21 de Marzo del 2005<\/a><br \/>\n<a href=\"http:\/\/www.congresocoahuila.gob.mx\/portal\/wp-content\/uploads\/2014\/11\/20051po3s5.pdf\">Sesi\u00f3n del D\u00eda 01 de Abril del 2005<\/a><br \/>\n<a href=\"http:\/\/www.congresocoahuila.gob.mx\/portal\/wp-content\/uploads\/2014\/11\/20051po3s6.pdf\">Sesi\u00f3n del D\u00eda 06 de Abril del 2005<\/a><br \/>\n<a href=\"http:\/\/www.congresocoahuila.gob.mx\/portal\/wp-content\/uploads\/2014\/11\/20051po3s7.pdf\">Sesi\u00f3n del D\u00eda 12 de Abril del 2005<\/a><br \/>\n<a href=\"http:\/\/www.congresocoahuila.gob.mx\/portal\/wp-content\/uploads\/2014\/11\/20051po3s8.pdf\">Sesi\u00f3n del D\u00eda 19 de Abril del 2005<\/a><br \/>\n<a href=\"http:\/\/www.congresocoahuila.gob.mx\/portal\/wp-content\/uploads\/2014\/11\/20051po3s9.pdf\">Sesi\u00f3n del D\u00eda 26 de Abril del 2005<\/a><br \/>\n<a href=\"http:\/\/www.congresocoahuila.gob.mx\/portal\/wp-content\/uploads\/2014\/11\/20051po3s10.pdf\">Sesi\u00f3n del D\u00eda 03 de Mayo del 2005<\/a><br \/>\n<a href=\"http:\/\/www.congresocoahuila.gob.mx\/portal\/wp-content\/uploads\/2014\/11\/20051po3s11.pdf\">Sesi\u00f3n del D\u00eda 09 de Mayo del 2005<\/a><br \/>\n<a href=\"http:\/\/www.congresocoahuila.gob.mx\/portal\/wp-content\/uploads\/2014\/11\/20051po3s12.pdf\">Sesi\u00f3n del D\u00eda 17 de Mayo del 2005<\/a><br \/>\n<a href=\"http:\/\/www.congresocoahuila.gob.mx\/portal\/wp-content\/uploads\/2014\/11\/20051po3s13.pdf\">Sesi\u00f3n del D\u00eda 24 de Mayo del 2005<\/a><br \/>\n<a href=\"http:\/\/www.congresocoahuila.gob.mx\/portal\/wp-content\/uploads\/2014\/11\/20051po3s14.pdf\">Sesi\u00f3n del D\u00eda 31 de Mayo del 2005<\/a><br \/>\n<a href=\"http:\/\/www.congresocoahuila.gob.mx\/portal\/wp-content\/uploads\/2014\/11\/20051po3s15.pdf\">Sesi\u00f3n del D\u00eda 07 de Junio del 2005<\/a><br \/>\n<a href=\"http:\/\/www.congresocoahuila.gob.mx\/portal\/wp-content\/uploads\/2014\/11\/20051po3s16.pdf\">Sesi\u00f3n del D\u00eda 14 de Junio del 2005<\/a><br \/>\n<a href=\"http:\/\/www.congresocoahuila.gob.mx\/portal\/wp-content\/uploads\/2014\/11\/20051po3s17.pdf\">Sesi\u00f3n del D\u00eda 21 de Junio del 2005<\/a><br \/>\n<a href=\"http:\/\/www.congresocoahuila.gob.mx\/portal\/wp-content\/uploads\/2014\/11\/20051po3s18.pdf\">Sesi\u00f3n del D\u00eda 28 de Junio del 2005<\/a><\/p>\n","protected":false},"excerpt":{"rendered":"<p>TERCER A\u00d1O DE EJERCICIO CONSTITUCIONAL 2005 PRIMER PER\u00cdODO\u00a0ORDINARIO Sesi\u00f3n del D\u00eda 01 de Marzo del 2005 Sesi\u00f3n del D\u00eda 08 de Marzo del 2005 Sesi\u00f3n del D\u00eda 15 de Marzo del 2005 Sesi\u00f3n del D\u00eda 21 de Marzo del 2005 Sesi\u00f3n del D\u00eda 01 de Abril del 2005 Sesi\u00f3n del D\u00eda 06 de Abril del [&hellip;]<\/p>\n","protected":false},"author":3,"featured_media":0,"parent":0,"menu_order":0,"comment_status":"closed","ping_status":"closed","template":"","meta":{"footnotes":""},"categories":[],"tags":[],"class_list":["post-7311","page","type-page","status-publish","hentry"],"_links":{"self":[{"href":"https:\/\/www.congresocoahuila.gob.mx\/portal\/wp-json\/wp\/v2\/pages\/7311","targetHints":{"allow":["GET"]}}],"collection":[{"href":"https:\/\/www.congresocoahuila.gob.mx\/portal\/wp-json\/wp\/v2\/pages"}],"about":[{"href":"https:\/\/www.congresocoahuila.gob.mx\/portal\/wp-json\/wp\/v2\/types\/page"}],"author":[{"embeddable":true,"href":"https:\/\/www.congresocoahuila.gob.mx\/portal\/wp-json\/wp\/v2\/users\/3"}],"replies":[{"embeddable":true,"href":"https:\/\/www.congresocoahuila.gob.mx\/portal\/wp-json\/wp\/v2\/comments?post=7311"}],"version-history":[{"count":0,"href":"https:\/\/www.congresocoahuila.gob.mx\/portal\/wp-json\/wp\/v2\/pages\/7311\/revisions"}],"wp:attachment":[{"href":"https:\/\/www.congresocoahuila.gob.mx\/portal\/wp-json\/wp\/v2\/media?parent=7311"}],"wp:term":[{"taxonomy":"category","embeddable":true,"href":"https:\/\/www.congresocoahuila.gob.mx\/portal\/wp-json\/wp\/v2\/categories?post=7311"},{"taxonomy":"post_tag","embeddable":true,"href":"https:\/\/www.congresocoahuila.gob.mx\/portal\/wp-json\/wp\/v2\/tags?post=7311"}],"curies":[{"name":"wp","href":"https:\/\/api.w.org\/{rel}","templated":true}]}}